{"id":77275,"date":"2026-04-30T11:51:10","date_gmt":"2026-04-30T11:51:10","guid":{"rendered":"https:\/\/www.deporteseli.com\/?product=tenis-adidas-jq1853-26"},"modified":"2026-04-30T11:51:18","modified_gmt":"2026-04-30T11:51:18","slug":"tenis-adidas-jq1853-26","status":"publish","type":"product","link":"https:\/\/www.deporteseli.com\/?product=tenis-adidas-jq1853-26","title":{"rendered":"TENIS ADIDAS JQ1853\/26"},"content":{"rendered":"<p>ZAPATILLAS TENSAUR SPORT 3.0 PARA BEB\u00c9S  Zapatos con cierre de velcro para un f\u00e1cil ajuste.  Descubre un mundo de diversi\u00f3n con las zapatillas Tensaur Sport 3.0. Dise\u00f1adas para los m\u00e1s peque\u00f1os que siempre est\u00e1n en movimiento, estas zapatillas ofrecen una combinaci\u00f3n vers\u00e1til de comodidad y estilo. La parte superior sint\u00e9tica, de tacto agradable, ofrece durabilidad y un look moderno, mientras que el cierre de velcro totalmente ajustable facilita que las manitas de los ni\u00f1os se las pongan y quiten. Su suela de goma antideslizante proporciona un agarre fiable en diversas superficies, lo que las convierte en la opci\u00f3n ideal tanto para aventuras en interiores como al aire libre. Con el logotipo de Sportswear en la leng\u00fceta y las ic\u00f3nicas 3 rayas en los laterales, estas zapatillas no solo son funcionales, sino tambi\u00e9n elegantes. Ya sea un d\u00eda en el parque o una tarde de juegos con amigos, estar\u00e1n listas para seguirles el ritmo. Deja que tu peque\u00f1o explore el mundo con confianza y comodidad con estas fant\u00e1sticas zapatillas. Con adidas, es m\u00e1s que calzado. Es una puerta al descubrimiento.  Ajuste regular  Cierre de velcro con dos correas  Parte superior textil y sint\u00e9tica  Plantilla textil  Suela exterior de goma que no deja marcas  3 rayas en los lados interior y exterior.  Logotipo de Sportswear en la leng\u00fceta  C\u00f3digo de producto: JQ1853                                                                                                                                                                                                                                                                                                                                                                                                                                                                                                                                                                                                                                                                                                                                                                                                                                                                                                                                                                                                                                        <\/p>\n","protected":false},"excerpt":{"rendered":"<p>TENIS ADIDAS JQ1853\/26<\/p>\n","protected":false},"featured_media":77283,"template":"","meta":[],"product_brand":[],"product_cat":[392],"product_tag":[18],"class_list":{"0":"post-77275","1":"product","2":"type-product","3":"status-publish","4":"has-post-thumbnail","6":"product_cat-ninas_calzado_casual","7":"product_tag-adidas","8":"pa_color-unico","9":"pa_talla-113","10":"pa_talla-115","11":"pa_talla-117","12":"pa_talla-119","13":"pa_talla-121","14":"pa_talla-123","15":"pa_talla-t-21","16":"thunk-woo-product-list","17":"opn-qv-enable","18":"open-woo-hover-","19":"open-single-product-tab-horizontal","20":"open-shadow-","21":"open-shadow-hover-","23":"first","24":"instock","25":"shipping-taxable","26":"purchasable","27":"product-type-variable"},"jetpack_sharing_enabled":true,"_links":{"self":[{"href":"https:\/\/www.deporteseli.com\/index.php?rest_route=\/wp\/v2\/product\/77275","targetHints":{"allow":["GET"]}}],"collection":[{"href":"https:\/\/www.deporteseli.com\/index.php?rest_route=\/wp\/v2\/product"}],"about":[{"href":"https:\/\/www.deporteseli.com\/index.php?rest_route=\/wp\/v2\/types\/product"}],"wp:featuredmedia":[{"embeddable":true,"href":"https:\/\/www.deporteseli.com\/index.php?rest_route=\/wp\/v2\/media\/77283"}],"wp:attachment":[{"href":"https:\/\/www.deporteseli.com\/index.php?rest_route=%2Fwp%2Fv2%2Fmedia&parent=77275"}],"wp:term":[{"taxonomy":"product_brand","embeddable":true,"href":"https:\/\/www.deporteseli.com\/index.php?rest_route=%2Fwp%2Fv2%2Fproduct_brand&post=77275"},{"taxonomy":"product_cat","embeddable":true,"href":"https:\/\/www.deporteseli.com\/index.php?rest_route=%2Fwp%2Fv2%2Fproduct_cat&post=77275"},{"taxonomy":"product_tag","embeddable":true,"href":"https:\/\/www.deporteseli.com\/index.php?rest_route=%2Fwp%2Fv2%2Fproduct_tag&post=77275"}],"curies":[{"name":"wp","href":"https:\/\/api.w.org\/{rel}","templated":true}]}}