{"id":77085,"date":"2026-04-29T17:43:16","date_gmt":"2026-04-29T17:43:16","guid":{"rendered":"https:\/\/www.deporteseli.com\/?product=venda-fullboxing-5m"},"modified":"2026-04-29T17:43:19","modified_gmt":"2026-04-29T17:43:19","slug":"venda-fullboxing-5m","status":"publish","type":"product","link":"https:\/\/www.deporteseli.com\/?product=venda-fullboxing-5m","title":{"rendered":"VENDA FULLBOXING 5M"},"content":{"rendered":"<p>Venda que proporciona protecci\u00f3n a la mu\u00f1eca a la hora de la pr\u00e1ctica de boxeo. Ajuste a trav\u00e9s de velcro. F\u00e1cil de colocar. Compuesto por 2 unidades.                                                                                                                                                                                                                                                                                                                                                                                                                                                                                                                                                                                                                                                                                                                                                                                                                                                                                                                                                                                                                                        <\/p>\n","protected":false},"excerpt":{"rendered":"<p>VENDA FULLBOXING 5M<\/p>\n","protected":false},"featured_media":77089,"template":"","meta":[],"product_brand":[],"product_cat":[344],"product_tag":[49],"class_list":{"0":"post-77085","1":"product","2":"type-product","3":"status-publish","4":"has-post-thumbnail","6":"product_cat-deportes_gimnasio_accesorios","7":"product_tag-softee","8":"pa_color-naranja","9":"pa_color-negro","10":"pa_color-rojo","11":"pa_talla-unica","12":"thunk-woo-product-list","13":"opn-qv-enable","14":"open-woo-hover-","15":"open-single-product-tab-horizontal","16":"open-shadow-","17":"open-shadow-hover-","19":"first","20":"instock","21":"shipping-taxable","22":"purchasable","23":"product-type-variable"},"jetpack_sharing_enabled":true,"_links":{"self":[{"href":"https:\/\/www.deporteseli.com\/index.php?rest_route=\/wp\/v2\/product\/77085","targetHints":{"allow":["GET"]}}],"collection":[{"href":"https:\/\/www.deporteseli.com\/index.php?rest_route=\/wp\/v2\/product"}],"about":[{"href":"https:\/\/www.deporteseli.com\/index.php?rest_route=\/wp\/v2\/types\/product"}],"wp:featuredmedia":[{"embeddable":true,"href":"https:\/\/www.deporteseli.com\/index.php?rest_route=\/wp\/v2\/media\/77089"}],"wp:attachment":[{"href":"https:\/\/www.deporteseli.com\/index.php?rest_route=%2Fwp%2Fv2%2Fmedia&parent=77085"}],"wp:term":[{"taxonomy":"product_brand","embeddable":true,"href":"https:\/\/www.deporteseli.com\/index.php?rest_route=%2Fwp%2Fv2%2Fproduct_brand&post=77085"},{"taxonomy":"product_cat","embeddable":true,"href":"https:\/\/www.deporteseli.com\/index.php?rest_route=%2Fwp%2Fv2%2Fproduct_cat&post=77085"},{"taxonomy":"product_tag","embeddable":true,"href":"https:\/\/www.deporteseli.com\/index.php?rest_route=%2Fwp%2Fv2%2Fproduct_tag&post=77085"}],"curies":[{"name":"wp","href":"https:\/\/api.w.org\/{rel}","templated":true}]}}