{"id":77066,"date":"2026-04-29T17:42:12","date_gmt":"2026-04-29T17:42:12","guid":{"rendered":"https:\/\/www.deporteseli.com\/?product=pala-pickleball-adidas-match-3"},"modified":"2026-04-29T17:42:14","modified_gmt":"2026-04-29T17:42:14","slug":"pala-pickleball-adidas-match-3","status":"publish","type":"product","link":"https:\/\/www.deporteseli.com\/?product=pala-pickleball-adidas-match-3","title":{"rendered":"PALA PICKLEBALL ADIDAS MATCH 3"},"content":{"rendered":"<p>JUGADOR    Pala dirigida para los que est\u00e1n iniciando su aventura en el pickleball.        FORMATO    Pala con forma All Round pensada para principiantes, con un molde algo m\u00e1s corto, buena anchura y punto dulce centrado, brindando manejabilidad y control. Junto con un grosor de 14mm, combina rigidez, potencia y control.        TECNOLOG\u00cdAS    &#8211; Spin Blade Grit: Una superficie con rugosidad que te permite generar efectos en cada golpe, brind\u00e1ndote un juego vers\u00e1til y una mayor capacidad para controlar la bola.    &#8211; Structural Reinforcement: Refuerzo de carbono perimetral integrado desde la parte inferior del mango hasta los laterales de la pala. Esto crea una rigidez torsional y durabilidad, proporcionando una superficie s\u00f3lida y estable.    &#8211; Regular Grip: Un grip com\u00fan que brinda firmeza, tacto suave y una excelente adherencia, asegurando un agarre s\u00f3lido en cada golpe.    &#8211; Fiber Glass: La fibra de vidrio de alto rendimiento proporciona m\u00e1xima comodidad y una excelente salida de bola gracias a su flexibilidad mejorada. Ideal para jugadores intermedios y principiantes, ofrece un tacto excepcional.    &#8211; LD Polypropylene Honeycomb: N\u00facleo de pol\u00edmero panel de abeja de baja densidad, que se materializa en una pala. confortable que genera la potencia suficiente y un tacto con gran control. Material ligero y muy resistente. Se reconoce con el tap\u00f3n negro.    &#8211; Classic MultiLayers: Construcci\u00f3n en formato de sandwich que incorpora m\u00faltiples capas de carbono y texturas rugosas al n\u00facleo de pol\u00edmero en formato panal de abeja, junto con el protector y piezas del pu\u00f1o.    &#8211; Upgraded Edge Guard: Protector perimetral que prolonga la durabilidad de la pala, protegiendo los laterales contra golpes fortuitos y lances de juego.        MATERIALES Y CARACTER\u00cdSTICAS T\u00c9CNICAS:    &#8211; Fibra: Fibra de vidrio.    &#8211; Core: LD PolypropyleneHoneycomb    &#8211; Construcci\u00f3n: Classic MultiLayers    &#8211; Marco: Upgraded Edge Guard    &#8211; Nivel: Iniciaci\u00f3n &#8211; Intermedio    &#8211; Forma: Redonda    &#8211; Punto dulce: Medio    &#8211; Grosor: 14mm                                                                                                                                                                                                                                                                                                                                                                                                                                                                                                                                                                                                                                                                                                                                                                                                                                                                                                                                                                                                                                        <\/p>\n","protected":false},"excerpt":{"rendered":"<p>PALA PICKLEBALL ADIDAS MATCH 3<\/p>\n","protected":false},"featured_media":77068,"template":"","meta":[],"product_brand":[],"product_cat":[433],"product_tag":[18],"class_list":{"0":"post-77066","1":"product","2":"type-product","3":"status-publish","4":"has-post-thumbnail","6":"product_cat-pickleball_palas","7":"product_tag-adidas","8":"pa_color-unico","9":"pa_talla-unica","10":"thunk-woo-product-list","11":"opn-qv-enable","12":"open-woo-hover-","13":"open-single-product-tab-horizontal","14":"open-shadow-","15":"open-shadow-hover-","17":"first","18":"instock","19":"sale","20":"shipping-taxable","21":"purchasable","22":"product-type-variable"},"jetpack_sharing_enabled":true,"_links":{"self":[{"href":"https:\/\/www.deporteseli.com\/index.php?rest_route=\/wp\/v2\/product\/77066","targetHints":{"allow":["GET"]}}],"collection":[{"href":"https:\/\/www.deporteseli.com\/index.php?rest_route=\/wp\/v2\/product"}],"about":[{"href":"https:\/\/www.deporteseli.com\/index.php?rest_route=\/wp\/v2\/types\/product"}],"wp:featuredmedia":[{"embeddable":true,"href":"https:\/\/www.deporteseli.com\/index.php?rest_route=\/wp\/v2\/media\/77068"}],"wp:attachment":[{"href":"https:\/\/www.deporteseli.com\/index.php?rest_route=%2Fwp%2Fv2%2Fmedia&parent=77066"}],"wp:term":[{"taxonomy":"product_brand","embeddable":true,"href":"https:\/\/www.deporteseli.com\/index.php?rest_route=%2Fwp%2Fv2%2Fproduct_brand&post=77066"},{"taxonomy":"product_cat","embeddable":true,"href":"https:\/\/www.deporteseli.com\/index.php?rest_route=%2Fwp%2Fv2%2Fproduct_cat&post=77066"},{"taxonomy":"product_tag","embeddable":true,"href":"https:\/\/www.deporteseli.com\/index.php?rest_route=%2Fwp%2Fv2%2Fproduct_tag&post=77066"}],"curies":[{"name":"wp","href":"https:\/\/api.w.org\/{rel}","templated":true}]}}