{"id":77054,"date":"2026-04-29T17:41:06","date_gmt":"2026-04-29T17:41:06","guid":{"rendered":"https:\/\/www.deporteseli.com\/?product=presurizador-press-pro-softee-con-bomba"},"modified":"2026-04-29T17:41:08","modified_gmt":"2026-04-29T17:41:08","slug":"presurizador-press-pro-softee-con-bomba","status":"publish","type":"product","link":"https:\/\/www.deporteseli.com\/?product=presurizador-press-pro-softee-con-bomba","title":{"rendered":"PRESURIZADOR PRESS PRO SOFTEE CON BOMBA"},"content":{"rendered":"<p>El presurizador Press Pro ayuda a recuperar el nivel de las bolas de p\u00e1del o tenis. Con capacidad hasta 3 pelotas.    Combina portabilidad y potencia: lleva hasta 29PSI de presi\u00f3n por medio de una bomba de aire, ideal para dar la presi\u00f3n que desees de una manera diferente.    Dise\u00f1o compacto y funcional: cabe en mochilas deportivas o equipaje.    Incluye bomba de aire pero tambi\u00e9n es compatible con v\u00e1lvulas est\u00e1ndar  Schrader .    Alto: 25,5cm. Ancho de la tapa: 8,9cm. Ancho del tubo: 7,5cm.                                                                                                                                                                                                                                                                                                                                                                                                                                                                                                                                                                                                                                                                                                                                                                                                                                                                                                                                                                                                                                        <\/p>\n","protected":false},"excerpt":{"rendered":"<p>PRESURIZADOR PRESS PRO SOFTEE CON BOMBA<\/p>\n","protected":false},"featured_media":77056,"template":"","meta":[],"product_brand":[],"product_cat":[362],"product_tag":[49],"class_list":{"0":"post-77054","1":"product","2":"type-product","3":"status-publish","4":"has-post-thumbnail","6":"product_cat-padel_y_tenis_cargador_presion","7":"product_tag-softee","8":"pa_color-unico","9":"pa_talla-unica","10":"thunk-woo-product-list","11":"opn-qv-enable","12":"open-woo-hover-","13":"open-single-product-tab-horizontal","14":"open-shadow-","15":"open-shadow-hover-","17":"first","18":"instock","19":"sale","20":"shipping-taxable","21":"purchasable","22":"product-type-variable"},"jetpack_sharing_enabled":true,"_links":{"self":[{"href":"https:\/\/www.deporteseli.com\/index.php?rest_route=\/wp\/v2\/product\/77054","targetHints":{"allow":["GET"]}}],"collection":[{"href":"https:\/\/www.deporteseli.com\/index.php?rest_route=\/wp\/v2\/product"}],"about":[{"href":"https:\/\/www.deporteseli.com\/index.php?rest_route=\/wp\/v2\/types\/product"}],"wp:featuredmedia":[{"embeddable":true,"href":"https:\/\/www.deporteseli.com\/index.php?rest_route=\/wp\/v2\/media\/77056"}],"wp:attachment":[{"href":"https:\/\/www.deporteseli.com\/index.php?rest_route=%2Fwp%2Fv2%2Fmedia&parent=77054"}],"wp:term":[{"taxonomy":"product_brand","embeddable":true,"href":"https:\/\/www.deporteseli.com\/index.php?rest_route=%2Fwp%2Fv2%2Fproduct_brand&post=77054"},{"taxonomy":"product_cat","embeddable":true,"href":"https:\/\/www.deporteseli.com\/index.php?rest_route=%2Fwp%2Fv2%2Fproduct_cat&post=77054"},{"taxonomy":"product_tag","embeddable":true,"href":"https:\/\/www.deporteseli.com\/index.php?rest_route=%2Fwp%2Fv2%2Fproduct_tag&post=77054"}],"curies":[{"name":"wp","href":"https:\/\/api.w.org\/{rel}","templated":true}]}}