{"id":76859,"date":"2026-04-28T12:32:31","date_gmt":"2026-04-28T12:32:31","guid":{"rendered":"https:\/\/www.deporteseli.com\/?product=raquetero-babolat-751238-100"},"modified":"2026-04-28T12:32:33","modified_gmt":"2026-04-28T12:32:33","slug":"raquetero-babolat-751238-100","status":"publish","type":"product","link":"https:\/\/www.deporteseli.com\/?product=raquetero-babolat-751238-100","title":{"rendered":"RAQUETERO BABOLAT 751238-100"},"content":{"rendered":"<p>Descripci\u00f3n  Difer\u00e9nciate del resto con la nueva bolsa RH12 Pure Aero.    Su atrevido dise\u00f1o se integra perfectamente en el universo Babolat Aero y sus avanzadas prestaciones la convierten en una aut\u00e9ntica referencia en el mundo de las bolsas de tenis. Esta nueva versi\u00f3n de la RH12 Pure Aero combina una ergonom\u00eda y solidez mejoradas, para acompa\u00f1arte all\u00e1 donde vayas, tanto a tus partidos como a tus entrenamientos.    Capaz de mantenerse en posici\u00f3n vertical, sus l\u00edneas audaces y definidas la convierten en una bolsa de alto rendimiento    Dise\u00f1ada con un material exterior de poli\u00e9ster reciclado ultrarresistente, repelente al agua y duradero, esta bolsa de tenis te permitir\u00e1 transportar tu equipo con total seguridad. Adem\u00e1s de su calidad, el material exterior refleja la aerodin\u00e1mica y el movimiento que generas con cada golpe. El forro interior est\u00e1 fabricado con poli\u00e9ster reciclado.    Espacio optimizado para transportar todo tu equipo sin limitaciones:    \u2022 Capacidad excepcional: tres espaciosos compartimentos para una organizaci\u00f3n \u00f3ptima.    o Un compartimento principal: con capacidad para un total de seis raquetas y todo el equipo necesario para jugar.    o Dos compartimentos medianos: perfectos para guardar seis raquetas adicionales.    \u2022 Un compartimento para zapatos transparente y ventilado.    \u2022 Accesorios y efectos personales: dos bolsillos laterales y un bolsillo superior para acceder f\u00e1cilmente a las llaves, el tel\u00e9fono, la cartera o los accesorios de tenis.    Elige nuestra nueva RH12 Pure Aero para utilizar el mismo equipamiento que los jugadores profesionales.                                                                                                                                                                                                                                                                                                                                                                                                                                                                                                                                                                                                                                                                                                                                                                                                                                                                                                                                                                                                                                        <\/p>\n","protected":false},"excerpt":{"rendered":"<p>RAQUETERO BABOLAT 751238-100<\/p>\n","protected":false},"featured_media":76861,"template":"","meta":[],"product_brand":[],"product_cat":[348],"product_tag":[84],"class_list":{"0":"post-76859","1":"product","2":"type-product","3":"status-publish","4":"has-post-thumbnail","6":"product_cat-deportes_tenis","7":"product_tag-babolat","8":"pa_color-unico","9":"pa_talla-unica","10":"thunk-woo-product-list","11":"opn-qv-enable","12":"open-woo-hover-","13":"open-single-product-tab-horizontal","14":"open-shadow-","15":"open-shadow-hover-","17":"first","18":"instock","19":"sale","20":"shipping-taxable","21":"purchasable","22":"product-type-variable"},"jetpack_sharing_enabled":true,"_links":{"self":[{"href":"https:\/\/www.deporteseli.com\/index.php?rest_route=\/wp\/v2\/product\/76859","targetHints":{"allow":["GET"]}}],"collection":[{"href":"https:\/\/www.deporteseli.com\/index.php?rest_route=\/wp\/v2\/product"}],"about":[{"href":"https:\/\/www.deporteseli.com\/index.php?rest_route=\/wp\/v2\/types\/product"}],"wp:featuredmedia":[{"embeddable":true,"href":"https:\/\/www.deporteseli.com\/index.php?rest_route=\/wp\/v2\/media\/76861"}],"wp:attachment":[{"href":"https:\/\/www.deporteseli.com\/index.php?rest_route=%2Fwp%2Fv2%2Fmedia&parent=76859"}],"wp:term":[{"taxonomy":"product_brand","embeddable":true,"href":"https:\/\/www.deporteseli.com\/index.php?rest_route=%2Fwp%2Fv2%2Fproduct_brand&post=76859"},{"taxonomy":"product_cat","embeddable":true,"href":"https:\/\/www.deporteseli.com\/index.php?rest_route=%2Fwp%2Fv2%2Fproduct_cat&post=76859"},{"taxonomy":"product_tag","embeddable":true,"href":"https:\/\/www.deporteseli.com\/index.php?rest_route=%2Fwp%2Fv2%2Fproduct_tag&post=76859"}],"curies":[{"name":"wp","href":"https:\/\/api.w.org\/{rel}","templated":true}]}}