{"id":76854,"date":"2026-04-28T12:32:10","date_gmt":"2026-04-28T12:32:10","guid":{"rendered":"https:\/\/www.deporteseli.com\/?product=raquetero-babolat-751236-105-6-raquetas"},"modified":"2026-04-28T12:32:13","modified_gmt":"2026-04-28T12:32:13","slug":"raquetero-babolat-751236-105-6-raquetas","status":"publish","type":"product","link":"https:\/\/www.deporteseli.com\/?product=raquetero-babolat-751236-105-6-raquetas","title":{"rendered":"RAQUETERO BABOLAT 751236-105 6 RAQUETAS"},"content":{"rendered":"<p>Descripci\u00f3n  \u00bfEst\u00e1s listo para un partido de tenis? Tanto si se trata de un entrenamiento, un partido o simplemente de un peloteo entre amigos, la bolsa COURT M te simplificar\u00e1 la vida.    Con grandes prestaciones y f\u00e1cil de usar, esta bolsa de tenis sobria y funcional te permitir\u00e1 transportar hasta 6 raquetas, junto con todo el material necesario para disfrutar en la pista.    Cuenta con dos compartimentos principales y tres bolsillos adicionales que te permitir\u00e1n organizar perfectamente todas tus pertenencias. Resulta asimismo f\u00e1cil de transportar gracias a sus asas y a su correa para el hombro.    Y porque nuestro deseo es ofrecerte lo mejor&#8230;    Hemos dise\u00f1ado esta bolsa con un tejido exterior PET 100 % reciclado, un material m\u00e1s robusto, impermeable y respetuoso con el medioambiente, que aumenta su durabilidad. Este planteamiento, esencial para Babolat, queda igualmente reflejado en el uso de un forro incoloro, tambi\u00e9n de PET 100 % reciclado, que permite reducir el consumo de agua necesario para la fabricaci\u00f3n de la bolsa.    Una bolsa elegante, vers\u00e1til, resistente, duradera, 100 % reciclada y con un dise\u00f1o atemporal&#8230;                                                                                                                                                                                                                                                                                                                                                                                                                                                                                                                                                                                                                                                                                                                                                                                                                                                                                                                                                                                                                                        <\/p>\n","protected":false},"excerpt":{"rendered":"<p>RAQUETERO BABOLAT 751236-105 6 RAQUETAS<\/p>\n","protected":false},"featured_media":76856,"template":"","meta":[],"product_brand":[],"product_cat":[348],"product_tag":[84],"class_list":{"0":"post-76854","1":"product","2":"type-product","3":"status-publish","4":"has-post-thumbnail","6":"product_cat-deportes_tenis","7":"product_tag-babolat","8":"pa_color-unico","9":"pa_talla-unica","10":"thunk-woo-product-list","11":"opn-qv-enable","12":"open-woo-hover-","13":"open-single-product-tab-horizontal","14":"open-shadow-","15":"open-shadow-hover-","17":"first","18":"instock","19":"sale","20":"shipping-taxable","21":"purchasable","22":"product-type-variable"},"jetpack_sharing_enabled":true,"_links":{"self":[{"href":"https:\/\/www.deporteseli.com\/index.php?rest_route=\/wp\/v2\/product\/76854","targetHints":{"allow":["GET"]}}],"collection":[{"href":"https:\/\/www.deporteseli.com\/index.php?rest_route=\/wp\/v2\/product"}],"about":[{"href":"https:\/\/www.deporteseli.com\/index.php?rest_route=\/wp\/v2\/types\/product"}],"wp:featuredmedia":[{"embeddable":true,"href":"https:\/\/www.deporteseli.com\/index.php?rest_route=\/wp\/v2\/media\/76856"}],"wp:attachment":[{"href":"https:\/\/www.deporteseli.com\/index.php?rest_route=%2Fwp%2Fv2%2Fmedia&parent=76854"}],"wp:term":[{"taxonomy":"product_brand","embeddable":true,"href":"https:\/\/www.deporteseli.com\/index.php?rest_route=%2Fwp%2Fv2%2Fproduct_brand&post=76854"},{"taxonomy":"product_cat","embeddable":true,"href":"https:\/\/www.deporteseli.com\/index.php?rest_route=%2Fwp%2Fv2%2Fproduct_cat&post=76854"},{"taxonomy":"product_tag","embeddable":true,"href":"https:\/\/www.deporteseli.com\/index.php?rest_route=%2Fwp%2Fv2%2Fproduct_tag&post=76854"}],"curies":[{"name":"wp","href":"https:\/\/api.w.org\/{rel}","templated":true}]}}