{"id":76831,"date":"2026-04-28T12:30:25","date_gmt":"2026-04-28T12:30:25","guid":{"rendered":"https:\/\/www.deporteseli.com\/?product=raqueta-babolat-140532-25-pure-drive"},"modified":"2026-04-28T12:30:27","modified_gmt":"2026-04-28T12:30:27","slug":"raqueta-babolat-140532-25-pure-drive","status":"publish","type":"product","link":"https:\/\/www.deporteseli.com\/?product=raqueta-babolat-140532-25-pure-drive","title":{"rendered":"RAQUETA BABOLAT 140532 25 PURE DRIVE"},"content":{"rendered":"<p>\u00bfTe gusta enfrentarte a tus adversarios y quieres desarrollar la potencia de tu juego?    La Pure Drive Junior 25 es ideal si juegas al tenis a un buen nivel y mides entre 130 y 140 cm.    Especialmente dise\u00f1ada para ayudar a los futuros campeones a ganar potencia y longitud de bola, esta raqueta ser\u00e1 tu mejor aliada para obtener ventaja sobre tu adversario.    Inspirada en la ic\u00f3nica Pure Drive, la aut\u00e9ntica referencia de potencia en el circuito profesional, la Pure Drive Junior 25 est\u00e1 disponible en 2 colores para los competidores m\u00e1s exigentes.    Puntos clave:    \u2022 Raqueta adaptada para j\u00f3venes jugadores de entre 130 y 140 cm de estatura (aprox. de 9 a 11 a\u00f1os).    \u2022 Patr\u00f3n de encordado 16&#215;17 para una potencia explosiva    \u2022 Adaptada a la morfolog\u00eda de los competidores j\u00f3venes:  &#8211; Tama\u00f1o de la empu\u00f1adura 000 adaptado al tama\u00f1o de las manos de los j\u00f3venes jugadores  &#8211; Nuevo calibre de cuerda 120 m\u00e1s flexible para proteger las articulaciones                                                                                                                                                                                                                                                                                                                                                                                                                                                                                                                                                                                                                                                                                                                                                                                                                                                                                                                                                                                                                                        <\/p>\n","protected":false},"excerpt":{"rendered":"<p>RAQUETA BABOLAT 140532 25 PURE DRIVE<\/p>\n","protected":false},"featured_media":76833,"template":"","meta":[],"product_brand":[],"product_cat":[348],"product_tag":[84],"class_list":{"0":"post-76831","1":"product","2":"type-product","3":"status-publish","4":"has-post-thumbnail","6":"product_cat-deportes_tenis","7":"product_tag-babolat","8":"pa_color-unico","9":"pa_talla-unica","10":"thunk-woo-product-list","11":"opn-qv-enable","12":"open-woo-hover-","13":"open-single-product-tab-horizontal","14":"open-shadow-","15":"open-shadow-hover-","17":"first","18":"instock","19":"sale","20":"shipping-taxable","21":"purchasable","22":"product-type-variable"},"jetpack_sharing_enabled":true,"_links":{"self":[{"href":"https:\/\/www.deporteseli.com\/index.php?rest_route=\/wp\/v2\/product\/76831","targetHints":{"allow":["GET"]}}],"collection":[{"href":"https:\/\/www.deporteseli.com\/index.php?rest_route=\/wp\/v2\/product"}],"about":[{"href":"https:\/\/www.deporteseli.com\/index.php?rest_route=\/wp\/v2\/types\/product"}],"wp:featuredmedia":[{"embeddable":true,"href":"https:\/\/www.deporteseli.com\/index.php?rest_route=\/wp\/v2\/media\/76833"}],"wp:attachment":[{"href":"https:\/\/www.deporteseli.com\/index.php?rest_route=%2Fwp%2Fv2%2Fmedia&parent=76831"}],"wp:term":[{"taxonomy":"product_brand","embeddable":true,"href":"https:\/\/www.deporteseli.com\/index.php?rest_route=%2Fwp%2Fv2%2Fproduct_brand&post=76831"},{"taxonomy":"product_cat","embeddable":true,"href":"https:\/\/www.deporteseli.com\/index.php?rest_route=%2Fwp%2Fv2%2Fproduct_cat&post=76831"},{"taxonomy":"product_tag","embeddable":true,"href":"https:\/\/www.deporteseli.com\/index.php?rest_route=%2Fwp%2Fv2%2Fproduct_tag&post=76831"}],"curies":[{"name":"wp","href":"https:\/\/api.w.org\/{rel}","templated":true}]}}