{"id":76814,"date":"2026-04-28T12:29:26","date_gmt":"2026-04-28T12:29:26","guid":{"rendered":"https:\/\/www.deporteseli.com\/?product=raqueta-babolat-140526-pure-strike-jr-26"},"modified":"2026-04-28T12:29:28","modified_gmt":"2026-04-28T12:29:28","slug":"raqueta-babolat-140526-pure-strike-jr-26","status":"publish","type":"product","link":"https:\/\/www.deporteseli.com\/?product=raqueta-babolat-140526-pure-strike-jr-26","title":{"rendered":"RAQUETA BABOLAT 140526 PURE STRIKE JR 26"},"content":{"rendered":"<p>Descripci\u00f3n  \u00bfTu hijo mide entre 140 cm y 150 cm?    \u00bfTu hijo juega al tenis a nivel competitivo y le gusta golpear la pelota con seguridad?    La Pure Strike Jr 26 es perfecta para ayudar a tu hijo a controlar sus golpes proporcion\u00e1ndole estabilidad en cada golpe.    Beneficios  Controlar  \u00bfQuieres golpear la pelota sin dudarlo? El nuevo Pure Strike ha sido dise\u00f1ado especialmente para brindarte a\u00fan m\u00e1s control en cada golpe. Gracias a su secci\u00f3n h\u00edbrida, patr\u00f3n de cuerdas ajustado y marco m\u00e1s suave, el nuevo Pure Strike te proporciona un control incomparable. Podr\u00e1s comprometerte completamente con la pelota para tomar el control del juego.  SENSACI\u00d3N  \u00bfTe gusta sentir esa conexi\u00f3n entre tus manos y tu raqueta en el momento del impacto? Como una extensi\u00f3n de tu brazo, el nuevo Pure Strike te brindar\u00e1 sensaciones puras gracias a la adici\u00f3n de fibras de lino posicionadas en lugares estrat\u00e9gicos (en el mango) y parches de SMAC (en el marco a las 3\/9h). Las fibras naturales de lino proporcionan una filtraci\u00f3n \u00f3ptima de las vibraciones y un sonido m\u00e1s apagado en el impacto.  Caracter\u00edsticas t\u00e9cnicas  Tama\u00f1o de la cabeza  645 cm\u00b2  Largo  660 mm \/ 26 in  Peso (sin cordaje)  250 g  \/- 7 g  Equilibrio (sin cordaje)  320 mm  \/- 7  Peso din\u00e1mico  240  Patr\u00f3n de encordado  16&#215;19  Rigidez (RA)  65  Ancho del marco  21\/23\/21 (mm)  Composici\u00f3n  Grafito    Cordaje recomendado  Xcel  Tensi\u00f3n recomendada  21-24 Kg \/ 46-52 Lbs  Grip recomendado  Syntec Team  Con \/ sin cordaje  Encordada                                                                                                                                                                                                                                                                                                                                                                                                                                                                                                                                                                                                                                                                                                                                                                                                                                                                                                                                                                                                                                        <\/p>\n","protected":false},"excerpt":{"rendered":"<p>RAQUETA BABOLAT 140526 PURE STRIKE JR 26<\/p>\n","protected":false},"featured_media":76816,"template":"","meta":[],"product_brand":[],"product_cat":[348],"product_tag":[84],"class_list":{"0":"post-76814","1":"product","2":"type-product","3":"status-publish","4":"has-post-thumbnail","6":"product_cat-deportes_tenis","7":"product_tag-babolat","8":"pa_color-unico","9":"pa_talla-unica","10":"thunk-woo-product-list","11":"opn-qv-enable","12":"open-woo-hover-","13":"open-single-product-tab-horizontal","14":"open-shadow-","15":"open-shadow-hover-","17":"first","18":"instock","19":"sale","20":"shipping-taxable","21":"purchasable","22":"product-type-variable"},"jetpack_sharing_enabled":true,"_links":{"self":[{"href":"https:\/\/www.deporteseli.com\/index.php?rest_route=\/wp\/v2\/product\/76814","targetHints":{"allow":["GET"]}}],"collection":[{"href":"https:\/\/www.deporteseli.com\/index.php?rest_route=\/wp\/v2\/product"}],"about":[{"href":"https:\/\/www.deporteseli.com\/index.php?rest_route=\/wp\/v2\/types\/product"}],"wp:featuredmedia":[{"embeddable":true,"href":"https:\/\/www.deporteseli.com\/index.php?rest_route=\/wp\/v2\/media\/76816"}],"wp:attachment":[{"href":"https:\/\/www.deporteseli.com\/index.php?rest_route=%2Fwp%2Fv2%2Fmedia&parent=76814"}],"wp:term":[{"taxonomy":"product_brand","embeddable":true,"href":"https:\/\/www.deporteseli.com\/index.php?rest_route=%2Fwp%2Fv2%2Fproduct_brand&post=76814"},{"taxonomy":"product_cat","embeddable":true,"href":"https:\/\/www.deporteseli.com\/index.php?rest_route=%2Fwp%2Fv2%2Fproduct_cat&post=76814"},{"taxonomy":"product_tag","embeddable":true,"href":"https:\/\/www.deporteseli.com\/index.php?rest_route=%2Fwp%2Fv2%2Fproduct_tag&post=76814"}],"curies":[{"name":"wp","href":"https:\/\/api.w.org\/{rel}","templated":true}]}}