{"id":76802,"date":"2026-04-28T12:28:46","date_gmt":"2026-04-28T12:28:46","guid":{"rendered":"https:\/\/www.deporteseli.com\/?product=raqueta-babolat-140524-carlitos-25"},"modified":"2026-04-28T12:28:48","modified_gmt":"2026-04-28T12:28:48","slug":"raqueta-babolat-140524-carlitos-25","status":"publish","type":"product","link":"https:\/\/www.deporteseli.com\/?product=raqueta-babolat-140524-carlitos-25","title":{"rendered":"RAQUETA BABOLAT 140524 CARLITOS 25"},"content":{"rendered":"<p>Descripci\u00f3n  \u00bfTu hijo no se pierde ni un partido de su \u00eddolo del tenis Carlos Alcaraz? Pon en manos de tu hijo la raqueta Carlitos Junior 25, inspirada directamente en el n\u00famero uno mundial m\u00e1s joven de la historia del tenis.    Dise\u00f1ada para jugadores j\u00f3venes, esta raqueta es perfecta para ni\u00f1os de entre 135 cm y 145 cm de estatura (aproximadamente de 9 a 11 a\u00f1os). El marco de aluminio ultraligero garantiza un agarre f\u00e1cil y c\u00f3modo, lo que les permite disfrutar del juego con confianza.    Su estimulante dise\u00f1o aerodin\u00e1mico, inspirado en la raqueta de Carlitos, su h\u00e9roe, motivar\u00e1 a los peque\u00f1os campeones a mejorar su juego.    Porque una raqueta adaptada a las necesidades de los ni\u00f1os es mucho m\u00e1s que una herramienta, ya que servir\u00e1 para fomentar su pasi\u00f3n por el tenis.                                                                                                                                                                                                                                                                                                                                                                                                                                                                                                                                                                                                                                                                                                                                                                                                                                                                                                                                                                                                                                        <\/p>\n","protected":false},"excerpt":{"rendered":"<p>RAQUETA BABOLAT 140524 CARLITOS 25<\/p>\n","protected":false},"featured_media":76804,"template":"","meta":[],"product_brand":[],"product_cat":[348],"product_tag":[84],"class_list":{"0":"post-76802","1":"product","2":"type-product","3":"status-publish","4":"has-post-thumbnail","6":"product_cat-deportes_tenis","7":"product_tag-babolat","8":"pa_color-unico","9":"pa_talla-unica","10":"thunk-woo-product-list","11":"opn-qv-enable","12":"open-woo-hover-","13":"open-single-product-tab-horizontal","14":"open-shadow-","15":"open-shadow-hover-","17":"first","18":"instock","19":"sale","20":"shipping-taxable","21":"purchasable","22":"product-type-variable"},"jetpack_sharing_enabled":true,"_links":{"self":[{"href":"https:\/\/www.deporteseli.com\/index.php?rest_route=\/wp\/v2\/product\/76802","targetHints":{"allow":["GET"]}}],"collection":[{"href":"https:\/\/www.deporteseli.com\/index.php?rest_route=\/wp\/v2\/product"}],"about":[{"href":"https:\/\/www.deporteseli.com\/index.php?rest_route=\/wp\/v2\/types\/product"}],"wp:featuredmedia":[{"embeddable":true,"href":"https:\/\/www.deporteseli.com\/index.php?rest_route=\/wp\/v2\/media\/76804"}],"wp:attachment":[{"href":"https:\/\/www.deporteseli.com\/index.php?rest_route=%2Fwp%2Fv2%2Fmedia&parent=76802"}],"wp:term":[{"taxonomy":"product_brand","embeddable":true,"href":"https:\/\/www.deporteseli.com\/index.php?rest_route=%2Fwp%2Fv2%2Fproduct_brand&post=76802"},{"taxonomy":"product_cat","embeddable":true,"href":"https:\/\/www.deporteseli.com\/index.php?rest_route=%2Fwp%2Fv2%2Fproduct_cat&post=76802"},{"taxonomy":"product_tag","embeddable":true,"href":"https:\/\/www.deporteseli.com\/index.php?rest_route=%2Fwp%2Fv2%2Fproduct_tag&post=76802"}],"curies":[{"name":"wp","href":"https:\/\/api.w.org\/{rel}","templated":true}]}}