{"id":76796,"date":"2026-04-28T12:28:21","date_gmt":"2026-04-28T12:28:21","guid":{"rendered":"https:\/\/www.deporteseli.com\/?product=raqueta-babolat-140523-carlitos-23"},"modified":"2026-04-28T12:28:23","modified_gmt":"2026-04-28T12:28:23","slug":"raqueta-babolat-140523-carlitos-23","status":"publish","type":"product","link":"https:\/\/www.deporteseli.com\/?product=raqueta-babolat-140523-carlitos-23","title":{"rendered":"RAQUETA BABOLAT 140523 CARLITOS 23"},"content":{"rendered":"<p>Descripci\u00f3n  Ofrece a tu hijo la oportunidad de descubrir el tenis con la raqueta Carlitos Junior 23, inspirada en el campe\u00f3n Carlos Alcaraz.    Dise\u00f1ada para jugadores j\u00f3venes, es perfecta para ni\u00f1os de entre 125 cm y 135 cm de estatura (aproximadamente de 7 a 9 a\u00f1os). El marco de aluminio ultraligero garantiza un agarre f\u00e1cil y c\u00f3modo, lo que les permite disfrutar del juego con confianza.    Su estimulante dise\u00f1o aerodin\u00e1mico, inspirado en la raqueta de Carlitos, su h\u00e9roe, motivar\u00e1 a los peque\u00f1os campeones a mejorar su juego, perseverar y, lo m\u00e1s importante, amar el deporte.    Porque una raqueta adaptada a las necesidades de los ni\u00f1os es mucho m\u00e1s que una herramienta, ya que servir\u00e1 para alimentar su pasi\u00f3n por el tenis.                                                                                                                                                                                                                                                                                                                                                                                                                                                                                                                                                                                                                                                                                                                                                                                                                                                                                                                                                                                                                                        <\/p>\n","protected":false},"excerpt":{"rendered":"<p>RAQUETA BABOLAT 140523 CARLITOS 23<\/p>\n","protected":false},"featured_media":76798,"template":"","meta":[],"product_brand":[],"product_cat":[348],"product_tag":[84],"class_list":{"0":"post-76796","1":"product","2":"type-product","3":"status-publish","4":"has-post-thumbnail","6":"product_cat-deportes_tenis","7":"product_tag-babolat","8":"pa_color-unico","9":"pa_talla-unica","10":"thunk-woo-product-list","11":"opn-qv-enable","12":"open-woo-hover-","13":"open-single-product-tab-horizontal","14":"open-shadow-","15":"open-shadow-hover-","17":"first","18":"instock","19":"sale","20":"shipping-taxable","21":"purchasable","22":"product-type-variable"},"jetpack_sharing_enabled":true,"_links":{"self":[{"href":"https:\/\/www.deporteseli.com\/index.php?rest_route=\/wp\/v2\/product\/76796","targetHints":{"allow":["GET"]}}],"collection":[{"href":"https:\/\/www.deporteseli.com\/index.php?rest_route=\/wp\/v2\/product"}],"about":[{"href":"https:\/\/www.deporteseli.com\/index.php?rest_route=\/wp\/v2\/types\/product"}],"wp:featuredmedia":[{"embeddable":true,"href":"https:\/\/www.deporteseli.com\/index.php?rest_route=\/wp\/v2\/media\/76798"}],"wp:attachment":[{"href":"https:\/\/www.deporteseli.com\/index.php?rest_route=%2Fwp%2Fv2%2Fmedia&parent=76796"}],"wp:term":[{"taxonomy":"product_brand","embeddable":true,"href":"https:\/\/www.deporteseli.com\/index.php?rest_route=%2Fwp%2Fv2%2Fproduct_brand&post=76796"},{"taxonomy":"product_cat","embeddable":true,"href":"https:\/\/www.deporteseli.com\/index.php?rest_route=%2Fwp%2Fv2%2Fproduct_cat&post=76796"},{"taxonomy":"product_tag","embeddable":true,"href":"https:\/\/www.deporteseli.com\/index.php?rest_route=%2Fwp%2Fv2%2Fproduct_tag&post=76796"}],"curies":[{"name":"wp","href":"https:\/\/api.w.org\/{rel}","templated":true}]}}