{"id":76698,"date":"2026-04-28T10:57:55","date_gmt":"2026-04-28T10:57:55","guid":{"rendered":"https:\/\/www.deporteseli.com\/?product=banador-adidas-kb0962"},"modified":"2026-04-28T10:58:00","modified_gmt":"2026-04-28T10:58:00","slug":"banador-adidas-kb0962","status":"publish","type":"product","link":"https:\/\/www.deporteseli.com\/?product=banador-adidas-kb0962","title":{"rendered":"BA\u00f1ADOR ADIDAS KB0962"},"content":{"rendered":"<p>Sum\u00e9rgete en tu entrenamiento de nataci\u00f3n con confianza en el traje de ba\u00f1o V-Back. Dise\u00f1ado para entrenamientos de nataci\u00f3n informales o regulares, este traje de ba\u00f1o de la colecci\u00f3n Essentials combina simplicidad y funcionalidad. Confeccionada con una mezcla de punto con un 78% de poliamida reciclada y un 22% de elastano, ofrece una alta resistencia al cloro gracias al tejido Infinitex. La construcci\u00f3n de la espalda en V garantiza una sensaci\u00f3n de control al tiempo que permite un movimiento sin restricciones, lo que lo hace perfecto para deportes acu\u00e1ticos vers\u00e1tiles.                                                                                                                                                                                                                                                                                                                                                                                                                                                                                                                                                                                                                                                                                                                                                                                                                                                                                                                                                                                                                                        <\/p>\n","protected":false},"excerpt":{"rendered":"<p>BA\u00f1ADOR ADIDAS KB0962<\/p>\n","protected":false},"featured_media":76703,"template":"","meta":[],"product_brand":[],"product_cat":[270],"product_tag":[18],"class_list":{"0":"post-76698","1":"product","2":"type-product","3":"status-publish","4":"has-post-thumbnail","6":"product_cat-mujer_textil_banadores","7":"product_tag-adidas","8":"pa_color-unico","9":"pa_talla-141","10":"pa_talla-145","11":"pa_talla-149","12":"pa_talla-153","13":"thunk-woo-product-list","14":"opn-qv-enable","15":"open-woo-hover-","16":"open-single-product-tab-horizontal","17":"open-shadow-","18":"open-shadow-hover-","20":"first","21":"instock","22":"shipping-taxable","23":"purchasable","24":"product-type-variable"},"jetpack_sharing_enabled":true,"_links":{"self":[{"href":"https:\/\/www.deporteseli.com\/index.php?rest_route=\/wp\/v2\/product\/76698","targetHints":{"allow":["GET"]}}],"collection":[{"href":"https:\/\/www.deporteseli.com\/index.php?rest_route=\/wp\/v2\/product"}],"about":[{"href":"https:\/\/www.deporteseli.com\/index.php?rest_route=\/wp\/v2\/types\/product"}],"wp:featuredmedia":[{"embeddable":true,"href":"https:\/\/www.deporteseli.com\/index.php?rest_route=\/wp\/v2\/media\/76703"}],"wp:attachment":[{"href":"https:\/\/www.deporteseli.com\/index.php?rest_route=%2Fwp%2Fv2%2Fmedia&parent=76698"}],"wp:term":[{"taxonomy":"product_brand","embeddable":true,"href":"https:\/\/www.deporteseli.com\/index.php?rest_route=%2Fwp%2Fv2%2Fproduct_brand&post=76698"},{"taxonomy":"product_cat","embeddable":true,"href":"https:\/\/www.deporteseli.com\/index.php?rest_route=%2Fwp%2Fv2%2Fproduct_cat&post=76698"},{"taxonomy":"product_tag","embeddable":true,"href":"https:\/\/www.deporteseli.com\/index.php?rest_route=%2Fwp%2Fv2%2Fproduct_tag&post=76698"}],"curies":[{"name":"wp","href":"https:\/\/api.w.org\/{rel}","templated":true}]}}