{"id":76459,"date":"2026-04-27T11:50:26","date_gmt":"2026-04-27T11:50:26","guid":{"rendered":"https:\/\/www.deporteseli.com\/?product=tenis-adidas-jr9780"},"modified":"2026-04-27T11:50:36","modified_gmt":"2026-04-27T11:50:36","slug":"tenis-adidas-jr9780","status":"publish","type":"product","link":"https:\/\/www.deporteseli.com\/?product=tenis-adidas-jr9780","title":{"rendered":"TENIS ADIDAS JR9780"},"content":{"rendered":"<p>Zapatos resistentes y f\u00e1ciles de llevar para una comodidad y un estilo desenfadados.  Las zapatillas Breakbase est\u00e1n dise\u00f1adas para ni\u00f1os que disfrutan jugando sin l\u00edmites, y para padres que valoran la comodidad y la durabilidad. En el patio de recreo o en el parque, estas zapatillas har\u00e1n felices tanto a ni\u00f1os como a adultos. La suela de goma proporciona una buena sujeci\u00f3n a los pies, mientras que el cierre de velcro ofrece un ajuste seguro y estable. Los cordones el\u00e1sticos facilitan el calce, agilizando la rutina diaria y fomentando la independencia. El estilo no se olvida en esta versi\u00f3n moderna de un cl\u00e1sico. Las 3 Franjas cosidas y la suela con el logotipo de adidas le dan un toque distintivo, perfecto para los peque\u00f1os amantes de la moda.  Ajuste regular  Cordones el\u00e1sticos, cierre de velcro  Parte superior sint\u00e9tica  Plantilla textil  Suela de goma  Cosido en 3 rayas  Logotipo lineal en la leng\u00fceta y la trabilla del tal\u00f3n.  Importado  Color del producto: Night Cargo \/ Cloud White \/ Olive Strata  C\u00f3digo de producto: JR9780                                                                                                                                                                                                                                                                                                                                                                                                                                                                                                                                                                                                                                                                                                                                                                                                                                                                                                                                                                                                                                        <\/p>\n","protected":false},"excerpt":{"rendered":"<p>TENIS ADIDAS JR9780<\/p>\n","protected":false},"featured_media":76468,"template":"","meta":[],"product_brand":[],"product_cat":[310],"product_tag":[18],"class_list":{"0":"post-76459","1":"product","2":"type-product","3":"status-publish","4":"has-post-thumbnail","6":"product_cat-nino_calzado_casual","7":"product_tag-adidas","8":"pa_color-unico","9":"pa_talla-125","10":"pa_talla-127","11":"pa_talla-129","12":"pa_talla-131","13":"pa_talla-133","14":"pa_talla-135","15":"pa_talla-137","16":"pa_talla-139","17":"thunk-woo-product-list","18":"opn-qv-enable","19":"open-woo-hover-","20":"open-single-product-tab-horizontal","21":"open-shadow-","22":"open-shadow-hover-","24":"first","25":"instock","26":"shipping-taxable","27":"purchasable","28":"product-type-variable"},"jetpack_sharing_enabled":true,"_links":{"self":[{"href":"https:\/\/www.deporteseli.com\/index.php?rest_route=\/wp\/v2\/product\/76459","targetHints":{"allow":["GET"]}}],"collection":[{"href":"https:\/\/www.deporteseli.com\/index.php?rest_route=\/wp\/v2\/product"}],"about":[{"href":"https:\/\/www.deporteseli.com\/index.php?rest_route=\/wp\/v2\/types\/product"}],"wp:featuredmedia":[{"embeddable":true,"href":"https:\/\/www.deporteseli.com\/index.php?rest_route=\/wp\/v2\/media\/76468"}],"wp:attachment":[{"href":"https:\/\/www.deporteseli.com\/index.php?rest_route=%2Fwp%2Fv2%2Fmedia&parent=76459"}],"wp:term":[{"taxonomy":"product_brand","embeddable":true,"href":"https:\/\/www.deporteseli.com\/index.php?rest_route=%2Fwp%2Fv2%2Fproduct_brand&post=76459"},{"taxonomy":"product_cat","embeddable":true,"href":"https:\/\/www.deporteseli.com\/index.php?rest_route=%2Fwp%2Fv2%2Fproduct_cat&post=76459"},{"taxonomy":"product_tag","embeddable":true,"href":"https:\/\/www.deporteseli.com\/index.php?rest_route=%2Fwp%2Fv2%2Fproduct_tag&post=76459"}],"curies":[{"name":"wp","href":"https:\/\/api.w.org\/{rel}","templated":true}]}}