{"id":76204,"date":"2026-04-24T11:42:20","date_gmt":"2026-04-24T11:42:20","guid":{"rendered":"https:\/\/www.deporteseli.com\/?product=gel-excite-11-1011c080-022"},"modified":"2026-04-24T11:42:29","modified_gmt":"2026-04-24T11:42:29","slug":"gel-excite-11-1011c080-022","status":"publish","type":"product","link":"https:\/\/www.deporteseli.com\/?product=gel-excite-11-1011c080-022","title":{"rendered":"GEL-EXCITE 11 1011C080-022"},"content":{"rendered":"<p>El calzado GEL-EXCITE\u2122 11 se caracteriza por su dise\u00f1o c\u00f3modo y vers\u00e1til. Su forma contribuye a crear una mayor comodidad en la planta del pie durante tus rutinas de running y fitness. ?Este calzado tambi\u00e9n incluye una suela m\u00e1s alta gracias a la capa de tecnolog\u00eda AMPLIFOAM\u2122 PLUS en la mediasuela, creada para proporcionar una amortiguaci\u00f3n m\u00e1s c\u00f3moda y suave.  La pronaci\u00f3n es parte del movimiento natural del cuerpo humano y se refiere a la forma en que su pie rueda hacia adentro para distribuir el impacto al aterrizar. Comprender su tipo de pronaci\u00f3n puede ayudarlo a encontrar un calzado c\u00f3modo para correr.El GEL-EXCITE 11 est\u00e1 hecho para Neutral y Supinaci\u00f3n.                                                                                                                                                                                                                                                                                                                                                                                                                                                                                                                                                                                                                                                                                                                                                                                                                                                                                                                                                                                                                                        <\/p>\n","protected":false},"excerpt":{"rendered":"<p>GEL-EXCITE 11 1011C080-022<\/p>\n","protected":false},"featured_media":76212,"template":"","meta":[],"product_brand":[],"product_cat":[259],"product_tag":[19],"class_list":{"0":"post-76204","1":"product","2":"type-product","3":"status-publish","4":"has-post-thumbnail","6":"product_cat-hombre_calzado_running","7":"product_tag-asics","8":"pa_color-unico","9":"pa_talla-41-5","10":"pa_talla-153","11":"pa_talla-42-5","12":"pa_talla-43-5","13":"pa_talla-157","14":"pa_talla-44-5","15":"pa_talla-159","16":"thunk-woo-product-list","17":"opn-qv-enable","18":"open-woo-hover-","19":"open-single-product-tab-horizontal","20":"open-shadow-","21":"open-shadow-hover-","23":"first","24":"instock","25":"shipping-taxable","26":"purchasable","27":"product-type-variable"},"jetpack_sharing_enabled":true,"_links":{"self":[{"href":"https:\/\/www.deporteseli.com\/index.php?rest_route=\/wp\/v2\/product\/76204","targetHints":{"allow":["GET"]}}],"collection":[{"href":"https:\/\/www.deporteseli.com\/index.php?rest_route=\/wp\/v2\/product"}],"about":[{"href":"https:\/\/www.deporteseli.com\/index.php?rest_route=\/wp\/v2\/types\/product"}],"wp:featuredmedia":[{"embeddable":true,"href":"https:\/\/www.deporteseli.com\/index.php?rest_route=\/wp\/v2\/media\/76212"}],"wp:attachment":[{"href":"https:\/\/www.deporteseli.com\/index.php?rest_route=%2Fwp%2Fv2%2Fmedia&parent=76204"}],"wp:term":[{"taxonomy":"product_brand","embeddable":true,"href":"https:\/\/www.deporteseli.com\/index.php?rest_route=%2Fwp%2Fv2%2Fproduct_brand&post=76204"},{"taxonomy":"product_cat","embeddable":true,"href":"https:\/\/www.deporteseli.com\/index.php?rest_route=%2Fwp%2Fv2%2Fproduct_cat&post=76204"},{"taxonomy":"product_tag","embeddable":true,"href":"https:\/\/www.deporteseli.com\/index.php?rest_route=%2Fwp%2Fv2%2Fproduct_tag&post=76204"}],"curies":[{"name":"wp","href":"https:\/\/api.w.org\/{rel}","templated":true}]}}