{"id":76165,"date":"2026-04-24T11:40:29","date_gmt":"2026-04-24T11:40:29","guid":{"rendered":"https:\/\/www.deporteseli.com\/?product=tenis-asics-1011c160-401"},"modified":"2026-04-24T11:40:36","modified_gmt":"2026-04-24T11:40:36","slug":"tenis-asics-1011c160-401","status":"publish","type":"product","link":"https:\/\/www.deporteseli.com\/?product=tenis-asics-1011c160-401","title":{"rendered":"TENIS ASICS 1011C160-401"},"content":{"rendered":"<p>Detalles  El calzado GEL-VENTURE\u2122 11 est\u00e1 dise\u00f1ado para brindar una buena comodidad para el uso diario.    La amortiguaci\u00f3n AMPLIFOAM\u2122 PLUS en la mediasuela se refuerza con una altura de suela 2 mm mayor. Estas mejoras te permiten disfrutar de una mejor absorci\u00f3n de impactos y mayor comodidad durante todo el d\u00eda.    La parte superior tambi\u00e9n se ha modificado con detalles sin costuras para un ajuste m\u00e1s c\u00f3modo.                                                                                                                                                                                                                                                                                                                                                                                                                                                                                                                                                                                                                                                                                                                                                                                                                                                                                                                                                                                                                                        <\/p>\n","protected":false},"excerpt":{"rendered":"<p>TENIS ASICS 1011C160-401<\/p>\n","protected":false},"featured_media":76173,"template":"","meta":[],"product_brand":[],"product_cat":[260],"product_tag":[19],"class_list":{"0":"post-76165","1":"product","2":"type-product","3":"status-publish","4":"has-post-thumbnail","6":"product_cat-hombre_calzado_trail","7":"product_tag-asics","8":"pa_color-unico","9":"pa_talla-41-5","10":"pa_talla-153","11":"pa_talla-42-5","12":"pa_talla-43-5","13":"pa_talla-157","14":"pa_talla-44-5","15":"pa_talla-159","16":"thunk-woo-product-list","17":"opn-qv-enable","18":"open-woo-hover-","19":"open-single-product-tab-horizontal","20":"open-shadow-","21":"open-shadow-hover-","23":"first","24":"instock","25":"shipping-taxable","26":"purchasable","27":"product-type-variable"},"jetpack_sharing_enabled":true,"_links":{"self":[{"href":"https:\/\/www.deporteseli.com\/index.php?rest_route=\/wp\/v2\/product\/76165","targetHints":{"allow":["GET"]}}],"collection":[{"href":"https:\/\/www.deporteseli.com\/index.php?rest_route=\/wp\/v2\/product"}],"about":[{"href":"https:\/\/www.deporteseli.com\/index.php?rest_route=\/wp\/v2\/types\/product"}],"wp:featuredmedia":[{"embeddable":true,"href":"https:\/\/www.deporteseli.com\/index.php?rest_route=\/wp\/v2\/media\/76173"}],"wp:attachment":[{"href":"https:\/\/www.deporteseli.com\/index.php?rest_route=%2Fwp%2Fv2%2Fmedia&parent=76165"}],"wp:term":[{"taxonomy":"product_brand","embeddable":true,"href":"https:\/\/www.deporteseli.com\/index.php?rest_route=%2Fwp%2Fv2%2Fproduct_brand&post=76165"},{"taxonomy":"product_cat","embeddable":true,"href":"https:\/\/www.deporteseli.com\/index.php?rest_route=%2Fwp%2Fv2%2Fproduct_cat&post=76165"},{"taxonomy":"product_tag","embeddable":true,"href":"https:\/\/www.deporteseli.com\/index.php?rest_route=%2Fwp%2Fv2%2Fproduct_tag&post=76165"}],"curies":[{"name":"wp","href":"https:\/\/api.w.org\/{rel}","templated":true}]}}