{"id":76102,"date":"2026-04-23T17:31:13","date_gmt":"2026-04-23T17:31:13","guid":{"rendered":"https:\/\/www.deporteseli.com\/?product=ease-vibe-bullpadel-azul-celeste"},"modified":"2026-04-23T17:31:14","modified_gmt":"2026-04-23T17:31:14","slug":"ease-vibe-bullpadel-azul-celeste","status":"publish","type":"product","link":"https:\/\/www.deporteseli.com\/?product=ease-vibe-bullpadel-azul-celeste","title":{"rendered":"EASE VIBE BULLPADEL AZUL CELESTE"},"content":{"rendered":"<p>Los dampeners Ease-Vibe son peque\u00f1os y ligeros, pero extremadamente eficaces.    Colocados dentro de los taladros de tu pala, pueden reducir hasta un 60% de las vibraciones en el punto de impacto. Los dampeners pueden distribuirse libremente en tu pala, permitiendo transformarla en una pala con mayor potencia o mayor control, seg\u00fan tus necesidades. Si los colocas en la parte superior, la pala tendr\u00e1 m\u00e1s peso en la cabeza, lo que incrementar\u00e1 la potencia de tus golpes. En cambio, si los posicionas en la parte inferior, el peso se acercar\u00e1 a tu mano, proporcion\u00e1ndote un mayor control. Adem\u00e1s, disfrutar\u00e1s de un golpeo m\u00e1s c\u00f3modo y podr\u00e1s personalizar tu pala con diferentes colores. Nunca habr\u00e1s visto tu pala as\u00ed.    Diversos estudios comparativos han demostrado que al incorporar los dampeners en cualquier pala, se reduce el nivel de vibraci\u00f3n en la empu\u00f1adura, disminuyendo as\u00ed los efectos nocivos.                                                                                                                                                                                                                                                                                                                                                                                                                                                                                                                                                                                                                                                                                                                                                                                                                                                                                                                                                                                                                                        <\/p>\n","protected":false},"excerpt":{"rendered":"<p>EASE VIBE BULLPADEL AZUL CELESTE<\/p>\n","protected":false},"featured_media":76104,"template":"","meta":[],"product_brand":[],"product_cat":[361],"product_tag":[21],"class_list":{"0":"post-76102","1":"product","2":"type-product","3":"status-publish","4":"has-post-thumbnail","6":"product_cat-padel_y_tenis_antivibradores","7":"product_tag-bull_padel","8":"pa_color-unico","9":"pa_talla-unica","10":"thunk-woo-product-list","11":"opn-qv-enable","12":"open-woo-hover-","13":"open-single-product-tab-horizontal","14":"open-shadow-","15":"open-shadow-hover-","17":"first","18":"instock","19":"shipping-taxable","20":"purchasable","21":"product-type-variable"},"jetpack_sharing_enabled":true,"_links":{"self":[{"href":"https:\/\/www.deporteseli.com\/index.php?rest_route=\/wp\/v2\/product\/76102","targetHints":{"allow":["GET"]}}],"collection":[{"href":"https:\/\/www.deporteseli.com\/index.php?rest_route=\/wp\/v2\/product"}],"about":[{"href":"https:\/\/www.deporteseli.com\/index.php?rest_route=\/wp\/v2\/types\/product"}],"wp:featuredmedia":[{"embeddable":true,"href":"https:\/\/www.deporteseli.com\/index.php?rest_route=\/wp\/v2\/media\/76104"}],"wp:attachment":[{"href":"https:\/\/www.deporteseli.com\/index.php?rest_route=%2Fwp%2Fv2%2Fmedia&parent=76102"}],"wp:term":[{"taxonomy":"product_brand","embeddable":true,"href":"https:\/\/www.deporteseli.com\/index.php?rest_route=%2Fwp%2Fv2%2Fproduct_brand&post=76102"},{"taxonomy":"product_cat","embeddable":true,"href":"https:\/\/www.deporteseli.com\/index.php?rest_route=%2Fwp%2Fv2%2Fproduct_cat&post=76102"},{"taxonomy":"product_tag","embeddable":true,"href":"https:\/\/www.deporteseli.com\/index.php?rest_route=%2Fwp%2Fv2%2Fproduct_tag&post=76102"}],"curies":[{"name":"wp","href":"https:\/\/api.w.org\/{rel}","templated":true}]}}