{"id":76086,"date":"2026-04-23T17:16:20","date_gmt":"2026-04-23T17:16:20","guid":{"rendered":"https:\/\/www.deporteseli.com\/?product=gafas-natacion-speedo-futura-classic"},"modified":"2026-04-23T17:16:22","modified_gmt":"2026-04-23T17:16:22","slug":"gafas-natacion-speedo-futura-classic","status":"publish","type":"product","link":"https:\/\/www.deporteseli.com\/?product=gafas-natacion-speedo-futura-classic","title":{"rendered":"GAFAS NATACI\u00f3N SPEEDO FUTURA CLASSIC"},"content":{"rendered":"<p>  Las gafas de entrenamiento SPEEDO Futura Classic , con la innovadora tecnolog\u00eda SoftFrame, est\u00e1n dise\u00f1adas para quienes se toman en serio la nataci\u00f3n y valoran la comodidad.    La tecnolog\u00eda SoftFrame se basa en una montura flexible y ligera para lentes rectas que se adapta a la anatom\u00eda del rostro, ajust\u00e1ndose perfectamente al contorno de los ojos y proporcionando as\u00ed la m\u00e1xima comodidad sin deformar las lentes. Esta tecnolog\u00eda garantiza un ajuste c\u00f3modo, una fijaci\u00f3n segura y resistencia a las fugas.    Las lentes curvas de policarbonato se fabrican utilizando la tecnolog\u00eda Antyfog Ultra, cuya particularidad reside en que el componente antivaho no se aplica a las lentes, sino que est\u00e1 contenido en su composici\u00f3n.                                                                                                                                                                                                                                                                                                                                                                                                                                                                                                                                                                                                                                                                                                                                                                                                                                                                                                                                                                                                                                        <\/p>\n","protected":false},"excerpt":{"rendered":"<p>GAFAS NATACI\u00f3N SPEEDO FUTURA CLASSIC<\/p>\n","protected":false},"featured_media":76088,"template":"","meta":[],"product_brand":[],"product_cat":[332],"product_tag":[42],"class_list":{"0":"post-76086","1":"product","2":"type-product","3":"status-publish","4":"has-post-thumbnail","6":"product_cat-deportes_piscina_gafas","7":"product_tag-speedo","8":"pa_color-unico","9":"pa_talla-unica","10":"thunk-woo-product-list","11":"opn-qv-enable","12":"open-woo-hover-","13":"open-single-product-tab-horizontal","14":"open-shadow-","15":"open-shadow-hover-","17":"first","18":"instock","19":"shipping-taxable","20":"purchasable","21":"product-type-variable"},"jetpack_sharing_enabled":true,"_links":{"self":[{"href":"https:\/\/www.deporteseli.com\/index.php?rest_route=\/wp\/v2\/product\/76086","targetHints":{"allow":["GET"]}}],"collection":[{"href":"https:\/\/www.deporteseli.com\/index.php?rest_route=\/wp\/v2\/product"}],"about":[{"href":"https:\/\/www.deporteseli.com\/index.php?rest_route=\/wp\/v2\/types\/product"}],"wp:featuredmedia":[{"embeddable":true,"href":"https:\/\/www.deporteseli.com\/index.php?rest_route=\/wp\/v2\/media\/76088"}],"wp:attachment":[{"href":"https:\/\/www.deporteseli.com\/index.php?rest_route=%2Fwp%2Fv2%2Fmedia&parent=76086"}],"wp:term":[{"taxonomy":"product_brand","embeddable":true,"href":"https:\/\/www.deporteseli.com\/index.php?rest_route=%2Fwp%2Fv2%2Fproduct_brand&post=76086"},{"taxonomy":"product_cat","embeddable":true,"href":"https:\/\/www.deporteseli.com\/index.php?rest_route=%2Fwp%2Fv2%2Fproduct_cat&post=76086"},{"taxonomy":"product_tag","embeddable":true,"href":"https:\/\/www.deporteseli.com\/index.php?rest_route=%2Fwp%2Fv2%2Fproduct_tag&post=76086"}],"curies":[{"name":"wp","href":"https:\/\/api.w.org\/{rel}","templated":true}]}}