{"id":76062,"date":"2026-04-23T17:07:25","date_gmt":"2026-04-23T17:07:25","guid":{"rendered":"https:\/\/www.deporteseli.com\/?product=tenis-joma-victory-2601-negro"},"modified":"2026-04-23T17:07:30","modified_gmt":"2026-04-23T17:07:30","slug":"tenis-joma-victory-2601-negro","status":"publish","type":"product","link":"https:\/\/www.deporteseli.com\/?product=tenis-joma-victory-2601-negro","title":{"rendered":"TENIS JOMA VICTORY 2601 NEGRO"},"content":{"rendered":"<p>Descripci\u00f3n  Zapatillas de running para mujer. Desarrolladas para el entrenamientos diarios, las zapatillas Victory ofrecen materiales duraderos y tecnolog\u00edas que reducen el impacto para correr con total comodidad y eficiencia.    Upper elaborado con mesh t\u00e9cnico, muy ligero y transpirable. La tecnolog\u00eda avanzada VTS mejora la transpirabilidad y el confort, reduciendo la acumulaci\u00f3n de calor dentro de la zapatilla. Asegura que el pie se mantenga fresco y c\u00f3modo durante todo tu entrenamiento o competici\u00f3n.    Sistema de ajuste termosellado JOMA SPORTECH, que brinda sujeci\u00f3n sin a\u00f1adir peso extra, eliminando las zonas de fricci\u00f3n.    Mediasuela renovada, que destaca por ser ligera y con buena capacidad para absorber los impactos (Drop 8 mm). Su construcci\u00f3n con phylon, un material liviano, funcional y flexible, ofrecen un uso c\u00f3modo durante los entrenamientos.    Suela de caucho DURABILITY de alta calidad y resistencia a la abrasi\u00f3n en asfalto                                                                                                                                                                                                                                                                                                                                                                                                                                                                                                                                                                                                                                                                                                                                                                                                                                                                                                                                                                                                                                        <\/p>\n","protected":false},"excerpt":{"rendered":"<p>TENIS JOMA VICTORY 2601 NEGRO<\/p>\n","protected":false},"featured_media":76068,"template":"","meta":[],"product_brand":[],"product_cat":[285],"product_tag":[31],"class_list":{"0":"post-76062","1":"product","2":"type-product","3":"status-publish","4":"has-post-thumbnail","6":"product_cat-mujer_calzado_running","7":"product_tag-joma","8":"pa_color-unico","9":"pa_talla-143","10":"pa_talla-145","11":"pa_talla-147","12":"pa_talla-149","13":"pa_talla-151","14":"thunk-woo-product-list","15":"opn-qv-enable","16":"open-woo-hover-","17":"open-single-product-tab-horizontal","18":"open-shadow-","19":"open-shadow-hover-","21":"first","22":"instock","23":"shipping-taxable","24":"purchasable","25":"product-type-variable"},"jetpack_sharing_enabled":true,"_links":{"self":[{"href":"https:\/\/www.deporteseli.com\/index.php?rest_route=\/wp\/v2\/product\/76062","targetHints":{"allow":["GET"]}}],"collection":[{"href":"https:\/\/www.deporteseli.com\/index.php?rest_route=\/wp\/v2\/product"}],"about":[{"href":"https:\/\/www.deporteseli.com\/index.php?rest_route=\/wp\/v2\/types\/product"}],"wp:featuredmedia":[{"embeddable":true,"href":"https:\/\/www.deporteseli.com\/index.php?rest_route=\/wp\/v2\/media\/76068"}],"wp:attachment":[{"href":"https:\/\/www.deporteseli.com\/index.php?rest_route=%2Fwp%2Fv2%2Fmedia&parent=76062"}],"wp:term":[{"taxonomy":"product_brand","embeddable":true,"href":"https:\/\/www.deporteseli.com\/index.php?rest_route=%2Fwp%2Fv2%2Fproduct_brand&post=76062"},{"taxonomy":"product_cat","embeddable":true,"href":"https:\/\/www.deporteseli.com\/index.php?rest_route=%2Fwp%2Fv2%2Fproduct_cat&post=76062"},{"taxonomy":"product_tag","embeddable":true,"href":"https:\/\/www.deporteseli.com\/index.php?rest_route=%2Fwp%2Fv2%2Fproduct_tag&post=76062"}],"curies":[{"name":"wp","href":"https:\/\/api.w.org\/{rel}","templated":true}]}}