{"id":76051,"date":"2026-04-23T17:04:05","date_gmt":"2026-04-23T17:04:05","guid":{"rendered":"https:\/\/www.deporteseli.com\/?product=tenis-joma-speed-2631-negro"},"modified":"2026-04-23T17:04:10","modified_gmt":"2026-04-23T17:04:10","slug":"tenis-joma-speed-2631-negro","status":"publish","type":"product","link":"https:\/\/www.deporteseli.com\/?product=tenis-joma-speed-2631-negro","title":{"rendered":"TENIS JOMA SPEED 2631 NEGRO"},"content":{"rendered":"<p>Zapatillas de running para hombre ideales para entrenamientos diarios, dise\u00f1adas para brindar comodidad y una buena sensaci\u00f3n de amortiguaci\u00f3n en cada pisada.    El upper presenta un dise\u00f1o renovado y est\u00e1 confeccionado en mesh ligero y altamente transpirable. Gracias a la tecnolog\u00eda VTS, mejora la ventilaci\u00f3n del sudor y reduce la acumulaci\u00f3n de calor, manteniendo el pie fresco y c\u00f3modo durante todo el entrenamiento.    La mediasuela est\u00e1 fabricada en phylon, un material liviano y flexible que absorbe los impactos y aporta mayor confort en cada movimiento. Cuenta con un drop de 10 mm, que favorece una pisada m\u00e1s estable.    La suela de caucho DURABILITY ofrece alta resistencia al desgaste y un buen agarre, asegurando durabilidad y rendimiento en superficies como asfalto.                                                                                                                                                                                                                                                                                                                                                                                                                                                                                                                                                                                                                                                                                                                                                                                                                                                                                                                                                                                                                                        <\/p>\n","protected":false},"excerpt":{"rendered":"<p>TENIS JOMA SPEED 2631 NEGRO<\/p>\n","protected":false},"featured_media":76057,"template":"","meta":[],"product_brand":[],"product_cat":[259],"product_tag":[31],"class_list":{"0":"post-76051","1":"product","2":"type-product","3":"status-publish","4":"has-post-thumbnail","6":"product_cat-hombre_calzado_running","7":"product_tag-joma","8":"pa_color-unico","9":"pa_talla-151","10":"pa_talla-153","11":"pa_talla-155","12":"pa_talla-157","13":"pa_talla-159","14":"thunk-woo-product-list","15":"opn-qv-enable","16":"open-woo-hover-","17":"open-single-product-tab-horizontal","18":"open-shadow-","19":"open-shadow-hover-","21":"first","22":"instock","23":"shipping-taxable","24":"purchasable","25":"product-type-variable"},"jetpack_sharing_enabled":true,"_links":{"self":[{"href":"https:\/\/www.deporteseli.com\/index.php?rest_route=\/wp\/v2\/product\/76051","targetHints":{"allow":["GET"]}}],"collection":[{"href":"https:\/\/www.deporteseli.com\/index.php?rest_route=\/wp\/v2\/product"}],"about":[{"href":"https:\/\/www.deporteseli.com\/index.php?rest_route=\/wp\/v2\/types\/product"}],"wp:featuredmedia":[{"embeddable":true,"href":"https:\/\/www.deporteseli.com\/index.php?rest_route=\/wp\/v2\/media\/76057"}],"wp:attachment":[{"href":"https:\/\/www.deporteseli.com\/index.php?rest_route=%2Fwp%2Fv2%2Fmedia&parent=76051"}],"wp:term":[{"taxonomy":"product_brand","embeddable":true,"href":"https:\/\/www.deporteseli.com\/index.php?rest_route=%2Fwp%2Fv2%2Fproduct_brand&post=76051"},{"taxonomy":"product_cat","embeddable":true,"href":"https:\/\/www.deporteseli.com\/index.php?rest_route=%2Fwp%2Fv2%2Fproduct_cat&post=76051"},{"taxonomy":"product_tag","embeddable":true,"href":"https:\/\/www.deporteseli.com\/index.php?rest_route=%2Fwp%2Fv2%2Fproduct_tag&post=76051"}],"curies":[{"name":"wp","href":"https:\/\/api.w.org\/{rel}","templated":true}]}}