{"id":75895,"date":"2026-04-21T12:09:30","date_gmt":"2026-04-21T12:09:30","guid":{"rendered":"https:\/\/www.deporteseli.com\/?product=tenis-adidas-id8762"},"modified":"2026-04-21T12:09:32","modified_gmt":"2026-04-21T12:09:32","slug":"tenis-adidas-id8762","status":"publish","type":"product","link":"https:\/\/www.deporteseli.com\/?product=tenis-adidas-id8762","title":{"rendered":"TENIS ADIDAS ID8762"},"content":{"rendered":"<p>Estilo y comodidad en cada zancada  Cada carrera es un viaje de descubrimiento. Ponte esta zapatilla de running adidas y libera tu potencial. La mediasuela con amortiguaci\u00f3n Cloudfoam te ofrece una pisada m\u00e1s c\u00f3moda mientras aumentas tu resistencia. El empeine textil te brinda una gran resistencia al desgaste y una sujeci\u00f3n excelente desde el momento en que das tus primeras zancadas hasta que compites en tu primera 5K.  Horma cl\u00e1sica  Cierre de cordones  Empeine textil  Forro textil  Mediasuela Cloudfoam  Suela de TPU  Peso: 278 g (talla 38 2\/3)  Drop: 6 mm (tal\u00f3n: 34 mm \/ antepi\u00e9: 28 mm)  Color del art\u00edculo: Cloud White \/ Clear Pink \/ Core Black  N\u00famero de art\u00edculo: ID8762                                                                                                                                                                                                                                                                                                                                                                                                                                                                                                                                                                                                                                                                                                                                                                                                                                                                                                                                                                                                                                        <\/p>\n","protected":false},"excerpt":{"rendered":"<p>TENIS ADIDAS ID8762<\/p>\n","protected":false},"featured_media":75897,"template":"","meta":[],"product_brand":[],"product_cat":[285],"product_tag":[18],"class_list":{"0":"post-75895","1":"product","2":"type-product","3":"status-publish","4":"has-post-thumbnail","6":"product_cat-mujer_calzado_running","7":"product_tag-adidas","8":"pa_color-unico","9":"pa_talla-40-5","10":"thunk-woo-product-list","11":"opn-qv-enable","12":"open-woo-hover-","13":"open-single-product-tab-horizontal","14":"open-shadow-","15":"open-shadow-hover-","17":"first","18":"instock","19":"shipping-taxable","20":"purchasable","21":"product-type-variable"},"jetpack_sharing_enabled":true,"_links":{"self":[{"href":"https:\/\/www.deporteseli.com\/index.php?rest_route=\/wp\/v2\/product\/75895","targetHints":{"allow":["GET"]}}],"collection":[{"href":"https:\/\/www.deporteseli.com\/index.php?rest_route=\/wp\/v2\/product"}],"about":[{"href":"https:\/\/www.deporteseli.com\/index.php?rest_route=\/wp\/v2\/types\/product"}],"wp:featuredmedia":[{"embeddable":true,"href":"https:\/\/www.deporteseli.com\/index.php?rest_route=\/wp\/v2\/media\/75897"}],"wp:attachment":[{"href":"https:\/\/www.deporteseli.com\/index.php?rest_route=%2Fwp%2Fv2%2Fmedia&parent=75895"}],"wp:term":[{"taxonomy":"product_brand","embeddable":true,"href":"https:\/\/www.deporteseli.com\/index.php?rest_route=%2Fwp%2Fv2%2Fproduct_brand&post=75895"},{"taxonomy":"product_cat","embeddable":true,"href":"https:\/\/www.deporteseli.com\/index.php?rest_route=%2Fwp%2Fv2%2Fproduct_cat&post=75895"},{"taxonomy":"product_tag","embeddable":true,"href":"https:\/\/www.deporteseli.com\/index.php?rest_route=%2Fwp%2Fv2%2Fproduct_tag&post=75895"}],"curies":[{"name":"wp","href":"https:\/\/api.w.org\/{rel}","templated":true}]}}