{"id":75571,"date":"2026-04-17T12:34:31","date_gmt":"2026-04-17T12:34:31","guid":{"rendered":"https:\/\/www.deporteseli.com\/?product=bota-adidas-js0363"},"modified":"2026-04-17T12:34:43","modified_gmt":"2026-04-17T12:34:43","slug":"bota-adidas-js0363","status":"publish","type":"product","link":"https:\/\/www.deporteseli.com\/?product=bota-adidas-js0363","title":{"rendered":"BOTA ADIDAS JS0363"},"content":{"rendered":"<p>Desata todo el potencial de tu hijo en la cancha cubierta con las botas de f\u00fatbol sala PREDATOR Club Sala para ni\u00f1os. Estas botas forman parte de la ic\u00f3nica franquicia PREDATOR, que combina tradici\u00f3n con tecnolog\u00eda de vanguardia para brindar a los j\u00f3venes jugadores la ventaja que necesitan. Dise\u00f1adas para el din\u00e1mico mundo del f\u00fatbol sala, ofrecen un ajuste ligero y c\u00f3modo gracias a su suave parte superior sint\u00e9tica. Este material no solo garantiza una gran comodidad, sino que tambi\u00e9n proporciona una textura que mejora el agarre, permitiendo a los j\u00f3venes jugadores controlar sus movimientos.  El dise\u00f1o de leng\u00fceta flotante con cordones facilita el calzado y el ajuste, permitiendo que los ni\u00f1os se aten r\u00e1pidamente y comiencen a jugar. En el interior, el forro textil proporciona una sensaci\u00f3n suave al contacto con el pie, mejorando la comodidad general. La suela de goma es perfecta para superficies interiores, brindando la tracci\u00f3n necesaria para realizar giros y sprints r\u00e1pidos, manteniendo la estabilidad durante el juego.  Desarrolladas con el compromiso de adidas con la calidad y la innovaci\u00f3n, las botas de f\u00fatbol sala PREDATOR Club Sala para ni\u00f1os ofrecen a los j\u00f3venes atletas las herramientas necesarias para jugar con habilidad y confianza.                                                                                                                                                                                                                                                                                                                                                                                                                                                                                                                                                                                                                                                                                                                                                                                                                                                                                                                                                                                                                                        <\/p>\n","protected":false},"excerpt":{"rendered":"<p>BOTA ADIDAS JS0363<\/p>\n","protected":false},"featured_media":75584,"template":"","meta":[],"product_brand":[],"product_cat":[323],"product_tag":[18],"class_list":{"0":"post-75571","1":"product","2":"type-product","3":"status-publish","4":"has-post-thumbnail","6":"product_cat-deportes_futbol_botas_sala","7":"product_tag-adidas","8":"pa_color-unico","9":"pa_talla-125","10":"pa_talla-127","11":"pa_talla-129","12":"pa_talla-131","13":"pa_talla-133","14":"pa_talla-135","15":"pa_talla-137","16":"pa_talla-139","17":"pa_talla-141","18":"pa_talla-36-5","19":"pa_talla-37-5","20":"pa_talla-38-5","21":"thunk-woo-product-list","22":"opn-qv-enable","23":"open-woo-hover-","24":"open-single-product-tab-horizontal","25":"open-shadow-","26":"open-shadow-hover-","28":"first","29":"instock","30":"shipping-taxable","31":"purchasable","32":"product-type-variable"},"jetpack_sharing_enabled":true,"_links":{"self":[{"href":"https:\/\/www.deporteseli.com\/index.php?rest_route=\/wp\/v2\/product\/75571","targetHints":{"allow":["GET"]}}],"collection":[{"href":"https:\/\/www.deporteseli.com\/index.php?rest_route=\/wp\/v2\/product"}],"about":[{"href":"https:\/\/www.deporteseli.com\/index.php?rest_route=\/wp\/v2\/types\/product"}],"wp:featuredmedia":[{"embeddable":true,"href":"https:\/\/www.deporteseli.com\/index.php?rest_route=\/wp\/v2\/media\/75584"}],"wp:attachment":[{"href":"https:\/\/www.deporteseli.com\/index.php?rest_route=%2Fwp%2Fv2%2Fmedia&parent=75571"}],"wp:term":[{"taxonomy":"product_brand","embeddable":true,"href":"https:\/\/www.deporteseli.com\/index.php?rest_route=%2Fwp%2Fv2%2Fproduct_brand&post=75571"},{"taxonomy":"product_cat","embeddable":true,"href":"https:\/\/www.deporteseli.com\/index.php?rest_route=%2Fwp%2Fv2%2Fproduct_cat&post=75571"},{"taxonomy":"product_tag","embeddable":true,"href":"https:\/\/www.deporteseli.com\/index.php?rest_route=%2Fwp%2Fv2%2Fproduct_tag&post=75571"}],"curies":[{"name":"wp","href":"https:\/\/api.w.org\/{rel}","templated":true}]}}