{"id":75042,"date":"2026-04-10T15:35:41","date_gmt":"2026-04-10T15:35:41","guid":{"rendered":"https:\/\/www.deporteseli.com\/?product=camisa-adidas-ka5097"},"modified":"2026-04-21T04:18:25","modified_gmt":"2026-04-21T04:18:25","slug":"camisa-adidas-ka5097","status":"publish","type":"product","link":"https:\/\/www.deporteseli.com\/?product=camisa-adidas-ka5097","title":{"rendered":"CAMISA ADIDAS KA5097"},"content":{"rendered":"<p>Suave Camiseta de corte cl\u00e1sico de algod\u00f3n puro para una mayor comodidad durante todo el d\u00eda.  La CAMISETA GRAPHIC SOFT SIDE combina comodidad y estilo para el d\u00eda a d\u00eda. Confeccionada en suave algod\u00f3n de tejido de punto jersey, es suave al tacto con la piel y te mantiene c\u00f3modo todo el d\u00eda.    Con un corte cl\u00e1sico, su silueta relajada funciona por s\u00ed sola o combina sin esfuerzo con jeans, sudaderas o con lo que te pida el d\u00eda.    Una serigraf\u00eda de caucho multicolor a\u00f1ade personalidad, mientras que la etiqueta tejida cosida aporta un toque adidas. Esta camiseta canaliza el esp\u00edritu de ropa deportiva de adidas en una prenda vers\u00e1til hecha para la rotaci\u00f3n diaria.  Corte cl\u00e1sico  Tejido de punto Jersey: 100% algod\u00f3n  Serigraf\u00eda de caucho multicolor  Etiqueta tejida de marca con puntadas  Color del art\u00edculo: White  N\u00famero de art\u00edculo: KA5097                                                                                                                                                                                                                                                                                                                                                                                                                                                                                                                                                                                                                                                                                                                                                                                                                                                                                                                                                                                                                                        <\/p>\n","protected":false},"excerpt":{"rendered":"<p>CAMISA ADIDAS KA5097<\/p>\n","protected":false},"featured_media":75046,"template":"","meta":[],"product_brand":[],"product_cat":[269],"product_tag":[18],"class_list":{"0":"post-75042","1":"product","2":"type-product","3":"status-publish","4":"has-post-thumbnail","6":"product_cat-mujer_textil_camisetas","7":"product_tag-adidas","8":"pa_color-unico","9":"pa_talla-l","10":"pa_talla-m","11":"pa_talla-s","12":"thunk-woo-product-list","13":"opn-qv-enable","14":"open-woo-hover-","15":"open-single-product-tab-horizontal","16":"open-shadow-","17":"open-shadow-hover-","19":"first","20":"instock","21":"shipping-taxable","22":"purchasable","23":"product-type-variable"},"jetpack_sharing_enabled":true,"_links":{"self":[{"href":"https:\/\/www.deporteseli.com\/index.php?rest_route=\/wp\/v2\/product\/75042","targetHints":{"allow":["GET"]}}],"collection":[{"href":"https:\/\/www.deporteseli.com\/index.php?rest_route=\/wp\/v2\/product"}],"about":[{"href":"https:\/\/www.deporteseli.com\/index.php?rest_route=\/wp\/v2\/types\/product"}],"wp:featuredmedia":[{"embeddable":true,"href":"https:\/\/www.deporteseli.com\/index.php?rest_route=\/wp\/v2\/media\/75046"}],"wp:attachment":[{"href":"https:\/\/www.deporteseli.com\/index.php?rest_route=%2Fwp%2Fv2%2Fmedia&parent=75042"}],"wp:term":[{"taxonomy":"product_brand","embeddable":true,"href":"https:\/\/www.deporteseli.com\/index.php?rest_route=%2Fwp%2Fv2%2Fproduct_brand&post=75042"},{"taxonomy":"product_cat","embeddable":true,"href":"https:\/\/www.deporteseli.com\/index.php?rest_route=%2Fwp%2Fv2%2Fproduct_cat&post=75042"},{"taxonomy":"product_tag","embeddable":true,"href":"https:\/\/www.deporteseli.com\/index.php?rest_route=%2Fwp%2Fv2%2Fproduct_tag&post=75042"}],"curies":[{"name":"wp","href":"https:\/\/api.w.org\/{rel}","templated":true}]}}