{"id":74881,"date":"2026-04-09T09:16:59","date_gmt":"2026-04-09T09:16:59","guid":{"rendered":"https:\/\/www.deporteseli.com\/?product=tenis-reebok-100259993"},"modified":"2026-04-14T04:18:50","modified_gmt":"2026-04-14T04:18:50","slug":"tenis-reebok-100259993","status":"publish","type":"product","link":"https:\/\/www.deporteseli.com\/?product=tenis-reebok-100259993","title":{"rendered":"TENIS REEBOK 100259993"},"content":{"rendered":"<p>Mant\u00e9n un estilo limpio con las Court Advance Vulc, que transmiten aut\u00e9nticas vibras retro con una elegante paleta en Jet Black. Esta silueta para hombre cuenta con una parte superior duradera, contrastada por las franjas vectoriales en Bright White y una cl\u00e1sica suela en Tan, logrando un look texturizado y nost\u00e1lgico. La construcci\u00f3n vulcanizada y las ic\u00f3nicas DMX Microbubbles ofrecen una est\u00e9tica de perfil bajo y comodidad moderna, fiel al original de los a\u00f1os 80 para un estilo atemporal en la cancha.                                                                                                                                                                                                                                                                                                                                                                                                                                                                                                                                                                                                                                                                                                                                                                                                                                                                                                                                                                                                                                        <\/p>\n","protected":false},"excerpt":{"rendered":"<p>TENIS REEBOK 100259993<\/p>\n","protected":false},"featured_media":74891,"template":"","meta":[],"product_brand":[],"product_cat":[261],"product_tag":[41],"class_list":{"0":"post-74881","1":"product","2":"type-product","3":"status-publish","4":"has-post-thumbnail","6":"product_cat-hombre_calzado_casual","7":"product_tag-reebok","8":"pa_color-unico","9":"pa_talla-40-5","10":"pa_talla-151","11":"pa_talla-153","12":"pa_talla-42-5","13":"pa_talla-155","14":"pa_talla-157","15":"pa_talla-44-5","16":"pa_talla-159","17":"pa_talla-45-5","18":"thunk-woo-product-list","19":"opn-qv-enable","20":"open-woo-hover-","21":"open-single-product-tab-horizontal","22":"open-shadow-","23":"open-shadow-hover-","25":"first","26":"instock","27":"shipping-taxable","28":"purchasable","29":"product-type-variable"},"jetpack_sharing_enabled":true,"_links":{"self":[{"href":"https:\/\/www.deporteseli.com\/index.php?rest_route=\/wp\/v2\/product\/74881","targetHints":{"allow":["GET"]}}],"collection":[{"href":"https:\/\/www.deporteseli.com\/index.php?rest_route=\/wp\/v2\/product"}],"about":[{"href":"https:\/\/www.deporteseli.com\/index.php?rest_route=\/wp\/v2\/types\/product"}],"wp:featuredmedia":[{"embeddable":true,"href":"https:\/\/www.deporteseli.com\/index.php?rest_route=\/wp\/v2\/media\/74891"}],"wp:attachment":[{"href":"https:\/\/www.deporteseli.com\/index.php?rest_route=%2Fwp%2Fv2%2Fmedia&parent=74881"}],"wp:term":[{"taxonomy":"product_brand","embeddable":true,"href":"https:\/\/www.deporteseli.com\/index.php?rest_route=%2Fwp%2Fv2%2Fproduct_brand&post=74881"},{"taxonomy":"product_cat","embeddable":true,"href":"https:\/\/www.deporteseli.com\/index.php?rest_route=%2Fwp%2Fv2%2Fproduct_cat&post=74881"},{"taxonomy":"product_tag","embeddable":true,"href":"https:\/\/www.deporteseli.com\/index.php?rest_route=%2Fwp%2Fv2%2Fproduct_tag&post=74881"}],"curies":[{"name":"wp","href":"https:\/\/api.w.org\/{rel}","templated":true}]}}