{"id":74868,"date":"2026-04-09T09:14:03","date_gmt":"2026-04-09T09:14:03","guid":{"rendered":"https:\/\/www.deporteseli.com\/?product=tenis-reebok-100262390"},"modified":"2026-04-09T09:14:10","modified_gmt":"2026-04-09T09:14:10","slug":"tenis-reebok-100262390","status":"publish","type":"product","link":"https:\/\/www.deporteseli.com\/?product=tenis-reebok-100262390","title":{"rendered":"TENIS REEBOK 100262390"},"content":{"rendered":"<p>Eleva tu ritual de running con las Reebok Relora para mujer, dise\u00f1adas para ofrecer una pisada fluida y reactiva. El upper de malla t\u00e9cnica en Frosted Berry incorpora refuerzos estrat\u00e9gicos en Studio Pink que aportan soporte estructural, mientras que los detalles en Dusty Rose a\u00f1aden una est\u00e9tica moderna y din\u00e1mica. Construidas sobre una mediasuela blanca esculpida con un llamativo tal\u00f3n en rosa, estas zapatillas ofrecen la protecci\u00f3n frente a impactos y el retorno de energ\u00eda necesarios para dominar tu recorrido diario.                                                                                                                                                                                                                                                                                                                                                                                                                                                                                                                                                                                                                                                                                                                                                                                                                                                                                                                                                                                                                                        <\/p>\n","protected":false},"excerpt":{"rendered":"<p>TENIS REEBOK 100262390<\/p>\n","protected":false},"featured_media":74876,"template":"","meta":[],"product_brand":[],"product_cat":[285],"product_tag":[41],"class_list":{"0":"post-74868","1":"product","2":"type-product","3":"status-publish","4":"has-post-thumbnail","6":"product_cat-mujer_calzado_running","7":"product_tag-reebok","8":"pa_color-unico","9":"pa_talla-139","10":"pa_talla-35-5","11":"pa_talla-141","12":"pa_talla-143","13":"pa_talla-37-5","14":"pa_talla-145","15":"pa_talla-38-5","16":"thunk-woo-product-list","17":"opn-qv-enable","18":"open-woo-hover-","19":"open-single-product-tab-horizontal","20":"open-shadow-","21":"open-shadow-hover-","23":"first","24":"instock","25":"shipping-taxable","26":"purchasable","27":"product-type-variable"},"jetpack_sharing_enabled":true,"_links":{"self":[{"href":"https:\/\/www.deporteseli.com\/index.php?rest_route=\/wp\/v2\/product\/74868","targetHints":{"allow":["GET"]}}],"collection":[{"href":"https:\/\/www.deporteseli.com\/index.php?rest_route=\/wp\/v2\/product"}],"about":[{"href":"https:\/\/www.deporteseli.com\/index.php?rest_route=\/wp\/v2\/types\/product"}],"wp:featuredmedia":[{"embeddable":true,"href":"https:\/\/www.deporteseli.com\/index.php?rest_route=\/wp\/v2\/media\/74876"}],"wp:attachment":[{"href":"https:\/\/www.deporteseli.com\/index.php?rest_route=%2Fwp%2Fv2%2Fmedia&parent=74868"}],"wp:term":[{"taxonomy":"product_brand","embeddable":true,"href":"https:\/\/www.deporteseli.com\/index.php?rest_route=%2Fwp%2Fv2%2Fproduct_brand&post=74868"},{"taxonomy":"product_cat","embeddable":true,"href":"https:\/\/www.deporteseli.com\/index.php?rest_route=%2Fwp%2Fv2%2Fproduct_cat&post=74868"},{"taxonomy":"product_tag","embeddable":true,"href":"https:\/\/www.deporteseli.com\/index.php?rest_route=%2Fwp%2Fv2%2Fproduct_tag&post=74868"}],"curies":[{"name":"wp","href":"https:\/\/api.w.org\/{rel}","templated":true}]}}