{"id":74705,"date":"2026-04-07T10:47:27","date_gmt":"2026-04-07T10:47:27","guid":{"rendered":"https:\/\/www.deporteseli.com\/?product=camisa-champion-222168-ww006"},"modified":"2026-04-18T04:21:47","modified_gmt":"2026-04-18T04:21:47","slug":"camisa-champion-222168-ww006","status":"publish","type":"product","link":"https:\/\/www.deporteseli.com\/?product=camisa-champion-222168-ww006","title":{"rendered":"CAMISA CHAMPION 222168-WW006"},"content":{"rendered":"<p>Inspirada en el legado del sportswear americano, esta camiseta ringer para hombre recupera una est\u00e9tica ic\u00f3nica nacida en el deporte universitario de la posguerra y adoptada por el estilo casual de los a\u00f1os 70. El dise\u00f1o limpio con detalles en contraste en cuello y mangas ofrece un look reconocible y atemporal. Confeccionada en jersey de algod\u00f3n peinado, garantiza comodidad y versatilidad para el uso diario, en l\u00ednea con el ADN de Champion y un enfoque esencial del estilo.  Corte Standard Fit, c\u00f3modo y regular  Confeccionada en jersey de algod\u00f3n  Composici\u00f3n: 100 % Algod\u00f3n  Gramaje: 180 g\/m\u00b2  Cuello en contraste estilo ringer  Mangas cortas con ribete en contraste  Dise\u00f1o limpio inspirado en el legado sportswear                                                                                                                                                                                                                                                                                                                                                                                                                                                                                                                                                                                                                                                                                                                                                                                                                                                                                                                                                                                                                                        <\/p>\n","protected":false},"excerpt":{"rendered":"<p>CAMISA CHAMPION 222168-WW006<\/p>\n","protected":false},"featured_media":74710,"template":"","meta":[],"product_brand":[],"product_cat":[245],"product_tag":[51],"class_list":{"0":"post-74705","1":"product","2":"type-product","3":"status-publish","4":"has-post-thumbnail","6":"product_cat-hombre_textil_camisetas","7":"product_tag-champion","8":"pa_color-unico","9":"pa_talla-l","10":"pa_talla-m","11":"pa_talla-s","12":"pa_talla-xl","13":"thunk-woo-product-list","14":"opn-qv-enable","15":"open-woo-hover-","16":"open-single-product-tab-horizontal","17":"open-shadow-","18":"open-shadow-hover-","20":"first","21":"instock","22":"shipping-taxable","23":"purchasable","24":"product-type-variable"},"jetpack_sharing_enabled":true,"_links":{"self":[{"href":"https:\/\/www.deporteseli.com\/index.php?rest_route=\/wp\/v2\/product\/74705","targetHints":{"allow":["GET"]}}],"collection":[{"href":"https:\/\/www.deporteseli.com\/index.php?rest_route=\/wp\/v2\/product"}],"about":[{"href":"https:\/\/www.deporteseli.com\/index.php?rest_route=\/wp\/v2\/types\/product"}],"wp:featuredmedia":[{"embeddable":true,"href":"https:\/\/www.deporteseli.com\/index.php?rest_route=\/wp\/v2\/media\/74710"}],"wp:attachment":[{"href":"https:\/\/www.deporteseli.com\/index.php?rest_route=%2Fwp%2Fv2%2Fmedia&parent=74705"}],"wp:term":[{"taxonomy":"product_brand","embeddable":true,"href":"https:\/\/www.deporteseli.com\/index.php?rest_route=%2Fwp%2Fv2%2Fproduct_brand&post=74705"},{"taxonomy":"product_cat","embeddable":true,"href":"https:\/\/www.deporteseli.com\/index.php?rest_route=%2Fwp%2Fv2%2Fproduct_cat&post=74705"},{"taxonomy":"product_tag","embeddable":true,"href":"https:\/\/www.deporteseli.com\/index.php?rest_route=%2Fwp%2Fv2%2Fproduct_tag&post=74705"}],"curies":[{"name":"wp","href":"https:\/\/api.w.org\/{rel}","templated":true}]}}