{"id":74466,"date":"2026-04-06T11:24:41","date_gmt":"2026-04-06T11:24:41","guid":{"rendered":"https:\/\/www.deporteseli.com\/?product=short-reebok-100256354"},"modified":"2026-04-06T11:24:45","modified_gmt":"2026-04-06T11:24:45","slug":"short-reebok-100256354","status":"publish","type":"product","link":"https:\/\/www.deporteseli.com\/?product=short-reebok-100256354","title":{"rendered":"SHORT REEBOK 100256354"},"content":{"rendered":"<p>Ligeros y listos para cualquier entrenamiento, estos WOR Woven Shorts est\u00e1n confeccionados en 100 % poli\u00e9ster reciclado, ofreciendo una sensaci\u00f3n c\u00f3moda y de f\u00e1cil movimiento. El tono Grey 5 mantiene un look limpio y vers\u00e1til, mientras que los sutiles detalles de Reebok aportan un acabado atl\u00e9tico definido, ideal para todo tipo de entrenamientos.                                                                                                                                                                                                                                                                                                                                                                                                                                                                                                                                                                                                                                                                                                                                                                                                                                                                                                                                                                                                                                        <\/p>\n","protected":false},"excerpt":{"rendered":"<p>SHORT REEBOK 100256354<\/p>\n","protected":false},"featured_media":74471,"template":"","meta":[],"product_brand":[],"product_cat":[250],"product_tag":[41],"class_list":{"0":"post-74466","1":"product","2":"type-product","3":"status-publish","4":"has-post-thumbnail","6":"product_cat-hombre_textil_bermudas","7":"product_tag-reebok","8":"pa_color-unico","9":"pa_talla-l","10":"pa_talla-m","11":"pa_talla-s","12":"pa_talla-xl","13":"thunk-woo-product-list","14":"opn-qv-enable","15":"open-woo-hover-","16":"open-single-product-tab-horizontal","17":"open-shadow-","18":"open-shadow-hover-","20":"first","21":"instock","22":"shipping-taxable","23":"purchasable","24":"product-type-variable"},"jetpack_sharing_enabled":true,"_links":{"self":[{"href":"https:\/\/www.deporteseli.com\/index.php?rest_route=\/wp\/v2\/product\/74466","targetHints":{"allow":["GET"]}}],"collection":[{"href":"https:\/\/www.deporteseli.com\/index.php?rest_route=\/wp\/v2\/product"}],"about":[{"href":"https:\/\/www.deporteseli.com\/index.php?rest_route=\/wp\/v2\/types\/product"}],"wp:featuredmedia":[{"embeddable":true,"href":"https:\/\/www.deporteseli.com\/index.php?rest_route=\/wp\/v2\/media\/74471"}],"wp:attachment":[{"href":"https:\/\/www.deporteseli.com\/index.php?rest_route=%2Fwp%2Fv2%2Fmedia&parent=74466"}],"wp:term":[{"taxonomy":"product_brand","embeddable":true,"href":"https:\/\/www.deporteseli.com\/index.php?rest_route=%2Fwp%2Fv2%2Fproduct_brand&post=74466"},{"taxonomy":"product_cat","embeddable":true,"href":"https:\/\/www.deporteseli.com\/index.php?rest_route=%2Fwp%2Fv2%2Fproduct_cat&post=74466"},{"taxonomy":"product_tag","embeddable":true,"href":"https:\/\/www.deporteseli.com\/index.php?rest_route=%2Fwp%2Fv2%2Fproduct_tag&post=74466"}],"curies":[{"name":"wp","href":"https:\/\/api.w.org\/{rel}","templated":true}]}}