{"id":74445,"date":"2026-04-06T11:23:10","date_gmt":"2026-04-06T11:23:10","guid":{"rendered":"https:\/\/www.deporteseli.com\/?product=top-reebok-100254360"},"modified":"2026-04-18T04:21:41","modified_gmt":"2026-04-18T04:21:41","slug":"top-reebok-100254360","status":"publish","type":"product","link":"https:\/\/www.deporteseli.com\/?product=top-reebok-100254360","title":{"rendered":"TOP REEBOK 100254360"},"content":{"rendered":"<p>Presume esos m\u00fasculos bien ganados con un bralette que no pasa desapercibido. El tejido el\u00e1stico reciclado ofrece una sensaci\u00f3n sedosa y un ca\u00edda elegante y de soporte. En el vibrante Playful Pink, los detalles con cortes brindan un look definido y moderno para sesiones de entrenamiento de alta energ\u00eda.                                                                                                                                                                                                                                                                                                                                                                                                                                                                                                                                                                                                                                                                                                                                                                                                                                                                                                                                                                                                                                        <\/p>\n","protected":false},"excerpt":{"rendered":"<p>TOP REEBOK 100254360<\/p>\n","protected":false},"featured_media":74449,"template":"","meta":[],"product_brand":[],"product_cat":[269],"product_tag":[41],"class_list":{"0":"post-74445","1":"product","2":"type-product","3":"status-publish","4":"has-post-thumbnail","6":"product_cat-mujer_textil_camisetas","7":"product_tag-reebok","8":"pa_color-unico","9":"pa_talla-m","10":"pa_talla-s","11":"pa_talla-xs","12":"thunk-woo-product-list","13":"opn-qv-enable","14":"open-woo-hover-","15":"open-single-product-tab-horizontal","16":"open-shadow-","17":"open-shadow-hover-","19":"first","20":"instock","21":"shipping-taxable","22":"purchasable","23":"product-type-variable"},"jetpack_sharing_enabled":true,"_links":{"self":[{"href":"https:\/\/www.deporteseli.com\/index.php?rest_route=\/wp\/v2\/product\/74445","targetHints":{"allow":["GET"]}}],"collection":[{"href":"https:\/\/www.deporteseli.com\/index.php?rest_route=\/wp\/v2\/product"}],"about":[{"href":"https:\/\/www.deporteseli.com\/index.php?rest_route=\/wp\/v2\/types\/product"}],"wp:featuredmedia":[{"embeddable":true,"href":"https:\/\/www.deporteseli.com\/index.php?rest_route=\/wp\/v2\/media\/74449"}],"wp:attachment":[{"href":"https:\/\/www.deporteseli.com\/index.php?rest_route=%2Fwp%2Fv2%2Fmedia&parent=74445"}],"wp:term":[{"taxonomy":"product_brand","embeddable":true,"href":"https:\/\/www.deporteseli.com\/index.php?rest_route=%2Fwp%2Fv2%2Fproduct_brand&post=74445"},{"taxonomy":"product_cat","embeddable":true,"href":"https:\/\/www.deporteseli.com\/index.php?rest_route=%2Fwp%2Fv2%2Fproduct_cat&post=74445"},{"taxonomy":"product_tag","embeddable":true,"href":"https:\/\/www.deporteseli.com\/index.php?rest_route=%2Fwp%2Fv2%2Fproduct_tag&post=74445"}],"curies":[{"name":"wp","href":"https:\/\/api.w.org\/{rel}","templated":true}]}}