{"id":74343,"date":"2026-04-06T09:37:41","date_gmt":"2026-04-06T09:37:41","guid":{"rendered":"https:\/\/www.deporteseli.com\/?product=tenis-asics-1041a448-003"},"modified":"2026-04-06T09:37:48","modified_gmt":"2026-04-06T09:37:48","slug":"tenis-asics-1041a448-003","status":"publish","type":"product","link":"https:\/\/www.deporteseli.com\/?product=tenis-asics-1041a448-003","title":{"rendered":"TENIS ASICS 1041A448-003"},"content":{"rendered":"<p>La zapatilla de tenis GEL-DEDICATE 8 CLAY ofrece una buena estabilidad y una sensaci\u00f3n de flexibilidad para que tu mente se centre durante el partido.    La parte superior se ha dise\u00f1ado con materiales de cuero sint\u00e9tico que mejoran la sujeci\u00f3n. Mantiene tus pies firmes al cambiar de direcci\u00f3n y hacer jugadas desafiantes.    La unidad de sujeci\u00f3n TRUSSTIC y la suela envolvente mejoran la estabilidad y permiten que tus pies se muevan libremente. Mejora los cambios de direcci\u00f3n, sobre todo en movimientos de lado a lado.                                                                                                                                                                                                                                                                                                                                                                                                                                                                                                                                                                                                                                                                                                                                                                                                                                                                                                                                                                                                                                        <\/p>\n","protected":false},"excerpt":{"rendered":"<p>TENIS ASICS 1041A448-003<\/p>\n","protected":false},"featured_media":74352,"template":"","meta":[],"product_brand":[],"product_cat":[371],"product_tag":[19],"class_list":{"0":"post-74343","1":"product","2":"type-product","3":"status-publish","4":"has-post-thumbnail","6":"product_cat-padel_y_tenis_calzado","7":"product_tag-asics","8":"pa_color-unico","9":"pa_talla-41-5","10":"pa_talla-153","11":"pa_talla-42-5","12":"pa_talla-43-5","13":"pa_talla-157","14":"pa_talla-44-5","15":"pa_talla-159","16":"pa_talla-161","17":"thunk-woo-product-list","18":"opn-qv-enable","19":"open-woo-hover-","20":"open-single-product-tab-horizontal","21":"open-shadow-","22":"open-shadow-hover-","24":"first","25":"instock","26":"sale","27":"shipping-taxable","28":"purchasable","29":"product-type-variable"},"jetpack_sharing_enabled":true,"_links":{"self":[{"href":"https:\/\/www.deporteseli.com\/index.php?rest_route=\/wp\/v2\/product\/74343","targetHints":{"allow":["GET"]}}],"collection":[{"href":"https:\/\/www.deporteseli.com\/index.php?rest_route=\/wp\/v2\/product"}],"about":[{"href":"https:\/\/www.deporteseli.com\/index.php?rest_route=\/wp\/v2\/types\/product"}],"wp:featuredmedia":[{"embeddable":true,"href":"https:\/\/www.deporteseli.com\/index.php?rest_route=\/wp\/v2\/media\/74352"}],"wp:attachment":[{"href":"https:\/\/www.deporteseli.com\/index.php?rest_route=%2Fwp%2Fv2%2Fmedia&parent=74343"}],"wp:term":[{"taxonomy":"product_brand","embeddable":true,"href":"https:\/\/www.deporteseli.com\/index.php?rest_route=%2Fwp%2Fv2%2Fproduct_brand&post=74343"},{"taxonomy":"product_cat","embeddable":true,"href":"https:\/\/www.deporteseli.com\/index.php?rest_route=%2Fwp%2Fv2%2Fproduct_cat&post=74343"},{"taxonomy":"product_tag","embeddable":true,"href":"https:\/\/www.deporteseli.com\/index.php?rest_route=%2Fwp%2Fv2%2Fproduct_tag&post=74343"}],"curies":[{"name":"wp","href":"https:\/\/api.w.org\/{rel}","templated":true}]}}