{"id":74166,"date":"2026-04-06T09:11:37","date_gmt":"2026-04-06T09:11:37","guid":{"rendered":"https:\/\/www.deporteseli.com\/?product=paletero-babolat-759022"},"modified":"2026-04-06T09:11:39","modified_gmt":"2026-04-06T09:11:39","slug":"paletero-babolat-759022","status":"publish","type":"product","link":"https:\/\/www.deporteseli.com\/?product=paletero-babolat-759022","title":{"rendered":"PALETERO BABOLAT 759022"},"content":{"rendered":"<p>El paletero Babolat Court S Azul est\u00e1 dise\u00f1ado para jugadores que buscan practicidad sin renunciar a un estilo deportivo moderno. Su tama\u00f1o compacto lo convierte en la opci\u00f3n ideal para quienes entrenan a diario, van al gimnasio o asisten a torneos y quieren llevar todo lo esencial sin cargar con un bolso voluminoso.  Caracter\u00edsticas que marcan la diferencia  Capacidad para 1 o 2 palas, con espacio adicional para pelotas, toalla, grips u otros accesorios esenciales.    Bolsillo exterior con cremallera que permite un acceso r\u00e1pido a objetos personales como llaves, m\u00f3vil o cartera.  35 litros de capacidad, distribuidos de forma eficiente para aprovechar al m\u00e1ximo el espacio disponible.    Materiales resistentes que aguantan el uso frecuente sin perder forma ni color.    Dise\u00f1o ligero y ergon\u00f3mico, ideal para llevarlo al hombro o en la mano con total comodidad.    Compacto, resistente y con estilo propio  Su acabado en tonos azules le da un toque din\u00e1mico, perfecto para jugadores que valoran tanto la est\u00e9tica como la funcionalidad.    El Babolat Court S combina la utilidad de una bolsa de deporte con la especializaci\u00f3n de un paletero, siendo una excelente elecci\u00f3n para quienes buscan orden y practicidad en cada desplazamiento.    Si est\u00e1s buscando un paletero con un dise\u00f1o c\u00f3modo, deportivo y que garantice seguridad de almacenamiento, esta es tu opci\u00f3n ideal.                                                                                                                                                                                                                                                                                                                                                                                                                                                                                                                                                                                                                                                                                                                                                                                                                                                                                                                                                                                                                                        <\/p>\n","protected":false},"excerpt":{"rendered":"<p>PALETERO BABOLAT 759022<\/p>\n","protected":false},"featured_media":74168,"template":"","meta":[],"product_brand":[],"product_cat":[354],"product_tag":[84],"class_list":{"0":"post-74166","1":"product","2":"type-product","3":"status-publish","4":"has-post-thumbnail","6":"product_cat-padel_y_tenis_paleteros","7":"product_tag-babolat","8":"pa_color-unico","9":"pa_talla-unica","10":"thunk-woo-product-list","11":"opn-qv-enable","12":"open-woo-hover-","13":"open-single-product-tab-horizontal","14":"open-shadow-","15":"open-shadow-hover-","17":"first","18":"instock","19":"sale","20":"shipping-taxable","21":"purchasable","22":"product-type-variable"},"jetpack_sharing_enabled":true,"_links":{"self":[{"href":"https:\/\/www.deporteseli.com\/index.php?rest_route=\/wp\/v2\/product\/74166","targetHints":{"allow":["GET"]}}],"collection":[{"href":"https:\/\/www.deporteseli.com\/index.php?rest_route=\/wp\/v2\/product"}],"about":[{"href":"https:\/\/www.deporteseli.com\/index.php?rest_route=\/wp\/v2\/types\/product"}],"wp:featuredmedia":[{"embeddable":true,"href":"https:\/\/www.deporteseli.com\/index.php?rest_route=\/wp\/v2\/media\/74168"}],"wp:attachment":[{"href":"https:\/\/www.deporteseli.com\/index.php?rest_route=%2Fwp%2Fv2%2Fmedia&parent=74166"}],"wp:term":[{"taxonomy":"product_brand","embeddable":true,"href":"https:\/\/www.deporteseli.com\/index.php?rest_route=%2Fwp%2Fv2%2Fproduct_brand&post=74166"},{"taxonomy":"product_cat","embeddable":true,"href":"https:\/\/www.deporteseli.com\/index.php?rest_route=%2Fwp%2Fv2%2Fproduct_cat&post=74166"},{"taxonomy":"product_tag","embeddable":true,"href":"https:\/\/www.deporteseli.com\/index.php?rest_route=%2Fwp%2Fv2%2Fproduct_tag&post=74166"}],"curies":[{"name":"wp","href":"https:\/\/api.w.org\/{rel}","templated":true}]}}