{"id":72766,"date":"2026-03-24T12:28:11","date_gmt":"2026-03-24T12:28:11","guid":{"rendered":"https:\/\/www.deporteseli.com\/?product=camisa-asics-2042a418-100"},"modified":"2026-04-18T04:21:27","modified_gmt":"2026-04-18T04:21:27","slug":"camisa-asics-2042a418-100","status":"publish","type":"product","link":"https:\/\/www.deporteseli.com\/?product=camisa-asics-2042a418-100","title":{"rendered":"CAMISA ASICS 2042A418-100"},"content":{"rendered":"<p>La camiseta de manga corta con estampado integral de p\u00e1del est\u00e1 dise\u00f1ada para ofrecer comodidad durante el juego diario.    Esta camiseta est\u00e1 confeccionada con un tejido suave y c\u00f3modo de secado r\u00e1pido para que puedas concentrarte en la cancha.    Las costuras delanteras ayudan a reducir las rozaduras, mientras que el refuerzo integrado bajo el brazo contribuye a aumentar la libertad de movimiento.    La prenda superior tambi\u00e9n presenta un estampado gr\u00e1fico inspirado en los patrones de estarcido japoneses y las ilustraciones tradicionales de nubes. Este motivo de dise\u00f1o de temporada simboliza la circulaci\u00f3n del aire y su capacidad para brindar transpirabilidad y comodidad durante el movimiento.                                                                                                                                                                                                                                                                                                                                                                                                                                                                                                                                                                                                                                                                                                                                                                                                                                                                                                                                                                                                                                        <\/p>\n","protected":false},"excerpt":{"rendered":"<p>CAMISA ASICS 2042A418-100<\/p>\n","protected":false},"featured_media":72771,"template":"","meta":[],"product_brand":[],"product_cat":[364],"product_tag":[19],"class_list":{"0":"post-72766","1":"product","2":"type-product","3":"status-publish","4":"has-post-thumbnail","6":"product_cat-padel_y_tenis_textil_camisas","7":"product_tag-asics","8":"pa_color-unico","9":"pa_talla-l","10":"pa_talla-m","11":"pa_talla-s","12":"pa_talla-xs","13":"thunk-woo-product-list","14":"opn-qv-enable","15":"open-woo-hover-","16":"open-single-product-tab-horizontal","17":"open-shadow-","18":"open-shadow-hover-","20":"first","21":"instock","22":"shipping-taxable","23":"purchasable","24":"product-type-variable"},"jetpack_sharing_enabled":true,"_links":{"self":[{"href":"https:\/\/www.deporteseli.com\/index.php?rest_route=\/wp\/v2\/product\/72766","targetHints":{"allow":["GET"]}}],"collection":[{"href":"https:\/\/www.deporteseli.com\/index.php?rest_route=\/wp\/v2\/product"}],"about":[{"href":"https:\/\/www.deporteseli.com\/index.php?rest_route=\/wp\/v2\/types\/product"}],"wp:featuredmedia":[{"embeddable":true,"href":"https:\/\/www.deporteseli.com\/index.php?rest_route=\/wp\/v2\/media\/72771"}],"wp:attachment":[{"href":"https:\/\/www.deporteseli.com\/index.php?rest_route=%2Fwp%2Fv2%2Fmedia&parent=72766"}],"wp:term":[{"taxonomy":"product_brand","embeddable":true,"href":"https:\/\/www.deporteseli.com\/index.php?rest_route=%2Fwp%2Fv2%2Fproduct_brand&post=72766"},{"taxonomy":"product_cat","embeddable":true,"href":"https:\/\/www.deporteseli.com\/index.php?rest_route=%2Fwp%2Fv2%2Fproduct_cat&post=72766"},{"taxonomy":"product_tag","embeddable":true,"href":"https:\/\/www.deporteseli.com\/index.php?rest_route=%2Fwp%2Fv2%2Fproduct_tag&post=72766"}],"curies":[{"name":"wp","href":"https:\/\/api.w.org\/{rel}","templated":true}]}}