{"id":72708,"date":"2026-03-24T12:23:55","date_gmt":"2026-03-24T12:23:55","guid":{"rendered":"https:\/\/www.deporteseli.com\/?product=tenis-asics-1042a293-gel-challenger-15-clay"},"modified":"2026-03-28T05:22:06","modified_gmt":"2026-03-28T05:22:06","slug":"tenis-asics-1042a293-gel-challenger-15-clay","status":"publish","type":"product","link":"https:\/\/www.deporteseli.com\/?product=tenis-asics-1042a293-gel-challenger-15-clay","title":{"rendered":"TENIS ASICS 1042A293 GEL CHALLENGER 15 CLAY"},"content":{"rendered":"<p>Ideales para las tenistas que se mueven con agilidad por la l\u00ednea de fondo, las zapatillas para mujer ASICS Gel Challenger 15 Clay ofrecen alta estabilidad y el soporte necesario para los movimientos laterales, sin comprometer la comodidad y la flexibilidad. Aptas para pistas de tierra batida.    Detalles:  Parte superior de cuero sint\u00e9tico de una sola pieza que ostiene el pie durante cambios repentinos de direcci\u00f3n, con perforaciones l\u00e1ser en el costado y el antepi\u00e9 para una transpirabilidad \u00f3ptima  Entresuela con tecnolog\u00eda WingWall, actualizada y m\u00e1s ligera y flexible para facilitar los movimientos laterales.  Suela de goma antimarcas reforzada en la parte delantera que mejora el agarre  Sistema de protecci\u00f3n PGuard, una inserci\u00f3n de goma reforzada situada en la parte delantera del pie, que garantiza resistencia y protecci\u00f3n contra los impactos  Copa r\u00edgida en la parte inferior para una mayor estabilizaci\u00f3n del tobillo, y m\u00e1s suave en la parte superior, lo que aumenta la comodidad  Cuello acolchado  Leng\u00fceta de malla acolchada no integrada en la estructura  Plantilla extra\u00edble  Rearfoot Gel  Asics Gel es un sistema de amortiguaci\u00f3n que emplea la silicona para responder a la necesidad de los atletas tanto profesionales como diletantes. Rearfoot Gel ofrece amortiguaci\u00f3n en toda direcci\u00f3n, absorbe los choques y ayuda a estabilizar el pie durante el impacto del tal\u00f3n.                                                                                                                                                                                                                                                                                                                                                                                                                                                                                                                                                                                                                                                                                                                                                                                                                                                                                                                                                                                                                                        <\/p>\n","protected":false},"excerpt":{"rendered":"<p>TENIS ASICS 1042A293 GEL CHALLENGER 15 CLAY<\/p>\n","protected":false},"featured_media":72717,"template":"","meta":[],"product_brand":[],"product_cat":[371],"product_tag":[19],"class_list":{"0":"post-72708","1":"product","2":"type-product","3":"status-publish","4":"has-post-thumbnail","6":"product_cat-padel_y_tenis_calzado","7":"product_tag-asics","8":"pa_color-unico","9":"pa_talla-143","10":"pa_talla-37-5","11":"pa_talla-145","12":"pa_talla-147","13":"pa_talla-39-5","14":"pa_talla-149","15":"pa_talla-40-5","16":"pa_talla-41-5","17":"thunk-woo-product-list","18":"opn-qv-enable","19":"open-woo-hover-","20":"open-single-product-tab-horizontal","21":"open-shadow-","22":"open-shadow-hover-","24":"first","25":"instock","26":"shipping-taxable","27":"purchasable","28":"product-type-variable"},"jetpack_sharing_enabled":true,"_links":{"self":[{"href":"https:\/\/www.deporteseli.com\/index.php?rest_route=\/wp\/v2\/product\/72708","targetHints":{"allow":["GET"]}}],"collection":[{"href":"https:\/\/www.deporteseli.com\/index.php?rest_route=\/wp\/v2\/product"}],"about":[{"href":"https:\/\/www.deporteseli.com\/index.php?rest_route=\/wp\/v2\/types\/product"}],"wp:featuredmedia":[{"embeddable":true,"href":"https:\/\/www.deporteseli.com\/index.php?rest_route=\/wp\/v2\/media\/72717"}],"wp:attachment":[{"href":"https:\/\/www.deporteseli.com\/index.php?rest_route=%2Fwp%2Fv2%2Fmedia&parent=72708"}],"wp:term":[{"taxonomy":"product_brand","embeddable":true,"href":"https:\/\/www.deporteseli.com\/index.php?rest_route=%2Fwp%2Fv2%2Fproduct_brand&post=72708"},{"taxonomy":"product_cat","embeddable":true,"href":"https:\/\/www.deporteseli.com\/index.php?rest_route=%2Fwp%2Fv2%2Fproduct_cat&post=72708"},{"taxonomy":"product_tag","embeddable":true,"href":"https:\/\/www.deporteseli.com\/index.php?rest_route=%2Fwp%2Fv2%2Fproduct_tag&post=72708"}],"curies":[{"name":"wp","href":"https:\/\/api.w.org\/{rel}","templated":true}]}}