{"id":72651,"date":"2026-03-24T12:21:21","date_gmt":"2026-03-24T12:21:21","guid":{"rendered":"https:\/\/www.deporteseli.com\/?product=tenis-asics-1012b859-002-gt-1000-14"},"modified":"2026-03-24T12:21:31","modified_gmt":"2026-03-24T12:21:31","slug":"tenis-asics-1012b859-002-gt-1000-14","status":"publish","type":"product","link":"https:\/\/www.deporteseli.com\/?product=tenis-asics-1012b859-002-gt-1000-14","title":{"rendered":"TENIS ASICS 1012B859-002 GT-1000 14"},"content":{"rendered":"<p>Ideal para quienes:  Las zapatillas de running para mujer ASICS GT 1000 14 ofrecen un buen equilibrio entre amortiguaci\u00f3n y capacidad de respuesta, ideales para quien busca estabilidad y para los entrenamientos diarios.    Ventajas de las tecnolog\u00edas:  La parte superior, fabricada en malla ligera y altamente transpirable, presenta zonas de tejido m\u00e1s ancho para promover una ventilaci\u00f3n continua. La entresuela, actualizada con espuma FF Blast, ofrece una amortiguaci\u00f3n m\u00e1s din\u00e1mica y reactiva, mientras que la plantilla PureGEL bajo el tal\u00f3n absorbe eficazmente los impactos contra el suelo. El soporte 3D GUIDANCE SYSTEM proporciona una zancada controlada y segura. La suela combina caucho AHAR  en la zona del tal\u00f3n, para una mayor resistencia al desgaste, con plantillas de caucho AHAR de menor densidad, estrat\u00e9gicamente ubicadas para ofrecer tracci\u00f3n y agarre \u00f3ptimos.    \u00bfPor qu\u00e9 te gustar\u00e1n?  Con las GT 1000 14, tu experiencia de carrera ser\u00e1 m\u00e1s placentera y eficiente. Gracias a la combinaci\u00f3n de tecnolog\u00edas avanzadas, sentir\u00e1s una sensaci\u00f3n de ligereza y sujeci\u00f3n que te acompa\u00f1ar\u00e1 durante kil\u00f3metros, garantizando una carrera suave y c\u00f3moda.    Detalles:  Sistema de cordones planos y ojales reforzados para una gesti\u00f3n \u00f3ptima de la presi\u00f3n en la parte posterior del pie  Inserciones de TPU impresas en los laterales  Cuello acolchado extendido en la parte posterior para proteger mejor el tend\u00f3n de Aquiles  Carcasa reforzada para una mayor estabilidad  Detalle en la parte trasera y la leng\u00fceta para facilitar su colocaci\u00f3n  Leng\u00fceta de malla, acolchada y no integrada  Plantilla extra\u00edble y contorneada                                                                                                                                                                                                                                                                                                                                                                                                                                                                                                                                                                                                                                                                                                                                                                                                                                                                                                                                                                                                                                        <\/p>\n","protected":false},"excerpt":{"rendered":"<p>TENIS ASICS 1012B859-002 GT-1000 14<\/p>\n","protected":false},"featured_media":72660,"template":"","meta":[],"product_brand":[],"product_cat":[285],"product_tag":[18],"class_list":{"0":"post-72651","1":"product","2":"type-product","3":"status-publish","4":"has-post-thumbnail","6":"product_cat-mujer_calzado_running","7":"product_tag-adidas","8":"pa_color-unico","9":"pa_talla-141","10":"pa_talla-143","11":"pa_talla-145","12":"pa_talla-147","13":"pa_talla-39-5","14":"pa_talla-149","15":"pa_talla-40-5","16":"pa_talla-41-5","17":"thunk-woo-product-list","18":"opn-qv-enable","19":"open-woo-hover-","20":"open-single-product-tab-horizontal","21":"open-shadow-","22":"open-shadow-hover-","24":"first","25":"instock","26":"sale","27":"shipping-taxable","28":"purchasable","29":"product-type-variable"},"jetpack_sharing_enabled":true,"_links":{"self":[{"href":"https:\/\/www.deporteseli.com\/index.php?rest_route=\/wp\/v2\/product\/72651","targetHints":{"allow":["GET"]}}],"collection":[{"href":"https:\/\/www.deporteseli.com\/index.php?rest_route=\/wp\/v2\/product"}],"about":[{"href":"https:\/\/www.deporteseli.com\/index.php?rest_route=\/wp\/v2\/types\/product"}],"wp:featuredmedia":[{"embeddable":true,"href":"https:\/\/www.deporteseli.com\/index.php?rest_route=\/wp\/v2\/media\/72660"}],"wp:attachment":[{"href":"https:\/\/www.deporteseli.com\/index.php?rest_route=%2Fwp%2Fv2%2Fmedia&parent=72651"}],"wp:term":[{"taxonomy":"product_brand","embeddable":true,"href":"https:\/\/www.deporteseli.com\/index.php?rest_route=%2Fwp%2Fv2%2Fproduct_brand&post=72651"},{"taxonomy":"product_cat","embeddable":true,"href":"https:\/\/www.deporteseli.com\/index.php?rest_route=%2Fwp%2Fv2%2Fproduct_cat&post=72651"},{"taxonomy":"product_tag","embeddable":true,"href":"https:\/\/www.deporteseli.com\/index.php?rest_route=%2Fwp%2Fv2%2Fproduct_tag&post=72651"}],"curies":[{"name":"wp","href":"https:\/\/api.w.org\/{rel}","templated":true}]}}