{"id":72010,"date":"2026-03-19T11:30:58","date_gmt":"2026-03-19T11:30:58","guid":{"rendered":"https:\/\/www.deporteseli.com\/?product=camisa-puma-691693-87"},"modified":"2026-03-26T05:19:56","modified_gmt":"2026-03-26T05:19:56","slug":"camisa-puma-691693-87","status":"publish","type":"product","link":"https:\/\/www.deporteseli.com\/?product=camisa-puma-691693-87","title":{"rendered":"CAMISA PUMA 691693-87"},"content":{"rendered":"<p>Elegante, c\u00f3moda y siempre a la \u00faltima: la l\u00ednea Essentials de PUMA se ha creado para d\u00edas tranquilos. Para descansar, tomar un caf\u00e9 o salir a dar una vuelta, estas prendas ofrecen el equilibrio perfecto entre comodidad y estilo. Prendas sencillas y vers\u00e1tiles dise\u00f1adas para que te sientas bien durante todo el d\u00eda.    CARACTER\u00cdSTICAS   BENEFICIOS  Producto fabricado con al menos un 20 % de algod\u00f3n reciclado                                                                                                                                                                                                                                                                                                                                                                                                                                                                                                                                                                                                                                                                                                                                                                                                                                                                                                                                                                                                                                        <\/p>\n","protected":false},"excerpt":{"rendered":"<p>CAMISA PUMA 691693-87<\/p>\n","protected":false},"featured_media":72015,"template":"","meta":[],"product_brand":[],"product_cat":[245],"product_tag":[32],"class_list":{"0":"post-72010","1":"product","2":"type-product","3":"status-publish","4":"has-post-thumbnail","6":"product_cat-hombre_textil_camisetas","7":"product_tag-puma","8":"pa_color-unico","9":"pa_talla-l","10":"pa_talla-m","11":"pa_talla-s","12":"pa_talla-xl","13":"thunk-woo-product-list","14":"opn-qv-enable","15":"open-woo-hover-","16":"open-single-product-tab-horizontal","17":"open-shadow-","18":"open-shadow-hover-","20":"first","21":"instock","22":"shipping-taxable","23":"purchasable","24":"product-type-variable"},"jetpack_sharing_enabled":true,"_links":{"self":[{"href":"https:\/\/www.deporteseli.com\/index.php?rest_route=\/wp\/v2\/product\/72010","targetHints":{"allow":["GET"]}}],"collection":[{"href":"https:\/\/www.deporteseli.com\/index.php?rest_route=\/wp\/v2\/product"}],"about":[{"href":"https:\/\/www.deporteseli.com\/index.php?rest_route=\/wp\/v2\/types\/product"}],"wp:featuredmedia":[{"embeddable":true,"href":"https:\/\/www.deporteseli.com\/index.php?rest_route=\/wp\/v2\/media\/72015"}],"wp:attachment":[{"href":"https:\/\/www.deporteseli.com\/index.php?rest_route=%2Fwp%2Fv2%2Fmedia&parent=72010"}],"wp:term":[{"taxonomy":"product_brand","embeddable":true,"href":"https:\/\/www.deporteseli.com\/index.php?rest_route=%2Fwp%2Fv2%2Fproduct_brand&post=72010"},{"taxonomy":"product_cat","embeddable":true,"href":"https:\/\/www.deporteseli.com\/index.php?rest_route=%2Fwp%2Fv2%2Fproduct_cat&post=72010"},{"taxonomy":"product_tag","embeddable":true,"href":"https:\/\/www.deporteseli.com\/index.php?rest_route=%2Fwp%2Fv2%2Fproduct_tag&post=72010"}],"curies":[{"name":"wp","href":"https:\/\/api.w.org\/{rel}","templated":true}]}}