{"id":71922,"date":"2026-03-19T11:25:49","date_gmt":"2026-03-19T11:25:49","guid":{"rendered":"https:\/\/www.deporteseli.com\/?product=camisa-puma-684907-02"},"modified":"2026-04-11T04:18:27","modified_gmt":"2026-04-11T04:18:27","slug":"camisa-puma-684907-02","status":"publish","type":"product","link":"https:\/\/www.deporteseli.com\/?product=camisa-puma-684907-02","title":{"rendered":"CAMISA PUMA 684907-02"},"content":{"rendered":"<p>DESCRIPCI\u00d3N DEL PRODUCTO  Camiseta PUMA ESS con logo de gato: esencialidad y car\u00e1cter deportivo.  La camiseta PUMA ESS Cat Logo (SKU: 684907 ) en un elegante azul mineral es la prenda b\u00e1sica imprescindible para quienes buscan un estilo deportivo sin renunciar a la comodidad. Con un dise\u00f1o impecable y el ic\u00f3nico logo del gato, esta camiseta logra el equilibrio perfecto entre funcionalidad para el d\u00eda a d\u00eda e identidad deportiva.    Dise\u00f1o y calidad de la tela  Confeccionada en jersey de algod\u00f3n puro, esta camiseta ofrece una sensaci\u00f3n de frescura natural sobre la piel. Su dise\u00f1o se caracteriza por el ic\u00f3nico logo del felino de PUMA estampado en el pecho, que aporta dinamismo a un estilo minimalista. El tono azul mineral a\u00f1ade un toque de elegancia moderna a los colores primarios cl\u00e1sicos.                                                                                                                                                                                                                                                                                                                                                                                                                                                                                                                                                                                                                                                                                                                                                                                                                                                                                                                                                                                                                                        <\/p>\n","protected":false},"excerpt":{"rendered":"<p>CAMISA PUMA 684907-02<\/p>\n","protected":false},"featured_media":71928,"template":"","meta":[],"product_brand":[],"product_cat":[296],"product_tag":[32],"class_list":{"0":"post-71922","1":"product","2":"type-product","3":"status-publish","4":"has-post-thumbnail","6":"product_cat-nino_textil_camisetas","7":"product_tag-puma","8":"pa_color-unico","9":"pa_talla-t-10","10":"pa_talla-t-12","11":"pa_talla-t-14","12":"pa_talla-t-16","13":"pa_talla-t-8","14":"thunk-woo-product-list","15":"opn-qv-enable","16":"open-woo-hover-","17":"open-single-product-tab-horizontal","18":"open-shadow-","19":"open-shadow-hover-","21":"first","22":"instock","23":"shipping-taxable","24":"purchasable","25":"product-type-variable"},"jetpack_sharing_enabled":true,"_links":{"self":[{"href":"https:\/\/www.deporteseli.com\/index.php?rest_route=\/wp\/v2\/product\/71922","targetHints":{"allow":["GET"]}}],"collection":[{"href":"https:\/\/www.deporteseli.com\/index.php?rest_route=\/wp\/v2\/product"}],"about":[{"href":"https:\/\/www.deporteseli.com\/index.php?rest_route=\/wp\/v2\/types\/product"}],"wp:featuredmedia":[{"embeddable":true,"href":"https:\/\/www.deporteseli.com\/index.php?rest_route=\/wp\/v2\/media\/71928"}],"wp:attachment":[{"href":"https:\/\/www.deporteseli.com\/index.php?rest_route=%2Fwp%2Fv2%2Fmedia&parent=71922"}],"wp:term":[{"taxonomy":"product_brand","embeddable":true,"href":"https:\/\/www.deporteseli.com\/index.php?rest_route=%2Fwp%2Fv2%2Fproduct_brand&post=71922"},{"taxonomy":"product_cat","embeddable":true,"href":"https:\/\/www.deporteseli.com\/index.php?rest_route=%2Fwp%2Fv2%2Fproduct_cat&post=71922"},{"taxonomy":"product_tag","embeddable":true,"href":"https:\/\/www.deporteseli.com\/index.php?rest_route=%2Fwp%2Fv2%2Fproduct_tag&post=71922"}],"curies":[{"name":"wp","href":"https:\/\/api.w.org\/{rel}","templated":true}]}}