{"id":71825,"date":"2026-03-19T11:14:31","date_gmt":"2026-03-19T11:14:31","guid":{"rendered":"https:\/\/www.deporteseli.com\/?product=camisa-puma-682371-25"},"modified":"2026-03-19T11:14:37","modified_gmt":"2026-03-19T11:14:37","slug":"camisa-puma-682371-25","status":"publish","type":"product","link":"https:\/\/www.deporteseli.com\/?product=camisa-puma-682371-25","title":{"rendered":"CAMISA PUMA 682371-25"},"content":{"rendered":"<p>Disfruta de un estilo relajado con esta camiseta para mujer. Con el llamativo logo PUMA y un corte holgado, es perfecta para cualquier aventura. Luce tu esp\u00edritu PUMA y deja que tu estilo resuene dondequiera que vayas.    CARACTER\u00cdSTICAS Y BENEFICIOS  Fabricado con al menos un 20% de algod\u00f3n reciclado.  DETALLES  Ajuste regular  Tejido de jersey sencillo  Longitud regular  Cuello redondo  Mangas cortas  Mangas cortas  Estampado de goma del logotipo PUMA n.\u00ba 1  Detalles de la marca PUMA  INFORMACI\u00d3N MATERIAL  Exterior: 100% algod\u00f3n  Cuello: 70% algod\u00f3n, 30% poli\u00e9ster                                                                                                                                                                                                                                                                                                                                                                                                                                                                                                                                                                                                                                                                                                                                                                                                                                                                                                                                                                                                                                        <\/p>\n","protected":false},"excerpt":{"rendered":"<p>CAMISA PUMA 682371-25<\/p>\n","protected":false},"featured_media":71830,"template":"","meta":[],"product_brand":[],"product_cat":[269],"product_tag":[32],"class_list":{"0":"post-71825","1":"product","2":"type-product","3":"status-publish","4":"has-post-thumbnail","6":"product_cat-mujer_textil_camisetas","7":"product_tag-puma","8":"pa_color-unico","9":"pa_talla-l","10":"pa_talla-m","11":"pa_talla-s","12":"pa_talla-xl","13":"thunk-woo-product-list","14":"opn-qv-enable","15":"open-woo-hover-","16":"open-single-product-tab-horizontal","17":"open-shadow-","18":"open-shadow-hover-","20":"first","21":"instock","22":"shipping-taxable","23":"purchasable","24":"product-type-variable"},"jetpack_sharing_enabled":true,"_links":{"self":[{"href":"https:\/\/www.deporteseli.com\/index.php?rest_route=\/wp\/v2\/product\/71825","targetHints":{"allow":["GET"]}}],"collection":[{"href":"https:\/\/www.deporteseli.com\/index.php?rest_route=\/wp\/v2\/product"}],"about":[{"href":"https:\/\/www.deporteseli.com\/index.php?rest_route=\/wp\/v2\/types\/product"}],"wp:featuredmedia":[{"embeddable":true,"href":"https:\/\/www.deporteseli.com\/index.php?rest_route=\/wp\/v2\/media\/71830"}],"wp:attachment":[{"href":"https:\/\/www.deporteseli.com\/index.php?rest_route=%2Fwp%2Fv2%2Fmedia&parent=71825"}],"wp:term":[{"taxonomy":"product_brand","embeddable":true,"href":"https:\/\/www.deporteseli.com\/index.php?rest_route=%2Fwp%2Fv2%2Fproduct_brand&post=71825"},{"taxonomy":"product_cat","embeddable":true,"href":"https:\/\/www.deporteseli.com\/index.php?rest_route=%2Fwp%2Fv2%2Fproduct_cat&post=71825"},{"taxonomy":"product_tag","embeddable":true,"href":"https:\/\/www.deporteseli.com\/index.php?rest_route=%2Fwp%2Fv2%2Fproduct_tag&post=71825"}],"curies":[{"name":"wp","href":"https:\/\/api.w.org\/{rel}","templated":true}]}}