{"id":71781,"date":"2026-03-19T11:10:46","date_gmt":"2026-03-19T11:10:46","guid":{"rendered":"https:\/\/www.deporteseli.com\/?product=tenis-puma-404484-14"},"modified":"2026-03-19T11:10:56","modified_gmt":"2026-03-19T11:10:56","slug":"tenis-puma-404484-14","status":"publish","type":"product","link":"https:\/\/www.deporteseli.com\/?product=tenis-puma-404484-14","title":{"rendered":"TENIS PUMA 404484-14"},"content":{"rendered":"<p>Las PUMA Smash 3.0 L representan la nueva generaci\u00f3n de la ic\u00f3nica franquicia PUMA Smash. Esta versi\u00f3n actualizada presenta una parte superior de cuero abatanado suave con un dise\u00f1o actualizado de ojales, un cuello acolchado con costuras y un nuevo dise\u00f1o de tal\u00f3n con la marca FOT Cat para darle un toque fresco a este cl\u00e1sico. La plantilla SoftFoam  proporciona una amortiguaci\u00f3n superior y una comodidad \u00f3ptima en cada paso del d\u00eda.                                                                                                                                                                                                                                                                                                                                                                                                                                                                                                                                                                                                                                                                                                                                                                                                                                                                                                                                                                                                                                        <\/p>\n","protected":false},"excerpt":{"rendered":"<p>TENIS PUMA 404484-14<\/p>\n","protected":false},"featured_media":71788,"template":"","meta":[],"product_brand":[],"product_cat":[261],"product_tag":[32],"class_list":{"0":"post-71781","1":"product","2":"type-product","3":"status-publish","4":"has-post-thumbnail","6":"product_cat-hombre_calzado_casual","7":"product_tag-puma","8":"pa_color-unico","9":"pa_talla-149","10":"pa_talla-151","11":"pa_talla-153","12":"pa_talla-155","13":"pa_talla-157","14":"pa_talla-159","15":"thunk-woo-product-list","16":"opn-qv-enable","17":"open-woo-hover-","18":"open-single-product-tab-horizontal","19":"open-shadow-","20":"open-shadow-hover-","22":"first","23":"instock","24":"shipping-taxable","25":"purchasable","26":"product-type-variable"},"jetpack_sharing_enabled":true,"_links":{"self":[{"href":"https:\/\/www.deporteseli.com\/index.php?rest_route=\/wp\/v2\/product\/71781","targetHints":{"allow":["GET"]}}],"collection":[{"href":"https:\/\/www.deporteseli.com\/index.php?rest_route=\/wp\/v2\/product"}],"about":[{"href":"https:\/\/www.deporteseli.com\/index.php?rest_route=\/wp\/v2\/types\/product"}],"wp:featuredmedia":[{"embeddable":true,"href":"https:\/\/www.deporteseli.com\/index.php?rest_route=\/wp\/v2\/media\/71788"}],"wp:attachment":[{"href":"https:\/\/www.deporteseli.com\/index.php?rest_route=%2Fwp%2Fv2%2Fmedia&parent=71781"}],"wp:term":[{"taxonomy":"product_brand","embeddable":true,"href":"https:\/\/www.deporteseli.com\/index.php?rest_route=%2Fwp%2Fv2%2Fproduct_brand&post=71781"},{"taxonomy":"product_cat","embeddable":true,"href":"https:\/\/www.deporteseli.com\/index.php?rest_route=%2Fwp%2Fv2%2Fproduct_cat&post=71781"},{"taxonomy":"product_tag","embeddable":true,"href":"https:\/\/www.deporteseli.com\/index.php?rest_route=%2Fwp%2Fv2%2Fproduct_tag&post=71781"}],"curies":[{"name":"wp","href":"https:\/\/api.w.org\/{rel}","templated":true}]}}