{"id":71759,"date":"2026-03-19T11:09:25","date_gmt":"2026-03-19T11:09:25","guid":{"rendered":"https:\/\/www.deporteseli.com\/?product=tenis-puma-402280-01"},"modified":"2026-04-23T04:18:19","modified_gmt":"2026-04-23T04:18:19","slug":"tenis-puma-402280-01","status":"publish","type":"product","link":"https:\/\/www.deporteseli.com\/?product=tenis-puma-402280-01","title":{"rendered":"TENIS PUMA 402280-01"},"content":{"rendered":"<p>Las zapatillas elegantes y funcionales de la marca Puma son la elecci\u00f3n perfecta para una ni\u00f1a activa! Fabricadas con una combinaci\u00f3n de material textil y cuero natural, proporcionan comodidad y durabilidad para el uso diario. Gracias a la tecnolog\u00eda SoftFoam, las zapatillas se adaptan perfectamente a los pies, garantizando confort incluso durante un uso prolongado. Estas zapatillas son una combinaci\u00f3n de dise\u00f1o moderno y practicidad, que funcionan bien tanto para el d\u00eda a d\u00eda como para jugar.  Elige el modelo Puma para asegurar comodidad y estilo para tu peque\u00f1a princesa cada d\u00eda!                                                                                                                                                                                                                                                                                                                                                                                                                                                                                                                                                                                                                                                                                                                                                                                                                                                                                                                                                                                                                                        <\/p>\n","protected":false},"excerpt":{"rendered":"<p>TENIS PUMA 402280-01<\/p>\n","protected":false},"featured_media":71767,"template":"","meta":[],"product_brand":[],"product_cat":[287],"product_tag":[32],"class_list":{"0":"post-71759","1":"product","2":"type-product","3":"status-publish","4":"has-post-thumbnail","6":"product_cat-mujer_calzado_casual","7":"product_tag-puma","8":"pa_color-unico","9":"pa_talla-35-5","10":"pa_talla-141","11":"pa_talla-143","12":"pa_talla-37-5","13":"pa_talla-145","14":"pa_talla-38-5","15":"pa_talla-147","16":"thunk-woo-product-list","17":"opn-qv-enable","18":"open-woo-hover-","19":"open-single-product-tab-horizontal","20":"open-shadow-","21":"open-shadow-hover-","23":"first","24":"instock","25":"shipping-taxable","26":"purchasable","27":"product-type-variable"},"jetpack_sharing_enabled":true,"_links":{"self":[{"href":"https:\/\/www.deporteseli.com\/index.php?rest_route=\/wp\/v2\/product\/71759","targetHints":{"allow":["GET"]}}],"collection":[{"href":"https:\/\/www.deporteseli.com\/index.php?rest_route=\/wp\/v2\/product"}],"about":[{"href":"https:\/\/www.deporteseli.com\/index.php?rest_route=\/wp\/v2\/types\/product"}],"wp:featuredmedia":[{"embeddable":true,"href":"https:\/\/www.deporteseli.com\/index.php?rest_route=\/wp\/v2\/media\/71767"}],"wp:attachment":[{"href":"https:\/\/www.deporteseli.com\/index.php?rest_route=%2Fwp%2Fv2%2Fmedia&parent=71759"}],"wp:term":[{"taxonomy":"product_brand","embeddable":true,"href":"https:\/\/www.deporteseli.com\/index.php?rest_route=%2Fwp%2Fv2%2Fproduct_brand&post=71759"},{"taxonomy":"product_cat","embeddable":true,"href":"https:\/\/www.deporteseli.com\/index.php?rest_route=%2Fwp%2Fv2%2Fproduct_cat&post=71759"},{"taxonomy":"product_tag","embeddable":true,"href":"https:\/\/www.deporteseli.com\/index.php?rest_route=%2Fwp%2Fv2%2Fproduct_tag&post=71759"}],"curies":[{"name":"wp","href":"https:\/\/api.w.org\/{rel}","templated":true}]}}