{"id":71687,"date":"2026-03-19T10:42:56","date_gmt":"2026-03-19T10:42:56","guid":{"rendered":"https:\/\/www.deporteseli.com\/?product=bolso-puma-091189-01"},"modified":"2026-03-20T05:20:37","modified_gmt":"2026-03-20T05:20:37","slug":"bolso-puma-091189-01","status":"publish","type":"product","link":"https:\/\/www.deporteseli.com\/?product=bolso-puma-091189-01","title":{"rendered":"BOLSO PUMA 091189-01"},"content":{"rendered":"<p>Aprovecha todo tu potencial con esta vers\u00e1til bolsa de deporte. Con m\u00faltiples compartimentos, un bolsillo para zapatos y una base resistente, est\u00e1 dise\u00f1ada para tu estilo de vida activo. Lleva todo lo que necesitas sin esfuerzo y bien organizado con el estilo caracter\u00edstico de PUMA.    CARACTER\u00cdSTICAS   BENEFICIOS  Producto fabricado con al menos un 50 % de materiales reciclados  DETALLES  Apertura con cremallera bidireccional  Compartimento delantero con cremallera  Bolsillo lateral con cremallera para los zapatos  Bolsillo lateral de malla  Dimensiones: 32 cm (profundidad) \/ 29,5 cm (altura)  Capacidad: 49 l  Detalles de la marca PUMA  INFORMACI\u00d3N DE MATERIAL  Forro: 100% POLI\u00c9STER CON REVESTIMIENTO DE PU  Exterior: 100% POLI\u00c9STER CON REVESTIMIENTO DE PU  Malla: 100% Poli\u00e9ster                                                                                                                                                                                                                                                                                                                                                                                                                                                                                                                                                                                                                                                                                                                                                                                                                                                                                                                                                                                                                                        <\/p>\n","protected":false},"excerpt":{"rendered":"<p>BOLSO PUMA 091189-01<\/p>\n","protected":false},"featured_media":71689,"template":"","meta":[],"product_brand":[],"product_cat":[402],"product_tag":[32],"class_list":{"0":"post-71687","1":"product","2":"type-product","3":"status-publish","4":"has-post-thumbnail","6":"product_cat-accesorios_bolsos","7":"product_tag-puma","8":"pa_color-unico","9":"pa_talla-unica","10":"thunk-woo-product-list","11":"opn-qv-enable","12":"open-woo-hover-","13":"open-single-product-tab-horizontal","14":"open-shadow-","15":"open-shadow-hover-","17":"first","18":"instock","19":"shipping-taxable","20":"purchasable","21":"product-type-variable"},"jetpack_sharing_enabled":true,"_links":{"self":[{"href":"https:\/\/www.deporteseli.com\/index.php?rest_route=\/wp\/v2\/product\/71687","targetHints":{"allow":["GET"]}}],"collection":[{"href":"https:\/\/www.deporteseli.com\/index.php?rest_route=\/wp\/v2\/product"}],"about":[{"href":"https:\/\/www.deporteseli.com\/index.php?rest_route=\/wp\/v2\/types\/product"}],"wp:featuredmedia":[{"embeddable":true,"href":"https:\/\/www.deporteseli.com\/index.php?rest_route=\/wp\/v2\/media\/71689"}],"wp:attachment":[{"href":"https:\/\/www.deporteseli.com\/index.php?rest_route=%2Fwp%2Fv2%2Fmedia&parent=71687"}],"wp:term":[{"taxonomy":"product_brand","embeddable":true,"href":"https:\/\/www.deporteseli.com\/index.php?rest_route=%2Fwp%2Fv2%2Fproduct_brand&post=71687"},{"taxonomy":"product_cat","embeddable":true,"href":"https:\/\/www.deporteseli.com\/index.php?rest_route=%2Fwp%2Fv2%2Fproduct_cat&post=71687"},{"taxonomy":"product_tag","embeddable":true,"href":"https:\/\/www.deporteseli.com\/index.php?rest_route=%2Fwp%2Fv2%2Fproduct_tag&post=71687"}],"curies":[{"name":"wp","href":"https:\/\/api.w.org\/{rel}","templated":true}]}}