{"id":71657,"date":"2026-03-19T10:40:17","date_gmt":"2026-03-19T10:40:17","guid":{"rendered":"https:\/\/www.deporteseli.com\/?product=rinonera-puma-091165-01"},"modified":"2026-03-19T10:40:19","modified_gmt":"2026-03-19T10:40:19","slug":"rinonera-puma-091165-01","status":"publish","type":"product","link":"https:\/\/www.deporteseli.com\/?product=rinonera-puma-091165-01","title":{"rendered":"RI\u00f1ONERA PUMA 091165-01"},"content":{"rendered":"<p>Con esta ri\u00f1onera tendr\u00e1s las manos libres y estar\u00e1s a la \u00faltima. Con un compartimento principal con cremallera, correa ajustable y panel trasero acolchado, es perfecta para las aventuras al aire libre. Comb\u00ednala con cualquier atuendo y luce ese aire PUMA.    CARACTER\u00cdSTICAS   BENEFICIOS  Producto fabricado con al menos un 90 % de materiales reciclados  DETALLES  Compartimento principal con cremallera  Correa de cincha ajustable en la cintura con cierre de hebilla  Panel trasero acolchado  Forro de poli\u00e9ster 150D gofrado  Dimensiones: 31,5 cm (anchura) \/ 9 cm (profundidad) \/ 15,5 cm (altura)  Capacidad: 2 l  Detalles de la marca PUMA  INFORMACI\u00d3N DE MATERIAL  Forro: 100% Poli\u00e9ster  Exterior: 100% POLI\u00c9STER CON REVESTIMIENTO DE PU                                                                                                                                                                                                                                                                                                                                                                                                                                                                                                                                                                                                                                                                                                                                                                                                                                                                                                                                                                                                                                        <\/p>\n","protected":false},"excerpt":{"rendered":"<p>RI\u00f1ONERA PUMA 091165-01<\/p>\n","protected":false},"featured_media":71659,"template":"","meta":[],"product_brand":[],"product_cat":[410],"product_tag":[32],"class_list":{"0":"post-71657","1":"product","2":"type-product","3":"status-publish","4":"has-post-thumbnail","6":"product_cat-accesorios_rinoneras","7":"product_tag-puma","8":"pa_color-unico","9":"pa_talla-unica","10":"thunk-woo-product-list","11":"opn-qv-enable","12":"open-woo-hover-","13":"open-single-product-tab-horizontal","14":"open-shadow-","15":"open-shadow-hover-","17":"first","18":"instock","19":"shipping-taxable","20":"purchasable","21":"product-type-variable"},"jetpack_sharing_enabled":true,"_links":{"self":[{"href":"https:\/\/www.deporteseli.com\/index.php?rest_route=\/wp\/v2\/product\/71657","targetHints":{"allow":["GET"]}}],"collection":[{"href":"https:\/\/www.deporteseli.com\/index.php?rest_route=\/wp\/v2\/product"}],"about":[{"href":"https:\/\/www.deporteseli.com\/index.php?rest_route=\/wp\/v2\/types\/product"}],"wp:featuredmedia":[{"embeddable":true,"href":"https:\/\/www.deporteseli.com\/index.php?rest_route=\/wp\/v2\/media\/71659"}],"wp:attachment":[{"href":"https:\/\/www.deporteseli.com\/index.php?rest_route=%2Fwp%2Fv2%2Fmedia&parent=71657"}],"wp:term":[{"taxonomy":"product_brand","embeddable":true,"href":"https:\/\/www.deporteseli.com\/index.php?rest_route=%2Fwp%2Fv2%2Fproduct_brand&post=71657"},{"taxonomy":"product_cat","embeddable":true,"href":"https:\/\/www.deporteseli.com\/index.php?rest_route=%2Fwp%2Fv2%2Fproduct_cat&post=71657"},{"taxonomy":"product_tag","embeddable":true,"href":"https:\/\/www.deporteseli.com\/index.php?rest_route=%2Fwp%2Fv2%2Fproduct_tag&post=71657"}],"curies":[{"name":"wp","href":"https:\/\/api.w.org\/{rel}","templated":true}]}}