{"id":71439,"date":"2026-03-17T12:08:18","date_gmt":"2026-03-17T12:08:18","guid":{"rendered":"https:\/\/www.deporteseli.com\/?product=camisa-adidas-kb9758"},"modified":"2026-03-17T12:08:33","modified_gmt":"2026-03-17T12:08:33","slug":"camisa-adidas-kb9758","status":"publish","type":"product","link":"https:\/\/www.deporteseli.com\/?product=camisa-adidas-kb9758","title":{"rendered":"CAMISA ADIDAS KB9758"},"content":{"rendered":"<p>La colecci\u00f3n de tenis Club te asegura que tengas todo el equipo adecuado cuando salgas a la cancha. Perfecta para partidos llenos de acci\u00f3n, esta camiseta para j\u00f3venes soporta los tiros m\u00e1s grandes con su construcci\u00f3n FreeLift que libera los hombros. CLIMACOOL absorbe y dispersa el sudor para un rendimiento fresco, seco y sin distracciones. Un logotipo de 3 barras en el pecho agrega un toque de estilo adidas. CLIMACOOL te ayuda a gestionar el sudor con materiales que absorben y gestionan el sudor r\u00e1pidamente. Sus fibras de secado r\u00e1pido te dan una sensaci\u00f3n de piel fresca. Este producto est\u00e1 fabricado con materiales 100% reciclados. Al reutilizar materiales que ya se han creado, ayudamos a reducir los residuos y nuestra dependencia de recursos finitos y reducimos la huella de los productos que fabricamos.                                                                                                                                                                                                                                                                                                                                                                                                                                                                                                                                                                                                                                                                                                                                                                                                                                                                                                                                                                                                                                        <\/p>\n","protected":false},"excerpt":{"rendered":"<p>CAMISA ADIDAS KB9758<\/p>\n","protected":false},"featured_media":71444,"template":"","meta":[],"product_brand":[],"product_cat":[364],"product_tag":[18],"class_list":{"0":"post-71439","1":"product","2":"type-product","3":"status-publish","4":"has-post-thumbnail","6":"product_cat-padel_y_tenis_textil_camisas","7":"product_tag-adidas","8":"pa_color-unico","9":"pa_talla-t-10","10":"pa_talla-t-12","11":"pa_talla-t-14","12":"pa_talla-t-16","13":"thunk-woo-product-list","14":"opn-qv-enable","15":"open-woo-hover-","16":"open-single-product-tab-horizontal","17":"open-shadow-","18":"open-shadow-hover-","20":"first","21":"instock","22":"shipping-taxable","23":"purchasable","24":"product-type-variable"},"jetpack_sharing_enabled":true,"_links":{"self":[{"href":"https:\/\/www.deporteseli.com\/index.php?rest_route=\/wp\/v2\/product\/71439","targetHints":{"allow":["GET"]}}],"collection":[{"href":"https:\/\/www.deporteseli.com\/index.php?rest_route=\/wp\/v2\/product"}],"about":[{"href":"https:\/\/www.deporteseli.com\/index.php?rest_route=\/wp\/v2\/types\/product"}],"wp:featuredmedia":[{"embeddable":true,"href":"https:\/\/www.deporteseli.com\/index.php?rest_route=\/wp\/v2\/media\/71444"}],"wp:attachment":[{"href":"https:\/\/www.deporteseli.com\/index.php?rest_route=%2Fwp%2Fv2%2Fmedia&parent=71439"}],"wp:term":[{"taxonomy":"product_brand","embeddable":true,"href":"https:\/\/www.deporteseli.com\/index.php?rest_route=%2Fwp%2Fv2%2Fproduct_brand&post=71439"},{"taxonomy":"product_cat","embeddable":true,"href":"https:\/\/www.deporteseli.com\/index.php?rest_route=%2Fwp%2Fv2%2Fproduct_cat&post=71439"},{"taxonomy":"product_tag","embeddable":true,"href":"https:\/\/www.deporteseli.com\/index.php?rest_route=%2Fwp%2Fv2%2Fproduct_tag&post=71439"}],"curies":[{"name":"wp","href":"https:\/\/api.w.org\/{rel}","templated":true}]}}