{"id":71381,"date":"2026-03-17T12:04:06","date_gmt":"2026-03-17T12:04:06","guid":{"rendered":"https:\/\/www.deporteseli.com\/?product=tenis-adidas-jr2124-crazyquick-padel"},"modified":"2026-03-21T05:20:35","modified_gmt":"2026-03-21T05:20:35","slug":"tenis-adidas-jr2124-crazyquick-padel","status":"publish","type":"product","link":"https:\/\/www.deporteseli.com\/?product=tenis-adidas-jr2124-crazyquick-padel","title":{"rendered":"TENIS ADIDAS JR2124 CRAZYQUICK PADEL"},"content":{"rendered":"<p>Estar\u00e1s en todos lados en la pista de padel con estos zapatos Crazyquick de adidas. Dise\u00f1ados para movimientos r\u00e1pidos y seguros, cuentan con una parte superior ligera y una construcci\u00f3n estabilizadora Slingframe. Su suela antideslizante, dise\u00f1ada espec\u00edficamente para el deporte, y la entresuela BOOST de retorno de energ\u00eda aseguran que est\u00e9s listo para cada punto. Este producto contiene al menos un 20% de materiales reciclados, lo que ayuda a reducir los desechos y la huella ambiental.                                                                                                                                                                                                                                                                                                                                                                                                                                                                                                                                                                                                                                                                                                                                                                                                                                                                                                                                                                                                                                        <\/p>\n","protected":false},"excerpt":{"rendered":"<p>TENIS ADIDAS JR2124 CRAZYQUICK PADEL<\/p>\n","protected":false},"featured_media":71390,"template":"","meta":[],"product_brand":[],"product_cat":[371],"product_tag":[18],"class_list":{"0":"post-71381","1":"product","2":"type-product","3":"status-publish","4":"has-post-thumbnail","6":"product_cat-padel_y_tenis_calzado","7":"product_tag-adidas","8":"pa_color-unico","9":"pa_talla-41-5","10":"pa_talla-153","11":"pa_talla-42-5","12":"pa_talla-43-5","13":"pa_talla-157","14":"pa_talla-44-5","15":"pa_talla-45-5","16":"pa_talla-161","17":"thunk-woo-product-list","18":"opn-qv-enable","19":"open-woo-hover-","20":"open-single-product-tab-horizontal","21":"open-shadow-","22":"open-shadow-hover-","24":"first","25":"instock","26":"sale","27":"shipping-taxable","28":"purchasable","29":"product-type-variable"},"jetpack_sharing_enabled":true,"_links":{"self":[{"href":"https:\/\/www.deporteseli.com\/index.php?rest_route=\/wp\/v2\/product\/71381","targetHints":{"allow":["GET"]}}],"collection":[{"href":"https:\/\/www.deporteseli.com\/index.php?rest_route=\/wp\/v2\/product"}],"about":[{"href":"https:\/\/www.deporteseli.com\/index.php?rest_route=\/wp\/v2\/types\/product"}],"wp:featuredmedia":[{"embeddable":true,"href":"https:\/\/www.deporteseli.com\/index.php?rest_route=\/wp\/v2\/media\/71390"}],"wp:attachment":[{"href":"https:\/\/www.deporteseli.com\/index.php?rest_route=%2Fwp%2Fv2%2Fmedia&parent=71381"}],"wp:term":[{"taxonomy":"product_brand","embeddable":true,"href":"https:\/\/www.deporteseli.com\/index.php?rest_route=%2Fwp%2Fv2%2Fproduct_brand&post=71381"},{"taxonomy":"product_cat","embeddable":true,"href":"https:\/\/www.deporteseli.com\/index.php?rest_route=%2Fwp%2Fv2%2Fproduct_cat&post=71381"},{"taxonomy":"product_tag","embeddable":true,"href":"https:\/\/www.deporteseli.com\/index.php?rest_route=%2Fwp%2Fv2%2Fproduct_tag&post=71381"}],"curies":[{"name":"wp","href":"https:\/\/api.w.org\/{rel}","templated":true}]}}