{"id":71364,"date":"2026-03-17T11:49:29","date_gmt":"2026-03-17T11:49:29","guid":{"rendered":"https:\/\/www.deporteseli.com\/?product=tobillera-adidas-adsu-1251"},"modified":"2026-03-17T11:49:36","modified_gmt":"2026-03-17T11:49:36","slug":"tobillera-adidas-adsu-1251","status":"publish","type":"product","link":"https:\/\/www.deporteseli.com\/?product=tobillera-adidas-adsu-1251","title":{"rendered":"TOBILLERA ADIDAS ADSU-1251"},"content":{"rendered":"<p>La tobillera de punto adidas te permite seguir progresando en tu entrenamiento, ayud\u00e1ndote a mantenerte en movimiento y a mejorar durante los periodos de entrenamiento m\u00e1s exigentes. Con un dise\u00f1o ergon\u00f3mico, la tobillera adidas proporciona un refuerzo estructurado a todo el tobillo sin limitar tus movimientos ni tu rendimiento.   Confeccionada con una mezcla de nailon y elastano, esta tobillera transpirable y el\u00e1stica ofrece una sujeci\u00f3n que se adapta al pie para reforzar la articulaci\u00f3n. Gracias a sus pu\u00f1os gruesos en la parte superior e inferior, la tobillera se mantiene en su sitio durante los entrenamientos m\u00e1s intensos y, a la vez, es f\u00e1cil de poner y quitar.                                                                                                                                                                                                                                                                                                                                                                                                                                                                                                                                                                                                                                                                                                                                                                                                                                                                                                                                                                                                                                        <\/p>\n","protected":false},"excerpt":{"rendered":"<p>TOBILLERA ADIDAS ADSU-1251<\/p>\n","protected":false},"featured_media":71369,"template":"","meta":[],"product_brand":[],"product_cat":[242],"product_tag":[18],"class_list":{"0":"post-71364","1":"product","2":"type-product","3":"status-publish","4":"has-post-thumbnail","6":"product_cat-unisex_accesorios","7":"product_tag-adidas","8":"pa_color-unico","9":"pa_talla-l","10":"pa_talla-m","11":"pa_talla-s","12":"pa_talla-xl","13":"thunk-woo-product-list","14":"opn-qv-enable","15":"open-woo-hover-","16":"open-single-product-tab-horizontal","17":"open-shadow-","18":"open-shadow-hover-","20":"first","21":"instock","22":"shipping-taxable","23":"purchasable","24":"product-type-variable"},"jetpack_sharing_enabled":true,"_links":{"self":[{"href":"https:\/\/www.deporteseli.com\/index.php?rest_route=\/wp\/v2\/product\/71364","targetHints":{"allow":["GET"]}}],"collection":[{"href":"https:\/\/www.deporteseli.com\/index.php?rest_route=\/wp\/v2\/product"}],"about":[{"href":"https:\/\/www.deporteseli.com\/index.php?rest_route=\/wp\/v2\/types\/product"}],"wp:featuredmedia":[{"embeddable":true,"href":"https:\/\/www.deporteseli.com\/index.php?rest_route=\/wp\/v2\/media\/71369"}],"wp:attachment":[{"href":"https:\/\/www.deporteseli.com\/index.php?rest_route=%2Fwp%2Fv2%2Fmedia&parent=71364"}],"wp:term":[{"taxonomy":"product_brand","embeddable":true,"href":"https:\/\/www.deporteseli.com\/index.php?rest_route=%2Fwp%2Fv2%2Fproduct_brand&post=71364"},{"taxonomy":"product_cat","embeddable":true,"href":"https:\/\/www.deporteseli.com\/index.php?rest_route=%2Fwp%2Fv2%2Fproduct_cat&post=71364"},{"taxonomy":"product_tag","embeddable":true,"href":"https:\/\/www.deporteseli.com\/index.php?rest_route=%2Fwp%2Fv2%2Fproduct_tag&post=71364"}],"curies":[{"name":"wp","href":"https:\/\/api.w.org\/{rel}","templated":true}]}}