{"id":71329,"date":"2026-03-17T11:45:26","date_gmt":"2026-03-17T11:45:26","guid":{"rendered":"https:\/\/www.deporteseli.com\/?product=guantes-adidas-adgb-1500-3"},"modified":"2026-03-20T05:20:36","modified_gmt":"2026-03-20T05:20:36","slug":"guantes-adidas-adgb-1500-3","status":"publish","type":"product","link":"https:\/\/www.deporteseli.com\/?product=guantes-adidas-adgb-1500-3","title":{"rendered":"GUANTES ADIDAS ADGB-1500"},"content":{"rendered":"<p>adidas Essential Training Gloves son guantes de entrenamiento robustos para entrenamiento de fuerza, m\u00e1quinas y ejercicios funcionales. La palma acolchada amortigua la presi\u00f3n de la barra y el mango, brindando mejor comodidad y agarre en las series pesadas. Una parte superior transpirable ayuda a alejar el calor, mientras que la construcci\u00f3n de dedos semilargos proporciona buen tacto y control. El cierre ajustable en la mu\u00f1eca asegura que los guantes se mantengan estables sin apretar, y las pr\u00e1cticas leng\u00fcetas facilitan quit\u00e1rselos y pon\u00e9rselos, incluso cuando las manos est\u00e1n sudorosas. Una opci\u00f3n simple y duradera para tu entrenamiento diario.    Resumen de adidas Essential Training Gloves  &#8211; Dedos semilargos para buen agarre y control  &#8211; Palma acolchada para comodidad y protecci\u00f3n  &#8211; Parte superior transpirable, que aleja el calor  &#8211; Cierre ajustable en la mu\u00f1eca  &#8211; Leng\u00fcetas para f\u00e1cil puesta y retirada                                                                                                                                                                                                                                                                                                                                                                                                                                                                                                                                                                                                                                                                                                                                                                                                                                                                                                                                                                                                                                        <\/p>\n","protected":false},"excerpt":{"rendered":"<p>GUANTES ADIDAS ADGB-1500<\/p>\n","protected":false},"featured_media":71335,"template":"","meta":[],"product_brand":[],"product_cat":[342],"product_tag":[18],"class_list":{"0":"post-71329","1":"product","2":"type-product","3":"status-publish","4":"has-post-thumbnail","6":"product_cat-deportes_gimnasio_guantes","7":"product_tag-adidas","8":"pa_color-unico","9":"pa_talla-l","10":"pa_talla-m","11":"pa_talla-s","12":"pa_talla-xl","13":"pa_talla-xs","14":"thunk-woo-product-list","15":"opn-qv-enable","16":"open-woo-hover-","17":"open-single-product-tab-horizontal","18":"open-shadow-","19":"open-shadow-hover-","21":"first","22":"instock","23":"shipping-taxable","24":"purchasable","25":"product-type-variable"},"jetpack_sharing_enabled":true,"_links":{"self":[{"href":"https:\/\/www.deporteseli.com\/index.php?rest_route=\/wp\/v2\/product\/71329","targetHints":{"allow":["GET"]}}],"collection":[{"href":"https:\/\/www.deporteseli.com\/index.php?rest_route=\/wp\/v2\/product"}],"about":[{"href":"https:\/\/www.deporteseli.com\/index.php?rest_route=\/wp\/v2\/types\/product"}],"wp:featuredmedia":[{"embeddable":true,"href":"https:\/\/www.deporteseli.com\/index.php?rest_route=\/wp\/v2\/media\/71335"}],"wp:attachment":[{"href":"https:\/\/www.deporteseli.com\/index.php?rest_route=%2Fwp%2Fv2%2Fmedia&parent=71329"}],"wp:term":[{"taxonomy":"product_brand","embeddable":true,"href":"https:\/\/www.deporteseli.com\/index.php?rest_route=%2Fwp%2Fv2%2Fproduct_brand&post=71329"},{"taxonomy":"product_cat","embeddable":true,"href":"https:\/\/www.deporteseli.com\/index.php?rest_route=%2Fwp%2Fv2%2Fproduct_cat&post=71329"},{"taxonomy":"product_tag","embeddable":true,"href":"https:\/\/www.deporteseli.com\/index.php?rest_route=%2Fwp%2Fv2%2Fproduct_tag&post=71329"}],"curies":[{"name":"wp","href":"https:\/\/api.w.org\/{rel}","templated":true}]}}