{"id":70288,"date":"2026-03-09T19:33:30","date_gmt":"2026-03-09T19:33:30","guid":{"rendered":"https:\/\/www.deporteseli.com\/?product=tenis-jhayber-lava-navy"},"modified":"2026-04-10T04:18:20","modified_gmt":"2026-04-10T04:18:20","slug":"tenis-jhayber-lava-navy","status":"publish","type":"product","link":"https:\/\/www.deporteseli.com\/?product=tenis-jhayber-lava-navy","title":{"rendered":"TENIS JHAYBER LAVA NAVY"},"content":{"rendered":"<p>Descripci\u00f3n  Las zapatillas casual azul marino Lava para hombre presentan un dise\u00f1o urbano ideal para el d\u00eda a d\u00eda. Combinan materiales ligeros con detalles en rejilla que mejoran la transpiraci\u00f3n. Su suela de EVA proporciona ligereza y flexibilidad, mientras que la plantilla Urban Comfort garantiza absorci\u00f3n de impactos y comodidad duradera.                                                                                                                                                                                                                                                                                                                                                                                                                                                                                                                                                                                                                                                                                                                                                                                                                                                                                                                                                                                                                                        <\/p>\n","protected":false},"excerpt":{"rendered":"<p>TENIS JHAYBER LAVA NAVY<\/p>\n","protected":false},"featured_media":70297,"template":"","meta":[],"product_brand":[],"product_cat":[261],"product_tag":[],"class_list":{"0":"post-70288","1":"product","2":"type-product","3":"status-publish","4":"has-post-thumbnail","6":"product_cat-hombre_calzado_casual","7":"pa_color-unico","8":"pa_talla-147","9":"pa_talla-149","10":"pa_talla-151","11":"pa_talla-153","12":"pa_talla-155","13":"pa_talla-157","14":"pa_talla-159","15":"pa_talla-161","16":"thunk-woo-product-list","17":"opn-qv-enable","18":"open-woo-hover-","19":"open-single-product-tab-horizontal","20":"open-shadow-","21":"open-shadow-hover-","23":"first","24":"instock","25":"shipping-taxable","26":"purchasable","27":"product-type-variable"},"jetpack_sharing_enabled":true,"_links":{"self":[{"href":"https:\/\/www.deporteseli.com\/index.php?rest_route=\/wp\/v2\/product\/70288","targetHints":{"allow":["GET"]}}],"collection":[{"href":"https:\/\/www.deporteseli.com\/index.php?rest_route=\/wp\/v2\/product"}],"about":[{"href":"https:\/\/www.deporteseli.com\/index.php?rest_route=\/wp\/v2\/types\/product"}],"wp:featuredmedia":[{"embeddable":true,"href":"https:\/\/www.deporteseli.com\/index.php?rest_route=\/wp\/v2\/media\/70297"}],"wp:attachment":[{"href":"https:\/\/www.deporteseli.com\/index.php?rest_route=%2Fwp%2Fv2%2Fmedia&parent=70288"}],"wp:term":[{"taxonomy":"product_brand","embeddable":true,"href":"https:\/\/www.deporteseli.com\/index.php?rest_route=%2Fwp%2Fv2%2Fproduct_brand&post=70288"},{"taxonomy":"product_cat","embeddable":true,"href":"https:\/\/www.deporteseli.com\/index.php?rest_route=%2Fwp%2Fv2%2Fproduct_cat&post=70288"},{"taxonomy":"product_tag","embeddable":true,"href":"https:\/\/www.deporteseli.com\/index.php?rest_route=%2Fwp%2Fv2%2Fproduct_tag&post=70288"}],"curies":[{"name":"wp","href":"https:\/\/api.w.org\/{rel}","templated":true}]}}