{"id":70258,"date":"2026-03-09T19:31:49","date_gmt":"2026-03-09T19:31:49","guid":{"rendered":"https:\/\/www.deporteseli.com\/?product=tenis-jhayber-razor-navy"},"modified":"2026-04-23T04:18:18","modified_gmt":"2026-04-23T04:18:18","slug":"tenis-jhayber-razor-navy","status":"publish","type":"product","link":"https:\/\/www.deporteseli.com\/?product=tenis-jhayber-razor-navy","title":{"rendered":"TENIS JHAYBER RAZOR-NAVY"},"content":{"rendered":"<p>Descripci\u00f3n  Las zapatillas Razor 100 azul marino est\u00e1n dise\u00f1adas para acompa\u00f1arte en sesiones de running exigentes, combinando ventilaci\u00f3n, soporte y dinamismo. La rejilla t\u00e9cnica garantiza una excelente transpirabilidad, ayudando a evacuar el calor y mantener los pies secos durante entrenamientos intensos. Refuerzos de goma estrat\u00e9gicamente situados proporcionan estabilidad y estructura al conjunto, sin comprometer la ligereza. Su mediasuela favorece la amortiguaci\u00f3n,absorbe mejor el impacto y favorece una carrera m\u00e1s c\u00f3moda y eficiente. Adem\u00e1s, la suela con drops optimizados mejora la fluidez de la zancada al facilitar el paso del tal\u00f3n al antepi\u00e9, promoviendo un movimiento m\u00e1s natural. Una opci\u00f3n vers\u00e1til para quienes priorizan reactividad y confort.                                                                                                                                                                                                                                                                                                                                                                                                                                                                                                                                                                                                                                                                                                                                                                                                                                                                                                                                                                                                                                        <\/p>\n","protected":false},"excerpt":{"rendered":"<p>TENIS JHAYBER RAZOR-NAVY<\/p>\n","protected":false},"featured_media":70267,"template":"","meta":[],"product_brand":[],"product_cat":[259],"product_tag":[],"class_list":{"0":"post-70258","1":"product","2":"type-product","3":"status-publish","4":"has-post-thumbnail","6":"product_cat-hombre_calzado_running","7":"pa_color-unico","8":"pa_talla-147","9":"pa_talla-149","10":"pa_talla-151","11":"pa_talla-153","12":"pa_talla-155","13":"pa_talla-157","14":"pa_talla-159","15":"pa_talla-161","16":"thunk-woo-product-list","17":"opn-qv-enable","18":"open-woo-hover-","19":"open-single-product-tab-horizontal","20":"open-shadow-","21":"open-shadow-hover-","23":"first","24":"instock","25":"shipping-taxable","26":"purchasable","27":"product-type-variable"},"jetpack_sharing_enabled":true,"_links":{"self":[{"href":"https:\/\/www.deporteseli.com\/index.php?rest_route=\/wp\/v2\/product\/70258","targetHints":{"allow":["GET"]}}],"collection":[{"href":"https:\/\/www.deporteseli.com\/index.php?rest_route=\/wp\/v2\/product"}],"about":[{"href":"https:\/\/www.deporteseli.com\/index.php?rest_route=\/wp\/v2\/types\/product"}],"wp:featuredmedia":[{"embeddable":true,"href":"https:\/\/www.deporteseli.com\/index.php?rest_route=\/wp\/v2\/media\/70267"}],"wp:attachment":[{"href":"https:\/\/www.deporteseli.com\/index.php?rest_route=%2Fwp%2Fv2%2Fmedia&parent=70258"}],"wp:term":[{"taxonomy":"product_brand","embeddable":true,"href":"https:\/\/www.deporteseli.com\/index.php?rest_route=%2Fwp%2Fv2%2Fproduct_brand&post=70258"},{"taxonomy":"product_cat","embeddable":true,"href":"https:\/\/www.deporteseli.com\/index.php?rest_route=%2Fwp%2Fv2%2Fproduct_cat&post=70258"},{"taxonomy":"product_tag","embeddable":true,"href":"https:\/\/www.deporteseli.com\/index.php?rest_route=%2Fwp%2Fv2%2Fproduct_tag&post=70258"}],"curies":[{"name":"wp","href":"https:\/\/api.w.org\/{rel}","templated":true}]}}