{"id":70224,"date":"2026-03-09T16:49:39","date_gmt":"2026-03-09T16:49:39","guid":{"rendered":"https:\/\/www.deporteseli.com\/?product=tenis-joma-zen-work-2621-black"},"modified":"2026-04-19T04:17:53","modified_gmt":"2026-04-19T04:17:53","slug":"tenis-joma-zen-work-2621-black","status":"publish","type":"product","link":"https:\/\/www.deporteseli.com\/?product=tenis-joma-zen-work-2621-black","title":{"rendered":"TENIS JOMA ZEN WORK 2621 BLACK"},"content":{"rendered":"<p>Descripci\u00f3n  Las zapatillas Joma Work son un calzado profesional que combina est\u00e9tica deportiva con tecnolog\u00eda de confort, sin renunciar al cumplimiento normativo en entornos laborales. Dise\u00f1ada para quienes valoran movilidad, ligereza y estilo, al mismo tiempo que seguridad y resistencia.    Las caracter\u00edsticas de seguridad cumplen con la norma EN ISO 20347:2022   Amd.1:2024  est\u00e1ndares OB E FO SR. Destinado a entornos laborales que no est\u00e9n expuestos a riesgos mec\u00e1nicos (impacto o compresi\u00f3n).    El corte superior est\u00e1 elaborado con materiales t\u00e9cnicos transpirables y resistentes. La malla cuenta con el sistema de ventilaci\u00f3n del sudor VTS, que ayuda a regular la humedad dentro de las zapatillas, junto con un refuerzo termosellado en la puntera. Por su parte, el forro interior que aporta frescura y confort t\u00e9rmico.    Plantilla MEMORY FOAM, que se adapta a la forma del pie ofreciendo comodidad continua.    Mediasuela de EVA  , que absorbe los impactos, sobre todo en la zona del tal\u00f3n, reduciendo la fatiga en usos prolongados.    Suela de caucho antideslizante con tecnolog\u00eda SLIP RESISTANT certificada sobre superficies cer\u00e1micas y met\u00e1licas con lubricantes. Excelente flexibilidad, tracci\u00f3n y durabilidad ante el contacto con hidrocarburos.    Leer menos  Caracter\u00edsticas  Corte con mesh transpirable VTS  Corte con sistema de protecci\u00f3n termosellado  Plantilla MEMORY FOAM  Mediasuela de foam  Suela de caucho con tecnolog\u00eda SLIP-RESISTANT                                                                                                                                                                                                                                                                                                                                                                                                                                                                                                                                                                                                                                                                                                                                                                                                                                                                                                                                                                                                                                        <\/p>\n","protected":false},"excerpt":{"rendered":"<p>TENIS JOMA ZEN WORK 2621 BLACK<\/p>\n","protected":false},"featured_media":70236,"template":"","meta":[],"product_brand":[],"product_cat":[261],"product_tag":[31],"class_list":{"0":"post-70224","1":"product","2":"type-product","3":"status-publish","4":"has-post-thumbnail","6":"product_cat-hombre_calzado_casual","7":"product_tag-joma","8":"pa_color-unico","9":"pa_talla-141","10":"pa_talla-143","11":"pa_talla-145","12":"pa_talla-147","13":"pa_talla-149","14":"pa_talla-151","15":"pa_talla-153","16":"pa_talla-155","17":"pa_talla-157","18":"pa_talla-159","19":"pa_talla-161","20":"thunk-woo-product-list","21":"opn-qv-enable","22":"open-woo-hover-","23":"open-single-product-tab-horizontal","24":"open-shadow-","25":"open-shadow-hover-","27":"first","28":"instock","29":"shipping-taxable","30":"purchasable","31":"product-type-variable"},"jetpack_sharing_enabled":true,"_links":{"self":[{"href":"https:\/\/www.deporteseli.com\/index.php?rest_route=\/wp\/v2\/product\/70224","targetHints":{"allow":["GET"]}}],"collection":[{"href":"https:\/\/www.deporteseli.com\/index.php?rest_route=\/wp\/v2\/product"}],"about":[{"href":"https:\/\/www.deporteseli.com\/index.php?rest_route=\/wp\/v2\/types\/product"}],"wp:featuredmedia":[{"embeddable":true,"href":"https:\/\/www.deporteseli.com\/index.php?rest_route=\/wp\/v2\/media\/70236"}],"wp:attachment":[{"href":"https:\/\/www.deporteseli.com\/index.php?rest_route=%2Fwp%2Fv2%2Fmedia&parent=70224"}],"wp:term":[{"taxonomy":"product_brand","embeddable":true,"href":"https:\/\/www.deporteseli.com\/index.php?rest_route=%2Fwp%2Fv2%2Fproduct_brand&post=70224"},{"taxonomy":"product_cat","embeddable":true,"href":"https:\/\/www.deporteseli.com\/index.php?rest_route=%2Fwp%2Fv2%2Fproduct_cat&post=70224"},{"taxonomy":"product_tag","embeddable":true,"href":"https:\/\/www.deporteseli.com\/index.php?rest_route=%2Fwp%2Fv2%2Fproduct_tag&post=70224"}],"curies":[{"name":"wp","href":"https:\/\/api.w.org\/{rel}","templated":true}]}}