{"id":70197,"date":"2026-03-09T16:25:31","date_gmt":"2026-03-09T16:25:31","guid":{"rendered":"https:\/\/www.deporteseli.com\/?product=zapatilla-wilson-rush-pro-5-clay"},"modified":"2026-04-07T04:18:29","modified_gmt":"2026-04-07T04:18:29","slug":"zapatilla-wilson-rush-pro-5-clay","status":"publish","type":"product","link":"https:\/\/www.deporteseli.com\/?product=zapatilla-wilson-rush-pro-5-clay","title":{"rendered":"ZAPATILLA WILSON RUSH PRO 5 CLAY"},"content":{"rendered":"<p>Zapatillas de tenis multipista hombre, Rush Pro 5 negro rojo blanco  Las zapatillas de tenis Wilson Rush Pro Lite combinan resistencia, sujeci\u00f3n y estabilidad gracias a las tecnolog\u00edas Duralast, R-DST  et TPU Stability Chassis  Resistencia a la abrasi\u00f3n  La suela exterior de caucho DURALAST procura un excelente nivel de resistencia.  Sujeci\u00f3n del producto  El sistema Endofit aporta la sujeci\u00f3n necesaria en la parte media del pie.  Estabilidad  El TPU Stability Chassis estabiliza el tal\u00f3n para dar una seguridad \u00f3ptima.  Amortiguaci\u00f3n  El sistema R-DST  ofrece una combinaci\u00f3n \u00f3ptima de amortiguaci\u00f3n y rebote.                                                                                                                                                                                                                                                                                                                                                                                                                                                                                                                                                                                                                                                                                                                                                                                                                                                                                                                                                                                                                                        <\/p>\n","protected":false},"excerpt":{"rendered":"<p>ZAPATILLA WILSON RUSH PRO 5 CLAY<\/p>\n","protected":false},"featured_media":70206,"template":"","meta":[],"product_brand":[],"product_cat":[371],"product_tag":[57],"class_list":{"0":"post-70197","1":"product","2":"type-product","3":"status-publish","4":"has-post-thumbnail","6":"product_cat-padel_y_tenis_calzado","7":"product_tag-wilson","8":"pa_color-unico","9":"pa_talla-41-5","10":"pa_talla-153","11":"pa_talla-42-5","12":"pa_talla-43-5","13":"pa_talla-157","14":"pa_talla-44-5","15":"pa_talla-45-5","16":"pa_talla-161","17":"thunk-woo-product-list","18":"opn-qv-enable","19":"open-woo-hover-","20":"open-single-product-tab-horizontal","21":"open-shadow-","22":"open-shadow-hover-","24":"first","25":"instock","26":"sale","27":"shipping-taxable","28":"purchasable","29":"product-type-variable"},"jetpack_sharing_enabled":true,"_links":{"self":[{"href":"https:\/\/www.deporteseli.com\/index.php?rest_route=\/wp\/v2\/product\/70197","targetHints":{"allow":["GET"]}}],"collection":[{"href":"https:\/\/www.deporteseli.com\/index.php?rest_route=\/wp\/v2\/product"}],"about":[{"href":"https:\/\/www.deporteseli.com\/index.php?rest_route=\/wp\/v2\/types\/product"}],"wp:featuredmedia":[{"embeddable":true,"href":"https:\/\/www.deporteseli.com\/index.php?rest_route=\/wp\/v2\/media\/70206"}],"wp:attachment":[{"href":"https:\/\/www.deporteseli.com\/index.php?rest_route=%2Fwp%2Fv2%2Fmedia&parent=70197"}],"wp:term":[{"taxonomy":"product_brand","embeddable":true,"href":"https:\/\/www.deporteseli.com\/index.php?rest_route=%2Fwp%2Fv2%2Fproduct_brand&post=70197"},{"taxonomy":"product_cat","embeddable":true,"href":"https:\/\/www.deporteseli.com\/index.php?rest_route=%2Fwp%2Fv2%2Fproduct_cat&post=70197"},{"taxonomy":"product_tag","embeddable":true,"href":"https:\/\/www.deporteseli.com\/index.php?rest_route=%2Fwp%2Fv2%2Fproduct_tag&post=70197"}],"curies":[{"name":"wp","href":"https:\/\/api.w.org\/{rel}","templated":true}]}}