{"id":70190,"date":"2026-03-09T16:23:52","date_gmt":"2026-03-09T16:23:52","guid":{"rendered":"https:\/\/www.deporteseli.com\/?product=paletero-wilson-defy-v1-padel"},"modified":"2026-04-18T04:20:36","modified_gmt":"2026-04-18T04:20:36","slug":"paletero-wilson-defy-v1-padel","status":"publish","type":"product","link":"https:\/\/www.deporteseli.com\/?product=paletero-wilson-defy-v1-padel","title":{"rendered":"PALETERO WILSON DEFY V1 PADEL"},"content":{"rendered":"<p>Paletero Wilson Defy V1 Padel Black\/Gold  El Paletero Wilson Defy V1 Padel Black\/Gold est\u00e1 dise\u00f1ado para aquellos apasionados del p\u00e1del que entrenan y compiten con frecuencia, y requieren una soluci\u00f3n confiable para transportar su equipo. Su dise\u00f1o espacioso permite organizar todo lo necesario de manera eficiente.    Confeccionado en poli\u00e9ster de alta resistencia, este paletero garantiza una durabilidad excepcional, soportando el uso intensivo sin perder su forma ni funcionalidad. La tecnolog\u00eda Thermoguard protege tus palas de las variaciones de temperatura, asegurando su \u00f3ptimo rendimiento.    Cuenta con amplios compartimentos principales para palas, ropa t\u00e9cnica y accesorios, adem\u00e1s de un bolsillo independiente y ventilado para zapatillas, que mantiene el calzado separado y ayuda a minimizar la humedad y los olores.    Caracter\u00edsticas destacadas  Poli\u00e9ster de alta calidad y resistencia  Amplios compartimentos principales bien organizados  Tecnolog\u00eda Thermoguard para protecci\u00f3n t\u00e9rmica de las palas  Compartimento independiente y ventilado para Zapatillas  Correas acolchadas y ajustables tipo Mochila  Asa superior reforzada para transporte manual  Dise\u00f1o moderno en negro con detalles dorados para un acabado Premium                                                                                                                                                                                                                                                                                                                                                                                                                                                                                                                                                                                                                                                                                                                                                                                                                                                                                                                                                                                                                                        <\/p>\n","protected":false},"excerpt":{"rendered":"<p>PALETERO WILSON DEFY V1 PADEL<\/p>\n","protected":false},"featured_media":70192,"template":"","meta":[],"product_brand":[],"product_cat":[354],"product_tag":[57],"class_list":{"0":"post-70190","1":"product","2":"type-product","3":"status-publish","4":"has-post-thumbnail","6":"product_cat-padel_y_tenis_paleteros","7":"product_tag-wilson","8":"pa_color-unico","9":"pa_talla-unica","10":"thunk-woo-product-list","11":"opn-qv-enable","12":"open-woo-hover-","13":"open-single-product-tab-horizontal","14":"open-shadow-","15":"open-shadow-hover-","17":"first","18":"instock","19":"sale","20":"shipping-taxable","21":"purchasable","22":"product-type-variable"},"jetpack_sharing_enabled":true,"_links":{"self":[{"href":"https:\/\/www.deporteseli.com\/index.php?rest_route=\/wp\/v2\/product\/70190","targetHints":{"allow":["GET"]}}],"collection":[{"href":"https:\/\/www.deporteseli.com\/index.php?rest_route=\/wp\/v2\/product"}],"about":[{"href":"https:\/\/www.deporteseli.com\/index.php?rest_route=\/wp\/v2\/types\/product"}],"wp:featuredmedia":[{"embeddable":true,"href":"https:\/\/www.deporteseli.com\/index.php?rest_route=\/wp\/v2\/media\/70192"}],"wp:attachment":[{"href":"https:\/\/www.deporteseli.com\/index.php?rest_route=%2Fwp%2Fv2%2Fmedia&parent=70190"}],"wp:term":[{"taxonomy":"product_brand","embeddable":true,"href":"https:\/\/www.deporteseli.com\/index.php?rest_route=%2Fwp%2Fv2%2Fproduct_brand&post=70190"},{"taxonomy":"product_cat","embeddable":true,"href":"https:\/\/www.deporteseli.com\/index.php?rest_route=%2Fwp%2Fv2%2Fproduct_cat&post=70190"},{"taxonomy":"product_tag","embeddable":true,"href":"https:\/\/www.deporteseli.com\/index.php?rest_route=%2Fwp%2Fv2%2Fproduct_tag&post=70190"}],"curies":[{"name":"wp","href":"https:\/\/api.w.org\/{rel}","templated":true}]}}