{"id":70184,"date":"2026-03-09T16:23:22","date_gmt":"2026-03-09T16:23:22","guid":{"rendered":"https:\/\/www.deporteseli.com\/?product=mochila-wilson-wr8914101001"},"modified":"2026-04-18T04:20:35","modified_gmt":"2026-04-18T04:20:35","slug":"mochila-wilson-wr8914101001","status":"publish","type":"product","link":"https:\/\/www.deporteseli.com\/?product=mochila-wilson-wr8914101001","title":{"rendered":"MOCHILA WILSON WR8914101001"},"content":{"rendered":"<p>La Wilson Defy V1 combina dise\u00f1o elegante y funcionalidad avanzada para jugadores que buscan comodidad, protecci\u00f3n y estilo en cada desplazamiento.  Su acabado negro con detalles dorados aporta un toque premium, ideal tanto para entrenamientos como para competiciones.    Caracter\u00edsticas principales y tecnolog\u00edas    Doble compartimento principal, uno de ellos termoaislado, dise\u00f1ado para proteger hasta dos palas frente a cambios de temperatura.    Materiales resistentes y duraderos, pensados para un uso intensivo y prolongado.    Correas acolchadas ergon\u00f3micas y asa superior reforzada, que aseguran un transporte c\u00f3modo y seguro.    Correa trasera tipo carry-on, perfecta para fijarla a la maleta y viajar con total comodidad.    Dos bolsillos exteriores con cremallera, ideales para organizar accesorios y objetos personales.                                                                                                                                                                                                                                                                                                                                                                                                                                                                                                                                                                                                                                                                                                                                                                                                                                                                                                                                                                                                                                        <\/p>\n","protected":false},"excerpt":{"rendered":"<p>MOCHILA WILSON WR8914101001<\/p>\n","protected":false},"featured_media":70186,"template":"","meta":[],"product_brand":[],"product_cat":[355],"product_tag":[57],"class_list":{"0":"post-70184","1":"product","2":"type-product","3":"status-publish","4":"has-post-thumbnail","6":"product_cat-padel_y_tenis_mochilas","7":"product_tag-wilson","8":"pa_color-unico","9":"pa_talla-unica","10":"thunk-woo-product-list","11":"opn-qv-enable","12":"open-woo-hover-","13":"open-single-product-tab-horizontal","14":"open-shadow-","15":"open-shadow-hover-","17":"first","18":"instock","19":"sale","20":"shipping-taxable","21":"purchasable","22":"product-type-variable"},"jetpack_sharing_enabled":true,"_links":{"self":[{"href":"https:\/\/www.deporteseli.com\/index.php?rest_route=\/wp\/v2\/product\/70184","targetHints":{"allow":["GET"]}}],"collection":[{"href":"https:\/\/www.deporteseli.com\/index.php?rest_route=\/wp\/v2\/product"}],"about":[{"href":"https:\/\/www.deporteseli.com\/index.php?rest_route=\/wp\/v2\/types\/product"}],"wp:featuredmedia":[{"embeddable":true,"href":"https:\/\/www.deporteseli.com\/index.php?rest_route=\/wp\/v2\/media\/70186"}],"wp:attachment":[{"href":"https:\/\/www.deporteseli.com\/index.php?rest_route=%2Fwp%2Fv2%2Fmedia&parent=70184"}],"wp:term":[{"taxonomy":"product_brand","embeddable":true,"href":"https:\/\/www.deporteseli.com\/index.php?rest_route=%2Fwp%2Fv2%2Fproduct_brand&post=70184"},{"taxonomy":"product_cat","embeddable":true,"href":"https:\/\/www.deporteseli.com\/index.php?rest_route=%2Fwp%2Fv2%2Fproduct_cat&post=70184"},{"taxonomy":"product_tag","embeddable":true,"href":"https:\/\/www.deporteseli.com\/index.php?rest_route=%2Fwp%2Fv2%2Fproduct_tag&post=70184"}],"curies":[{"name":"wp","href":"https:\/\/api.w.org\/{rel}","templated":true}]}}