{"id":66136,"date":"2026-03-05T19:13:34","date_gmt":"2026-03-05T19:13:34","guid":{"rendered":"https:\/\/www.deporteseli.com\/?product=tenis-under-armour-6005795-102"},"modified":"2026-03-05T19:13:45","modified_gmt":"2026-03-05T19:13:45","slug":"tenis-under-armour-6005795-102","status":"publish","type":"product","link":"https:\/\/www.deporteseli.com\/?product=tenis-under-armour-6005795-102","title":{"rendered":"TENIS UNDER ARMOUR 6005795-102"},"content":{"rendered":"<p>Parte superior de cuero suave con capas superpuestas duraderas para un estilo de cancha cl\u00e1sico y limpio y comodidad durante todo el d\u00eda.  La entresuela de espuma c\u00f3moda proporciona una amortiguaci\u00f3n ligera.  Dise\u00f1o inspirado en el baloncesto con entresuela y suela exterior con suela de copa tradicional  Logotipo de leng\u00fceta tejido, logotipo de tal\u00f3n en relieve y logotipos laterales en relieve para una apariencia destacada.                                                                                                                                                                                                                                                                                                                                                                                                                                                                                                                                                                                                                                                                                                                                                                                                                                                                                                                                                                                                                                        <\/p>\n","protected":false},"excerpt":{"rendered":"<p>TENIS UNDER ARMOUR 6005795-102<\/p>\n","protected":false},"featured_media":66145,"template":"","meta":[],"product_brand":[],"product_cat":[261],"product_tag":[81],"class_list":{"0":"post-66136","1":"product","2":"type-product","3":"status-publish","4":"has-post-thumbnail","6":"product_cat-hombre_calzado_casual","7":"product_tag-under_armour","8":"pa_color-unico","9":"pa_talla-40-5","10":"pa_talla-151","11":"pa_talla-153","12":"pa_talla-42-5","13":"pa_talla-155","14":"pa_talla-157","15":"pa_talla-44-5","16":"pa_talla-159","17":"thunk-woo-product-list","18":"opn-qv-enable","19":"open-woo-hover-","20":"open-single-product-tab-horizontal","21":"open-shadow-","22":"open-shadow-hover-","24":"first","25":"instock","26":"shipping-taxable","27":"purchasable","28":"product-type-variable"},"jetpack_sharing_enabled":true,"_links":{"self":[{"href":"https:\/\/www.deporteseli.com\/index.php?rest_route=\/wp\/v2\/product\/66136","targetHints":{"allow":["GET"]}}],"collection":[{"href":"https:\/\/www.deporteseli.com\/index.php?rest_route=\/wp\/v2\/product"}],"about":[{"href":"https:\/\/www.deporteseli.com\/index.php?rest_route=\/wp\/v2\/types\/product"}],"wp:featuredmedia":[{"embeddable":true,"href":"https:\/\/www.deporteseli.com\/index.php?rest_route=\/wp\/v2\/media\/66145"}],"wp:attachment":[{"href":"https:\/\/www.deporteseli.com\/index.php?rest_route=%2Fwp%2Fv2%2Fmedia&parent=66136"}],"wp:term":[{"taxonomy":"product_brand","embeddable":true,"href":"https:\/\/www.deporteseli.com\/index.php?rest_route=%2Fwp%2Fv2%2Fproduct_brand&post=66136"},{"taxonomy":"product_cat","embeddable":true,"href":"https:\/\/www.deporteseli.com\/index.php?rest_route=%2Fwp%2Fv2%2Fproduct_cat&post=66136"},{"taxonomy":"product_tag","embeddable":true,"href":"https:\/\/www.deporteseli.com\/index.php?rest_route=%2Fwp%2Fv2%2Fproduct_tag&post=66136"}],"curies":[{"name":"wp","href":"https:\/\/api.w.org\/{rel}","templated":true}]}}