{"id":65870,"date":"2026-03-04T12:30:18","date_gmt":"2026-03-04T12:30:18","guid":{"rendered":"https:\/\/www.deporteseli.com\/?product=gorra-adidas-ke8255"},"modified":"2026-04-01T04:18:28","modified_gmt":"2026-04-01T04:18:28","slug":"gorra-adidas-ke8255","status":"publish","type":"product","link":"https:\/\/www.deporteseli.com\/?product=gorra-adidas-ke8255","title":{"rendered":"GORRA ADIDAS KE8255"},"content":{"rendered":"<p>Estilo y funcionalidad  Ya sea para ir al gimnasio o para salir a dar una vuelta, esta gorra adidas te ofrece todo lo que necesitas. Se ha confeccionado en un tejido ligero y transpirable que te permite entrenar sin distracciones. El cierre regulable en la nuca te garantiza un ajuste a medida para que solo te concentres en tus objetivos.    Este producto se ha fabricado con al menos un 50% de materiales reciclados. Utilizando materiales reciclados, reducimos los residuos, nuestra dependencia de los recursos finitos y la huella que generan los productos que fabricamos.  Talla \u00fanica  100% poli\u00e9ster (reciclado)  Visera curvada de tama\u00f1o medio  Color del art\u00edculo: Wonder Sage  N\u00famero de art\u00edculo: KE8255                                                                                                                                                                                                                                                                                                                                                                                                                                                                                                                                                                                                                                                                                                                                                                                                                                                                                                                                                                                                                                        <\/p>\n","protected":false},"excerpt":{"rendered":"<p>GORRA ADIDAS KE8255<\/p>\n","protected":false},"featured_media":65876,"template":"","meta":[],"product_brand":[],"product_cat":[399],"product_tag":[18],"class_list":{"0":"post-65870","1":"product","2":"type-product","3":"status-publish","4":"has-post-thumbnail","6":"product_cat-accesorios_gorras","7":"product_tag-adidas","8":"pa_color-unico","9":"pa_talla-l","10":"pa_talla-m","11":"pa_talla-s","12":"pa_talla-xl","13":"pa_talla-xs","14":"thunk-woo-product-list","15":"opn-qv-enable","16":"open-woo-hover-","17":"open-single-product-tab-horizontal","18":"open-shadow-","19":"open-shadow-hover-","21":"first","22":"instock","23":"shipping-taxable","24":"purchasable","25":"product-type-variable"},"jetpack_sharing_enabled":true,"_links":{"self":[{"href":"https:\/\/www.deporteseli.com\/index.php?rest_route=\/wp\/v2\/product\/65870","targetHints":{"allow":["GET"]}}],"collection":[{"href":"https:\/\/www.deporteseli.com\/index.php?rest_route=\/wp\/v2\/product"}],"about":[{"href":"https:\/\/www.deporteseli.com\/index.php?rest_route=\/wp\/v2\/types\/product"}],"wp:featuredmedia":[{"embeddable":true,"href":"https:\/\/www.deporteseli.com\/index.php?rest_route=\/wp\/v2\/media\/65876"}],"wp:attachment":[{"href":"https:\/\/www.deporteseli.com\/index.php?rest_route=%2Fwp%2Fv2%2Fmedia&parent=65870"}],"wp:term":[{"taxonomy":"product_brand","embeddable":true,"href":"https:\/\/www.deporteseli.com\/index.php?rest_route=%2Fwp%2Fv2%2Fproduct_brand&post=65870"},{"taxonomy":"product_cat","embeddable":true,"href":"https:\/\/www.deporteseli.com\/index.php?rest_route=%2Fwp%2Fv2%2Fproduct_cat&post=65870"},{"taxonomy":"product_tag","embeddable":true,"href":"https:\/\/www.deporteseli.com\/index.php?rest_route=%2Fwp%2Fv2%2Fproduct_tag&post=65870"}],"curies":[{"name":"wp","href":"https:\/\/api.w.org\/{rel}","templated":true}]}}